000
CXUS51 KRLX 011718
CF6HTS
PRELIMINARY LOCAL CLIMATOLOGICAL DATA (WS FORM: F-6)
STATION: HUNTINGTON WV
MONTH: NOVEMBER
YEAR: 2023
LATITUDE: 38 22 N
LONGITUDE: 82 33 W
TEMPERATURE IN F: :PCPN: SNOW: WIND :SUNSHINE: SKY :PK WND
================================================================================
1 2 3 4 5 6A 6B 7 8 9 10 11 12 13 14 15 16 17 18
12Z AVG MX 2MIN
DY MAX MIN AVG DEP HDD CDD WTR SNW DPTH SPD SPD DIR MIN PSBL S-S WX SPD DR
================================================================================
1 48 29 39 -13 26 0 0.00 0.0 0 4.9 13 300 M M 3 19 290
2 54 25 40 -11 25 0 0.00 0.0 0 3.7 13 180 M M 0 16 220
3 64 30 47 -4 18 0 0.00 0.0 0 3.5 14 200 M M 0 18 220
4 71 37 54 4 11 0 0.00 0.0 0 5.4 14 220 M M 0 21 220
5 68 45 57 7 8 0 0.00 0.0 0 3.6 9 350 M M 1 14 340
6 73 34 54 4 11 0 0.00 0.0 0 5.5 16 220 M M 0 8 24 210
7 72 56 64 15 1 0 0.00 0.0 0 5.3 13 260 M M 6 19 270
8 80 47 64 15 1 0 0.00 0.0 0 5.9 16 170 M M 1 18 22 180
9 73 52 63 14 2 0 T 0.0 0 7.2 18 330 M M 5 8 28 320
10 56 41 49 1 16 0 0.31 0.0 0 3.5 8 240 M M 6 1 13 130
11 57 36 47 -1 18 0 0.00 0.0 0 1.7 7 40 M M 0 1 10 70
12 60 38 49 1 16 0 0.00 0.0 0 3.8 10 40 M M 0 14 60
13 66 31 49 2 16 0 0.00 0.0 0 3.8 14 240 M M 0 17 240
14 60 32 46 -1 19 0 0.00 0.0 0 1.8 9 130 M M 0 12 140
15 71 36 54 7 11 0 0.00 0.0 0 2.9 12 190 M M 0 18 270
16 73 36 55 9 10 0 0.00 0.0 0 2.6 9 160 M M 0 12 160
17 71 49 60 14 5 0 0.37 0.0 0 7.1 18 230 M M 8 1 25 210
18 57 35 46 0 19 0 0.00 0.0 0 5.1 15 40 M M 4 8 23 320
19 59 29 44 -1 21 0 0.00 0.0 0 1.7 7 80 M M 0 8 90
20 56 36 46 1 19 0 T 0.0 0 5.5 9 130 M M 4 13 130
21 57 48 53 8 12 0 0.55 0.0 0 6.1 14 250 M M 9 1 20 140
22 50 40 45 1 20 0 T 0.0 0 5.9 14 270 M M 10 1 21 260
23 51 35 43 -1 22 0 0.00 0.0 0 4.1 13 240 M M 3 1 17 240
24 50 31 41 -3 24 0 0.00 0.0 0 4.9 15 20 M M 4 12 19 20
25 50 30 40 -4 25 0 0.00 0.0 0 4.1 14 40 M M 0 19 30
26 53 31 42 -1 23 0 0.09 0.0 0 6.0 17 280 M M 5 1 27 270
27 45 33 39 -4 26 0 T 0.0 0 9.5 20 260 M M 9 28 270
28 34 18 26 -17 39 0 0.00 0.0 0 7.2 20 280 M M 4 27 280
29 50 15 33 -9 32 0 0.00 0.0 0 5.4 15 220 M M 0 23 240
30 61 35 48 6 17 0 0.00 0.0 0 7.0 16 220 M M 0 23 190
================================================================================
SM 1790 1070 513 0 1.32 0.0 144.7 M 82
================================================================================
AV 59.7 35.7 4.8 FASTST M M 3 MAX(MPH)
MISC ----> # 20 260 # 28 320
================================================================================
NOTES:
# LAST OF SEVERAL OCCURRENCES
COLUMN 17 PEAK WIND IN M.P.H.
PRELIMINARY LOCAL CLIMATOLOGICAL DATA (WS FORM: F-6) , PAGE 2
STATION: HUNTINGTON WV
MONTH: NOVEMBER
YEAR: 2023
LATITUDE: 38 22 N
LONGITUDE: 82 33 W
[TEMPERATURE DATA] [PRECIPITATION DATA] SYMBOLS USED IN COLUMN 16
AVERAGE MONTHLY: 47.7 TOTAL FOR MONTH: 1.32 1 = FOG OR MIST
DPTR FM NORMAL: 1.1 DPTR FM NORMAL: -1.75 2 = FOG REDUCING VISIBILITY
HIGHEST: 80 ON 8 GRTST 24HR 0.55 ON 21-21 TO 1/4 MILE OR LESS
LOWEST: 15 ON 29 3 = THUNDER
SNOW, ICE PELLETS, HAIL 4 = ICE PELLETS
TOTAL MONTH: 0.0 INCH 5 = HAIL
GRTST 24HR 0.0 6 = FREEZING RAIN OR DRIZZLE
GRTST DEPTH: 0 7 = DUSTSTORM OR SANDSTORM:
VSBY 1/2 MILE OR LESS
8 = SMOKE OR HAZE
[NO. OF DAYS WITH] [WEATHER - DAYS WITH] 9 = BLOWING SNOW
X = TORNADO
MAX 32 OR BELOW: 0 0.01 INCH OR MORE: 4
MAX 90 OR ABOVE: 0 0.10 INCH OR MORE: 3
MIN 32 OR BELOW: 11 0.50 INCH OR MORE: 1
MIN 0 OR BELOW: 0 1.00 INCH OR MORE: 0
[HDD (BASE 65) ]
TOTAL THIS MO. 513 CLEAR (SCALE 0-3) 18
DPTR FM NORMAL -41 PTCLDY (SCALE 4-7) 9
TOTAL FM JUL 1 724 CLOUDY (SCALE 8-10) 3
DPTR FM NORMAL -137
[CDD (BASE 65) ]
TOTAL THIS MO. 0
DPTR FM NORMAL -2 [PRESSURE DATA]
TOTAL FM JAN 1 1121 HIGHEST SLP 30.51 ON 2
DPTR FM NORMAL -113 LOWEST SLP 29.77 ON 8
[REMARKS]
#FINAL-11-23#