000
CXUS53 KIND 010600
CF6HUF
PRELIMINARY LOCAL CLIMATOLOGICAL DATA (WS FORM: F-6)
STATION: TERRE HAUTE IN
MONTH: MAY
YEAR: 2022
LATITUDE: 39 27 N
LONGITUDE: 87 18 W
TEMPERATURE IN F: :PCPN: SNOW: WIND :SUNSHINE: SKY :PK WND
================================================================================
1 2 3 4 5 6A 6B 7 8 9 10 11 12 13 14 15 16 17 18
12Z AVG MX 2MIN
DY MAX MIN AVG DEP HDD CDD WTR SNW DPTH SPD SPD DIR MIN PSBL S-S WX SPD DR
================================================================================
1 66 46 56 -3 9 0 0.00 M M 7.8 21 250 M M 6 30 270
2 69 42 56 -4 9 0 0.02 M M 4.2 12 250 M M 1 1 16 200
3 75 51 63 3 2 0 1.17 M M 12.1 25 260 M M 9 13 38 210
4 61 49 55 -5 10 0 0.00 M M 5.5 13 350 M M 10 1 19 360
5 58 54 56 -4 9 0 0.27 M M 6.7 16 60 M M 8 1 24 60
6 68 55 62 1 3 0 0.06 M M 5.8 20 30 M M 10 12 26 30
7 69 48 59 -2 6 0 T M M 11.0 20 30 M M 4 29 10
8 72 44 58 -3 7 0 0.00 M M 8.7 20 130 M M 0 26 140
9 79 54 67 5 0 2 0.00 M M 13.8 24 160 M M 4 8 34 170
10 88 67 78 16 0 13 0.00 M M 9.2 16 180 M M 5 23 170
11 90 71 81 19 0 16 0.00 M M 4.9 10 140 M M 4 8 15 100
12 88 62 75 12 0 10 0.00 M M 5.9 14 160 M M 0 18 150
13 88 57 73 10 0 8 0.00 M M 4.7 13 180 M M 0 22 210
14 88 61 75 12 0 10 0.67 M M 5.4 26 40 M M 1 13 37 40
15 86 54 70 6 0 5 0.80 M M 6.2 25 300 M M 4 123 33 310
16 78 52 65 1 0 0 T M M 6.4 18 290 M M 2 1 28 330
17 85 54 70 6 0 5 0.00 M M 4.1 15 260 M M 1 21 250
18 69 60 65 0 0 0 0.35 M M 4.6 15 200 M M 6 1 27 220
19 83 56 70 5 0 5 0.15 M M 6.5 24 220 M M 4 1238 35 210
20 88 66 77 12 0 12 T M M 14.7 26 190 M M 2 40 190
21 79 63 71 5 0 6 0.52 M M 8.5 25 100 M M 5 138 35 300
22 65 54 60 -6 5 0 0.00 M M 7.9 16 350 M M 6 1 26 340
23 69 48 59 -7 6 0 0.00 M M 8.0 20 80 M M 1 30 100
24 76 50 63 -4 2 0 0.00 M M 9.6 16 70 M M 1 23 70
25 84 64 74 7 0 9 0.44 M M 13.3 22 170 M M 7 1 35 140
26 76 61 69 2 0 4 0.74 M M 8.8 21 190 M M 9 13 30 190
27 69 58 64 -4 1 0 0.17 M M 6.5 17 300 M M 9 1 26 330
28 74 53 64 -4 1 0 0.00 M M 4.5 13 200 M M 4 1 21 200
29 82 61 72 4 0 7 0.00 M M 10.3 20 170 M M 0 29 170
30 88 67 78 9 0 13 0.00 M M 12.0 24 200 M M 1 33 190
31 90 70 80 11 0 15 0.00 M M 9.1 20 200 M M 1 28 210
================================================================================
SM 2400 1752 70 140 5.36 M 246.7 M 125
================================================================================
AV 77.4 56.5 8.0 FASTST M M 4 MAX(MPH)
MISC ----> # 26 40 40 190
================================================================================
NOTES:
# LAST OF SEVERAL OCCURRENCES
COLUMN 17 PEAK WIND IN M.P.H.
PRELIMINARY LOCAL CLIMATOLOGICAL DATA (WS FORM: F-6) , PAGE 2
STATION: TERRE HAUTE IN
MONTH: MAY
YEAR: 2022
LATITUDE: 39 27 N
LONGITUDE: 87 18 W
[TEMPERATURE DATA] [PRECIPITATION DATA] SYMBOLS USED IN COLUMN 16
AVERAGE MONTHLY: 67.0 TOTAL FOR MONTH: 5.36 1 = FOG OR MIST
DPTR FM NORMAL: 3.0 DPTR FM NORMAL: 0.65 2 = FOG REDUCING VISIBILITY
HIGHEST: 90 ON 31,11 GRTST 24HR 1.19 ON 2- 3 TO 1/4 MILE OR LESS
LOWEST: 42 ON 2 3 = THUNDER
SNOW, ICE PELLETS, HAIL 4 = ICE PELLETS
TOTAL MONTH: M 5 = HAIL
GRTST 24HR M ON M 6 = FREEZING RAIN OR DRIZZLE
GRTST DEPTH: M ON M 7 = DUSTSTORM OR SANDSTORM:
VSBY 1/2 MILE OR LESS
8 = SMOKE OR HAZE
[NO. OF DAYS WITH] [WEATHER - DAYS WITH] 9 = BLOWING SNOW
X = TORNADO
MAX 32 OR BELOW: 0 0.01 INCH OR MORE: 12
MAX 90 OR ABOVE: 2 0.10 INCH OR MORE: 10
MIN 32 OR BELOW: 0 0.50 INCH OR MORE: 5
MIN 0 OR BELOW: 0 1.00 INCH OR MORE: 1
[HDD (BASE 65) ]
TOTAL THIS MO. 70 CLEAR (SCALE 0-3) 13
DPTR FM NORMAL -52 PTCLDY (SCALE 4-7) 13
TOTAL FM JUL 1 4813 CLOUDY (SCALE 8-10) 5
DPTR FM NORMAL -411
[CDD (BASE 65) ]
TOTAL THIS MO. 140
DPTR FM NORMAL 49 [PRESSURE DATA]
TOTAL FM JAN 1 163 HIGHEST SLP M ON M
DPTR FM NORMAL 55 LOWEST SLP 29.52 ON 19
[REMARKS]
#FINAL-05-22#