000
CXUS53 KUNR 010930
CF6ICR
PRELIMINARY LOCAL CLIMATOLOGICAL DATA (WS FORM: F-6)
STATION: WINNER REGIONAL AIRPORT SD
MONTH: AUGUST
YEAR: 2021
LATITUDE: 43 23 N
LONGITUDE: 99 50 W
TEMPERATURE IN F: :PCPN: SNOW: WIND :SUNSHINE: SKY :PK WND
================================================================================
1 2 3 4 5 6A 6B 7 8 9 10 11 12 13 14 15 16 17 18
12Z AVG MX 2MIN
DY MAX MIN AVG DEP HDD CDD WTR SNW DPTH SPD SPD DIR MIN PSBL S-S WX SPD DR
================================================================================
1 88 54 71 -6 0 6 0.00 M M 4.6 14 50 M M 0 8 18 360
2 89 60 75 -2 0 10 0.00 M M 10.5 17 140 M M 1 8 23 140
3 90 59 75 -2 0 10 0.00 M M 13.1 21 140 M M 0 18 31 120
4 82 64 73 -4 0 8 0.00 M M 7.5 17 150 M M 1 25 130
5 99 63 81 4 0 16 0.00 M M 6.1 16 190 M M 0 20 190
6 94 64 79 2 0 14 0.37 M M 10.3 44 270 M M 0 13 64 230
7 91 62 77 0 0 12 0.00 M M 2.9 13 140 M M 0 123 15 150
8 98 62 80 4 0 15 0.00 M M 6.6 16 140 M M 0 21 150
9 92 66 79 3 0 14 0.00 M M 9.4 18 310 M M 0 26 300
10 93 58 76 0 0 11 0.00 M M 7.7 20 160 M M 0 28 170
11 95 61 78 2 0 13 0.00 M M 9.3 21 190 M M 0 30 170
12 84 60 72 -4 0 7 0.00 M M 10.6 22 10 M M 0 28 20
13 88 53 71 -5 0 6 0.00 M M 5.7 17 150 M M 1 23 140
14 96 66 81 6 0 16 0.00 M M 17.7 26 190 M M 0 36 170
15 98 69 84 9 0 19 0.00 M M 19.3 28 200 M M 0 38 190
16 101 71 86 11 0 21 0.00 M M 18.2 26 180 M M 0 34 190
17 99 74 87 12 0 22 0.00 M M 19.8 28 170 M M 0 36 200
18 97 72 85 10 0 20 0.00 M M 18.9 28 150 M M 0 37 140
19 95 67 81 7 0 16 0.07 M M 12.1 25 150 M M 2 38 35 140
20 84 60 72 -2 0 7 0.45 M M 13.4 28 260 M M 3 13 36 260
21 78 53 66 -8 0 1 0.00 M M 9.3 17 320 M M 1 23 300
22 94 61 78 4 0 13 0.05 M M 14.3 30 170 M M 1 42 170
23 96 55 76 2 0 11 0.00 M M 8.6 21 120 M M 0 29 120
24 99 65 82 9 0 17 0.00 M M 11.9 22 350 M M 0 29 360
25 78 61 70 -3 0 5 0.25 M M 9.0 20 340 M M 2 3 26 70
26 89 63 76 3 0 11 0.00 M M 12.4 24 120 M M 3 1 33 120
27 92 66 79 6 0 14 0.03 M M 10.6 20 120 M M 2 13 26 50
28 90 58 74 2 0 9 0.01 M M 9.7 25 330 M M 3 138 44 210
29 85 53 69 -3 0 4 0.00 M M 6.9 13 270 M M 1 17 270
30 84 64 74 2 0 9 0.17 M M 13.5 25 20 M M 4 13 34 30
31 81 58 70 -2 0 5 0.27 M M 12.4 31 90 M M 1 13 42 70
================================================================================
SM 2819 1922 0 362 1.67 M 342.3 M 26
================================================================================
AV 90.9 62.0 11.0 FASTST M M 1 MAX(MPH)
MISC ----> 44 270 64 230
================================================================================
NOTES:
# LAST OF SEVERAL OCCURRENCES
COLUMN 17 PEAK WIND IN M.P.H.
PRELIMINARY LOCAL CLIMATOLOGICAL DATA (WS FORM: F-6) , PAGE 2
STATION: WINNER REGIONAL AIRPORT SD
MONTH: AUGUST
YEAR: 2021
LATITUDE: 43 23 N
LONGITUDE: 99 50 W
[TEMPERATURE DATA] [PRECIPITATION DATA] SYMBOLS USED IN COLUMN 16
AVERAGE MONTHLY: 76.5 TOTAL FOR MONTH: 1.67 1 = FOG OR MIST
DPTR FM NORMAL: 1.6 DPTR FM NORMAL: -0.86 2 = FOG REDUCING VISIBILITY
HIGHEST: 101 ON 16 GRTST 24HR 0.52 ON 19-20 TO 1/4 MILE OR LESS
LOWEST: 53 ON 29,21 3 = THUNDER
SNOW, ICE PELLETS, HAIL 4 = ICE PELLETS
TOTAL MONTH: M 5 = HAIL
GRTST 24HR M ON M 6 = FREEZING RAIN OR DRIZZLE
GRTST DEPTH: M ON M 7 = DUSTSTORM OR SANDSTORM:
VSBY 1/2 MILE OR LESS
8 = SMOKE OR HAZE
[NO. OF DAYS WITH] [WEATHER - DAYS WITH] 9 = BLOWING SNOW
X = TORNADO
MAX 32 OR BELOW: 0 0.01 INCH OR MORE: 9
MAX 90 OR ABOVE: 19 0.10 INCH OR MORE: 5
MIN 32 OR BELOW: 0 0.50 INCH OR MORE: 0
MIN 0 OR BELOW: 0 1.00 INCH OR MORE: 0
[HDD (BASE 65) ]
TOTAL THIS MO. 0 CLEAR (SCALE 0-3) 29
DPTR FM NORMAL -7 PTCLDY (SCALE 4-7) 2
TOTAL FM JUL 1 0 CLOUDY (SCALE 8-10) 0
DPTR FM NORMAL -7
[CDD (BASE 65) ]
TOTAL THIS MO. 362
DPTR FM NORMAL 50 [PRESSURE DATA]
TOTAL FM JAN 1 1129 HIGHEST SLP 30.29 ON 1
DPTR FM NORMAL 214 LOWEST SLP 29.63 ON 24
[REMARKS]
#FINAL-08-21#