000
CXUS55 KPIH 012309
CF6IDA
PRELIMINARY LOCAL CLIMATOLOGICAL DATA (WS FORM: F-6)
STATION: IDAHO FALLS
MONTH: FEBRUARY
YEAR: 2024
LATITUDE: 43 31 N
LONGITUDE: 112 4 W
TEMPERATURE IN F: :PCPN: SNOW: WIND :SUNSHINE: SKY :PK WND
================================================================================
1 2 3 4 5 6A 6B 7 8 9 10 11 12 13 14 15 16 17 18
12Z AVG MX 2MIN
DY MAX MIN AVG DEP HDD CDD WTR SNW DPTH SPD SPD DIR MIN PSBL S-S WX SPD DR
================================================================================
1 47 29 38 16 27 0 0.01 M M 4.1 12 200 M M 5 15 200
2 42 34 38 16 27 0 0.16 M M 7.8 18 210 M M 10 1 27 190
3 36 32 34 12 31 0 0.05 M M 17.0 22 210 M M 10 1 29 210
4 39 28 34 12 31 0 T M M 12.2 24 210 M M 7 18 29 210
5 42 31 37 15 28 0 0.25 M M 5.5 24 160 M M 10 1 31 160
6 41 34 38 15 27 0 0.14 M M 4.0 9 70 M M 10 1 13 350
7 38 33 36 13 29 0 0.11 M M 12.7 22 210 M M 10 1 27 220
8 38 30 34 11 31 0 0.00 M M 14.4 23 220 M M 6 30 220
9 35 22 29 6 36 0 0.01 M M 7.3 18 220 M M 10 128 23 220
10 33 17 25 2 40 0 0.00 M M 5.3 16 200 M M 7 1 20 210
11 34 23 29 5 36 0 0.00 M M 6.5 15 210 M M 7 21 210
12 40 24 32 8 33 0 0.00 M M 4.8 17 220 M M 6 23 220
13 38 27 33 9 32 0 T M M 4.0 9 340 M M 10 18 12 350
14 40 30 35 11 30 0 0.07 M M 6.7 17 200 M M 9 1 25 200
15 44 34 39 14 26 0 0.23 M M 15.9 24 210 M M 7 1 33 240
16 36 19 28 3 37 0 0.03 M M 16.4 25 220 M M 6 18 33 220
17 36 15 26 1 39 0 0.00 M M 6.4 13 20 M M 0 17 20
18 34 24 29 3 36 0 0.04 M M 4.7 15 210 M M 9 1 18 220
19 41 24 33 7 32 0 0.07 M M 4.2 14 200 M M 6 1 17 210
20 47 30 39 13 26 0 0.00 M M 5.0 16 230 M M 5 12 22 240
21 42 30 36 9 29 0 0.00 M M 6.8 15 210 M M 2 18 220
22 42 30 36 9 29 0 0.00 M M 7.7 16 210 M M 7 20 200
23 46 25 36 9 29 0 0.00 M M 5.3 14 230 M M 2 1 22 240
24 51 29 40 12 25 0 0.00 M M 11.5 26 220 M M 0 33 210
25 54 31 43 15 22 0 0.00 M M 14.7 32 220 M M 1 44 220
26 45 29 37 8 28 0 0.01 M M 21.7 39 230 M M 8 16 59 250
27 34 22 28 -1 37 0 0.01 M M 15.0 24 260 M M 4 32 230
28 41 25 33 3 32 0 0.00 M M 9.3 22 210 M M 7 27 210
29 52 24 38 8 27 0 T M M 9.5 26 220 M M 5 35 230
================================================================================
SM 1188 785 892 0 1.19 M 266.4 M 186
================================================================================
AV 41.0 27.1 9.2 FASTST M M 6 MAX(MPH)
MISC ----> 39 230 59 250
================================================================================
NOTES:
# LAST OF SEVERAL OCCURRENCES
COLUMN 17 PEAK WIND IN M.P.H.
PRELIMINARY LOCAL CLIMATOLOGICAL DATA (WS FORM: F-6) , PAGE 2
STATION: IDAHO FALLS
MONTH: FEBRUARY
YEAR: 2024
LATITUDE: 43 31 N
LONGITUDE: 112 4 W
[TEMPERATURE DATA] [PRECIPITATION DATA] SYMBOLS USED IN COLUMN 16
AVERAGE MONTHLY: 34.0 TOTAL FOR MONTH: 1.19 1 = FOG OR MIST
DPTR FM NORMAL: 9.1 DPTR FM NORMAL: 0.63 2 = FOG REDUCING VISIBILITY
HIGHEST: 54 ON 25 GRTST 24HR 0.30 ON 14-15 TO 1/4 MILE OR LESS
LOWEST: 15 ON 17 3 = THUNDER
SNOW, ICE PELLETS, HAIL 4 = ICE PELLETS
TOTAL MONTH: M 5 = HAIL
GRTST 24HR M ON M 6 = FREEZING RAIN OR DRIZZLE
GRTST DEPTH: M ON M 7 = DUSTSTORM OR SANDSTORM:
VSBY 1/2 MILE OR LESS
8 = SMOKE OR HAZE
[NO. OF DAYS WITH] [WEATHER - DAYS WITH] 9 = BLOWING SNOW
X = TORNADO
MAX 32 OR BELOW: 0 0.01 INCH OR MORE: 14
MAX 90 OR ABOVE: 0 0.10 INCH OR MORE: 5
MIN 32 OR BELOW: 25 0.50 INCH OR MORE: 0
MIN 0 OR BELOW: 0 1.00 INCH OR MORE: 0
[HDD (BASE 65) ]
TOTAL THIS MO. 892 CLEAR (SCALE 0-3) 5
DPTR FM NORMAL -229 PTCLDY (SCALE 4-7) 14
TOTAL FM JUL 1 4793 CLOUDY (SCALE 8-10) 10
DPTR FM NORMAL -1020
[CDD (BASE 65) ]
TOTAL THIS MO. 0
DPTR FM NORMAL 0 [PRESSURE DATA]
TOTAL FM JAN 1 0 HIGHEST SLP 30.51 ON 17
DPTR FM NORMAL 0 LOWEST SLP 29.48 ON 7
[REMARKS]
5TH: A RECORD RAINFALL OF 0.25 INCHES WAS SET AT IDAHO FALLS ID YESTERDAY.
THIS BREAKS THE OLD RECORD OF 0.15 INCHES SET IN 1978.
#FINAL-02-24#