000
CXUS54 KFWD 010830
CF6ILE
PRELIMINARY LOCAL CLIMATOLOGICAL DATA (WS FORM: F-6)
STATION: KILLEEN SKYLARK
MONTH: JANUARY
YEAR: 2022
LATITUDE: 31 4 N
LONGITUDE: 97 41 W
TEMPERATURE IN F: :PCPN: SNOW: WIND :SUNSHINE: SKY :PK WND
================================================================================
1 2 3 4 5 6A 6B 7 8 9 10 11 12 13 14 15 16 17 18
12Z AVG MX 2MIN
DY MAX MIN AVG DEP HDD CDD WTR SNW DPTH SPD SPD DIR MIN PSBL S-S WX SPD DR
================================================================================
1 80 30 55 8 10 0 0.00 M M 11.5 25 360 M M 4 33 350
2 44 21 33 -14 32 0 0.00 M M 14.4 24 320 M M 2 35 330
3 57 21 39 -8 26 0 0.00 M M 5.5 10 160 M M 0 M M
4 67 30 49 2 16 0 0.00 M M 10.3 20 190 M M 0 30 190
5 66 37 52 5 13 0 0.00 M M 5.1 9 350 M M 0 M M
6 47 28 38 -9 27 0 0.00 M M 9.7 20 360 M M 0 25 360
7 43 24 34 -13 31 0 T M M 5.5 9 140 M M 6 1 M M
8 65 39 52 5 13 0 0.02 M M 6.5 17 160 M M 10 1 18 210
9 58 45 52 5 13 0 0.00 M M 12.6 22 340 M M 6 26 350
10 56 34 45 -2 20 0 0.00 M M 10.3 15 20 M M 1 8 22 360
11 47 33 40 -7 25 0 0.13 M M 2.4 6 250 M M 5 8 M M
12 63 38 51 4 14 0 0.00 M M 3.1 9 210 M M 3 M M
13 75 34 55 8 10 0 0.00 M M 3.4 8 260 M M 0 M M
14 78 39 59 12 6 0 0.00 M M 8.0 20 190 M M 0 33 320
15 64 36 50 3 15 0 0.00 M M 20.6 26 320 M M 0 40 320
16 60 31 46 -1 19 0 0.00 M M 6.4 14 330 M M 0 20 330
17 67 29 48 1 17 0 0.00 M M 6.0 12 150 M M 0 16 160
18 73 43 58 11 7 0 0.00 M M 13.4 22 190 M M 0 32 180
19 79 38 59 12 6 0 0.00 M M 10.8 21 340 M M 1 1 36 360
20 39 28 34 -14 31 0 0.00 M M 16.1 21 350 M M 9 33 350
21 47 22 35 -13 30 0 0.00 M M 6.3 14 350 M M 1 20 350
22 53 24 39 -9 26 0 0.00 M M 3.4 9 60 M M 0 M M
23 62 37 50 2 15 0 0.00 M M 4.5 7 230 M M 0 8 M M
24 54 42 48 0 17 0 0.32 M M 5.0 12 240 M M 0 12 M M
25 53 41 47 -1 18 0 0.00 M M 5.8 10 30 M M 1 1 M M
26 52 32 42 -6 23 0 T M M 6.0 9 90 M M 0 1 M M
27 61 42 52 4 13 0 0.00 M M 3.8 13 40 M M 0 M M
28 58 33 46 -2 19 0 0.00 M M 9.3 15 320 M M 0 22 360
29 65 31 48 0 17 0 0.00 M M 5.9 13 260 M M 0 20 260
30 70 32 51 3 14 0 0.00 M M 7.0 14 170 M M 0 18 170
31 60 43 52 4 13 0 0.56 M M 4.8 16 150 M M 1 1 M M
================================================================================
SM 1863 1037 556 0 1.03 M 243.5 M 50
================================================================================
AV 60.1 33.5 7.9 FASTST M M 2 MAX(MPH)
MISC ----> 26 320 40 320
================================================================================
NOTES:
# LAST OF SEVERAL OCCURRENCES
COLUMN 17 PEAK WIND IN M.P.H.
PRELIMINARY LOCAL CLIMATOLOGICAL DATA (WS FORM: F-6) , PAGE 2
STATION: KILLEEN SKYLARK
MONTH: JANUARY
YEAR: 2022
LATITUDE: 31 4 N
LONGITUDE: 97 41 W
[TEMPERATURE DATA] [PRECIPITATION DATA] SYMBOLS USED IN COLUMN 16
AVERAGE MONTHLY: 46.8 TOTAL FOR MONTH: 1.03 1 = FOG OR MIST
DPTR FM NORMAL: -0.6 DPTR FM NORMAL: -0.94 2 = FOG REDUCING VISIBILITY
HIGHEST: 80 ON 1 GRTST 24HR 0.56 ON 31-31 TO 1/4 MILE OR LESS
LOWEST: 21 ON 3, 2 3 = THUNDER
SNOW, ICE PELLETS, HAIL 4 = ICE PELLETS
TOTAL MONTH: M 5 = HAIL
GRTST 24HR M ON M 6 = FREEZING RAIN OR DRIZZLE
GRTST DEPTH: M ON M 7 = DUSTSTORM OR SANDSTORM:
VSBY 1/2 MILE OR LESS
8 = SMOKE OR HAZE
[NO. OF DAYS WITH] [WEATHER - DAYS WITH] 9 = BLOWING SNOW
X = TORNADO
MAX 32 OR BELOW: 0 0.01 INCH OR MORE: 4
MAX 90 OR ABOVE: 0 0.10 INCH OR MORE: 3
MIN 32 OR BELOW: 14 0.50 INCH OR MORE: 1
MIN 0 OR BELOW: 0 1.00 INCH OR MORE: 0
[HDD (BASE 65) ]
TOTAL THIS MO. 556 CLEAR (SCALE 0-3) 25
DPTR FM NORMAL 7 PTCLDY (SCALE 4-7) 4
TOTAL FM JUL 1 954 CLOUDY (SCALE 8-10) 2
DPTR FM NORMAL -444
[CDD (BASE 65) ]
TOTAL THIS MO. 0
DPTR FM NORMAL -2 [PRESSURE DATA]
TOTAL FM JAN 1 0 HIGHEST SLP M ON M
DPTR FM NORMAL -2 LOWEST SLP M ON M
[REMARKS]
#FINAL-01-22#