000
CXUS54 KFWD 161604
CF6ILE
PRELIMINARY LOCAL CLIMATOLOGICAL DATA (WS FORM: F-6)
STATION: KILLEEN SKYLARK
MONTH: JANUARY
YEAR: 2024
LATITUDE: 31 4 N
LONGITUDE: 97 41 W
TEMPERATURE IN F: :PCPN: SNOW: WIND :SUNSHINE: SKY :PK WND
================================================================================
1 2 3 4 5 6A 6B 7 8 9 10 11 12 13 14 15 16 17 18
12Z AVG MX 2MIN
DY MAX MIN AVG DEP HDD CDD WTR SNW DPTH SPD SPD DIR MIN PSBL S-S WX SPD DR
================================================================================
1 53 35 44 -3 21 0 0.00 M M 10.0 15 360 M M 0 8 17 350
2 53 30 42 -5 23 0 0.76 M M 6.0 14 40 M M 7 1 M M
3 49 42 46 -1 19 0 0.01 M M 6.8 10 360 M M 10 1 M M
4 56 34 45 -2 20 0 0.01 M M 6.1 14 120 M M 9 12 18 120
5 63 45 54 7 11 0 0.17 M M 5.1 12 290 M M 5 12 18 290
6 59 36 48 1 17 0 0.00 M M 5.1 12 300 M M 0 M M
7 63 30 47 0 18 0 0.00 M M 9.6 18 170 M M 1 23 170
8 63 42 53 6 12 0 0.26 M M 16.5 27 280 M M 8 138 48 300
9 55 33 44 -3 21 0 0.00 M M 13.1 20 300 M M 0 36 300
10 69 34 52 5 13 0 0.00 M M 9.9 21 210 M M 0 28 210
11 74 41 58 11 7 0 0.00 M M 9.9 21 180 M M 0 31 160
12 65 34 50 3 15 0 0.00 M M 12.3 22 270 M M 1 45 280
13 63 29 46 -1 19 0 0.00 M M 10.0 17 210 M M 0 28 340
14 29 15 22 -25 43 0 T M M 13.3 17 360 M M 9 22 350
15 23 14 19 -28 46 0 T M M 13.0 16 10 M M 8 1 31 10
16 32 15 24 -23 41 0 0.00 M M 10.1 22 360 M M 0 31 360
17 46 13 30 -17 35 0 0.00 M M 9.6 18 180 M M 0 25 170
18 74 33 54 7 11 0 0.00 M M 8.2 15 250 M M 0 18 250
19 49 27 38 -9 27 0 0.00 M M 13.7 21 360 M M 0 33 350
20 40 21 31 -17 34 0 0.00 M M 7.6 12 40 M M 2 M M
21 43 35 39 -9 26 0 T M M 8.7 13 110 M M 10 18 140
22 48 35 42 -6 23 0 1.52 M M 3.7 10 120 M M 10 12 M M
23 55 48 52 4 13 0 0.18 M M 4.7 9 80 M M 10 13 M M
24 53 50 52 4 13 0 0.27 M M 5.1 10 360 M M 10 1 M M
25 58 49 54 6 11 0 0.01 M M 5.1 9 280 M M 9 1 M M
26 54 47 51 3 14 0 0.07 M M 5.9 13 10 M M 9 12 16 320
27 60 43 52 4 13 0 0.01 M M 10.3 17 300 M M 5 1 25 320
28 65 38 52 4 13 0 0.00 M M 5.0 8 320 M M 0 M M
29 72 39 56 8 9 0 0.00 M M 4.5 8 220 M M 0 M M
30 74 42 58 10 7 0 0.00 M M 4.5 10 260 M M 0 M M
31 76 40 58 10 7 0 0.00 M M 5.0 12 150 M M 0 M M
================================================================================
SM 1736 1069 602 0 3.27 M 258.3 M 123
================================================================================
AV 56.0 34.5 8.3 FASTST M M 4 MAX(MPH)
MISC ----> 27 280 48 300
================================================================================
NOTES:
# LAST OF SEVERAL OCCURRENCES
COLUMN 17 PEAK WIND IN M.P.H.
PRELIMINARY LOCAL CLIMATOLOGICAL DATA (WS FORM: F-6) , PAGE 2
STATION: KILLEEN SKYLARK
MONTH: JANUARY
YEAR: 2024
LATITUDE: 31 4 N
LONGITUDE: 97 41 W
[TEMPERATURE DATA] [PRECIPITATION DATA] SYMBOLS USED IN COLUMN 16
AVERAGE MONTHLY: 45.2 TOTAL FOR MONTH: 3.27 1 = FOG OR MIST
DPTR FM NORMAL: -2.2 DPTR FM NORMAL: 1.30 2 = FOG REDUCING VISIBILITY
HIGHEST: 76 ON 31 GRTST 24HR 1.52 ON 22-22 TO 1/4 MILE OR LESS
LOWEST: 13 ON 17 3 = THUNDER
SNOW, ICE PELLETS, HAIL 4 = ICE PELLETS
TOTAL MONTH: M 5 = HAIL
GRTST 24HR M ON M 6 = FREEZING RAIN OR DRIZZLE
GRTST DEPTH: M ON M 7 = DUSTSTORM OR SANDSTORM:
VSBY 1/2 MILE OR LESS
8 = SMOKE OR HAZE
[NO. OF DAYS WITH] [WEATHER - DAYS WITH] 9 = BLOWING SNOW
X = TORNADO
MAX 32 OR BELOW: 3 0.01 INCH OR MORE: 11
MAX 90 OR ABOVE: 0 0.10 INCH OR MORE: 6
MIN 32 OR BELOW: 9 0.50 INCH OR MORE: 2
MIN 0 OR BELOW: 0 1.00 INCH OR MORE: 1
[HDD (BASE 65) ]
TOTAL THIS MO. 602 CLEAR (SCALE 0-3) 17
DPTR FM NORMAL 53 PTCLDY (SCALE 4-7) 5
TOTAL FM JUL 1 1251 CLOUDY (SCALE 8-10) 9
DPTR FM NORMAL -147
[CDD (BASE 65) ]
TOTAL THIS MO. 0
DPTR FM NORMAL -2 [PRESSURE DATA]
TOTAL FM JAN 1 0 HIGHEST SLP 30.61 ON 20
DPTR FM NORMAL -2 LOWEST SLP 29.48 ON 11
[REMARKS]
#FINAL-01-24#