000
CXUS53 KILX 012300
CF6ILX
PRELIMINARY LOCAL CLIMATOLOGICAL DATA (WS FORM: F-6)
STATION: LINCOLN IL
MONTH: SEPTEMBER
YEAR: 2020
LATITUDE: 40 9 N
LONGITUDE: 89 20 W
TEMPERATURE IN F: :PCPN: SNOW: WIND :SUNSHINE: SKY :PK WND
================================================================================
1 2 3 4 5 6A 6B 7 8 9 10 11 12 13 14 15 16 17 18
12Z AVG MX 2MIN
DY MAX MIN AVG DEP HDD CDD WTR SNW DPTH SPD SPD DIR MIN PSBL S-S WX SPD DR
================================================================================
1 74 65 70 -1 0 5 0.34 0.0 0 M M M M M M 12 M M
2 81 61 71 0 0 6 0.00 0.0 0 M M M M M M M M
3 87 54 71 0 0 6 0.00 0.0 0 M M M M M M 12 M M
4 78 48 63 -7 2 0 0.00 0.0 0 M M M M M M M M
5 85 51 68 -2 0 3 0.00 0.0 0 M M M M M M M M
6 86 60 73 3 0 8 0.04 0.0 0 M M M M M M 3 M M
7 82 70 76 6 0 11 T 0.0 0 M M M M M M 3 M M
8 79 63 71 2 0 6 0.26 0.0 0 M M M M M M 3 M M
9 77 62 70 1 0 5 0.00 0.0 0 M M M M M M 1 M M
10 72 60 66 -2 0 1 0.00 0.0 0 M M M M M M 1 M M
11 78 61 70 2 0 5 0.00 0.0 0 M M M M M M 1 M M
12 75 58 67 -1 0 2 0.70 0.0 0 M M M M M M 12 M M
13 77 55 66 -1 0 1 0.00 0.0 0 M M M M M M 12 M M
14 76 52 64 -3 1 0 0.00 0.0 0 M M M M M M M M
15 80 51 66 0 0 1 0.00 0.0 0 M M M M M M M M
16 82 50 66 0 0 1 0.00 0.0 0 M M M M M M M M
17 76 51 64 -2 1 0 0.00 0.0 0 M M M M M M M M
18 67 42 55 -10 10 0 0.00 0.0 0 M M M M M M M M
19 70 38 54 -11 11 0 0.00 0.0 0 M M M M M M M M
20 75 40 58 -6 7 0 0.00 0.0 0 M M M M M M M M
21 79 41 60 -4 5 0 0.00 0.0 0 M M M M M M M M
22 78 45 62 -1 3 0 0.00 0.0 0 M M M M M M M M
23 77 45 61 -2 4 0 0.00 0.0 0 M M M M M M M M
24 79 49 64 2 1 0 0.00 0.0 0 M M M M M M M M
25 81 49 65 3 0 0 0.00 0.0 0 M M M M M M 1 M M
26 87 59 73 11 0 8 0.00 0.0 0 M M M M M M 1 M M
27 81 54 68 7 0 3 0.28 0.0 0 M M M M M M 1 M M
28 67 48 58 -3 7 0 0.23 0.0 0 M M M M M M 1 M M
29 62 46 54 -6 11 0 T 0.0 0 M M M M M M M M
30 72 52 62 2 3 0 T 0.0 0 M M M M M M M M
================================================================================
SM 2320 1580 66 72 1.85 0.0 M M M
================================================================================
AV 77.3 52.7 M FASTST M M 3 MAX(MPH)
MISC ----> M M M M
================================================================================
NOTES:
# LAST OF SEVERAL OCCURRENCES
COLUMN 17 PEAK WIND IN M.P.H.
PRELIMINARY LOCAL CLIMATOLOGICAL DATA (WS FORM: F-6) , PAGE 2
STATION: LINCOLN IL
MONTH: SEPTEMBER
YEAR: 2020
LATITUDE: 40 9 N
LONGITUDE: 89 20 W
[TEMPERATURE DATA] [PRECIPITATION DATA] SYMBOLS USED IN COLUMN 16
AVERAGE MONTHLY: 65.0 TOTAL FOR MONTH: 1.85 1 = FOG OR MIST
DPTR FM NORMAL: -0.9 DPTR FM NORMAL: -1.36 2 = FOG REDUCING VISIBILITY
HIGHEST: 87 ON 26, 3 GRTST 24HR 0.70 ON 12-12 TO 1/4 MILE OR LESS
LOWEST: 38 ON 19 3 = THUNDER
SNOW, ICE PELLETS, HAIL 4 = ICE PELLETS
TOTAL MONTH: 0.0 INCH 5 = HAIL
GRTST 24HR 0.0 6 = FREEZING RAIN OR DRIZZLE
GRTST DEPTH: 0 7 = DUSTSTORM OR SANDSTORM:
VSBY 1/2 MILE OR LESS
8 = SMOKE OR HAZE
[NO. OF DAYS WITH] [WEATHER - DAYS WITH] 9 = BLOWING SNOW
X = TORNADO
MAX 32 OR BELOW: 0 0.01 INCH OR MORE: 6
MAX 90 OR ABOVE: 0 0.10 INCH OR MORE: 5
MIN 32 OR BELOW: 0 0.50 INCH OR MORE: 1
MIN 0 OR BELOW: 0 1.00 INCH OR MORE: 0
[HDD (BASE 65) ]
TOTAL THIS MO. 66 CLEAR (SCALE 0-3) 0
DPTR FM NORMAL -20 PTCLDY (SCALE 4-7) 0
TOTAL FM JUL 1 69 CLOUDY (SCALE 8-10) 0
DPTR FM NORMAL -26
[CDD (BASE 65) ]
TOTAL THIS MO. 72
DPTR FM NORMAL -42 [PRESSURE DATA]
TOTAL FM JAN 1 1007 HIGHEST SLP M ON M
DPTR FM NORMAL 4 LOWEST SLP M ON M
[REMARKS]
#FINAL-09-20#