000
CXUS53 KIND 010600
CF6IND
PRELIMINARY LOCAL CLIMATOLOGICAL DATA (WS FORM: F-6)
STATION: INDIANAPOLIS IN
MONTH: OCTOBER
YEAR: 2021
LATITUDE: 39 43 N
LONGITUDE: 86 17 W
TEMPERATURE IN F: :PCPN: SNOW: WIND :SUNSHINE: SKY :PK WND
================================================================================
1 2 3 4 5 6A 6B 7 8 9 10 11 12 13 14 15 16 17 18
12Z AVG MX 2MIN
DY MAX MIN AVG DEP HDD CDD WTR SNW DPTH SPD SPD DIR MIN PSBL S-S WX SPD DR
================================================================================
1 80 58 69 7 0 4 0.00 0.0 0 6.8 12 170 M M 6 16 180
2 72 61 67 6 0 2 0.37 0.0 0 7.5 15 190 M M 8 13 20 170
3 77 63 70 9 0 5 0.54 0.0 0 9.6 24 230 M M 9 13 38 230
4 71 60 66 6 0 1 0.21 0.0 0 5.2 10 260 M M 8 1 13 240
5 78 61 70 10 0 5 0.00 0.0 0 5.1 14 50 M M 8 18 18 50
6 73 64 69 9 0 4 1.21 0.0 0 8.0 14 130 M M 9 13 18 60
7 74 63 69 10 0 4 0.25 0.0 0 7.2 16 160 M M 8 13 22 180
8 76 62 69 10 0 4 0.26 0.0 0 3.4 13 250 M M 6 1 16 250
9 81 60 71 13 0 6 0.00 0.0 0 6.8 16 140 M M 6 1 20 120
10 82 67 75 17 0 10 T 0.0 0 12.4 22 170 M M 5 27 180
11 81 66 74 16 0 9 0.22 0.0 0 12.5 28 140 M M 7 13 36 130
12 68 56 62 5 3 0 0.00 0.0 0 9.4 23 250 M M 6 31 230
13 77 53 65 8 0 0 T 0.0 0 8.0 16 170 M M 7 1 22 150
14 81 66 74 18 0 9 0.46 0.0 0 9.7 17 200 M M 9 13 24 190
15 73 53 63 7 2 0 1.09 0.0 0 10.8 25 330 M M 10 13 36 320
16 61 43 52 -4 13 0 0.06 0.0 0 13.3 24 270 M M 4 1 34 270
17 66 40 53 -2 12 0 0.00 0.0 0 9.0 18 280 M M 1 24 290
18 71 41 56 1 9 0 0.00 0.0 0 5.0 14 230 M M 0 18 230
19 69 46 58 4 7 0 0.00 0.0 0 5.0 15 200 M M 3 19 200
20 72 47 60 6 5 0 0.00 0.0 0 9.3 21 180 M M 3 27 180
21 64 51 58 4 7 0 T 0.0 0 14.5 26 280 M M 9 33 280
22 54 48 51 -2 14 0 0.12 0.0 0 6.9 15 240 M M 10 1 18 290
23 55 44 50 -3 15 0 0.00 0.0 0 5.0 9 250 M M 9 1 M M
24 67 51 59 7 6 0 1.41 0.0 0 9.0 20 190 M M 8 13 27 190
25 67 48 58 6 7 0 0.73 0.0 0 14.6 25 260 M M 10 13 35 340
26 57 40 49 -3 16 0 0.00 0.0 0 8.1 17 360 M M 4 8 23 350
27 58 38 48 -3 17 0 0.00 0.0 0 9.1 20 100 M M 4 26 90
28 54 47 51 0 14 0 0.35 0.0 0 12.0 20 100 M M 10 1 25 130
29 62 53 58 8 7 0 0.38 0.0 0 7.5 18 310 M M 9 1 27 310
30 56 47 52 2 13 0 0.08 0.0 0 11.4 18 330 M M 10 1 24 330
31 62 42 52 2 13 0 0.00 0.0 0 10.1 21 290 M M 5 18 28 290
================================================================================
SM 2139 1639 180 63 7.74 0.0 272.2 M 211
================================================================================
AV 69.0 52.9 8.8 FASTST M M 7 MAX(MPH)
MISC ----> 28 140 38 230
================================================================================
NOTES:
# LAST OF SEVERAL OCCURRENCES
COLUMN 17 PEAK WIND IN M.P.H.
PRELIMINARY LOCAL CLIMATOLOGICAL DATA (WS FORM: F-6) , PAGE 2
STATION: INDIANAPOLIS IN
MONTH: OCTOBER
YEAR: 2021
LATITUDE: 39 43 N
LONGITUDE: 86 17 W
[TEMPERATURE DATA] [PRECIPITATION DATA] SYMBOLS USED IN COLUMN 16
AVERAGE MONTHLY: 60.9 TOTAL FOR MONTH: 7.74 1 = FOG OR MIST
DPTR FM NORMAL: 5.4 DPTR FM NORMAL: 4.52 2 = FOG REDUCING VISIBILITY
HIGHEST: 82 ON 10 GRTST 24HR 2.02 ON 24-25 TO 1/4 MILE OR LESS
LOWEST: 38 ON 27 3 = THUNDER
SNOW, ICE PELLETS, HAIL 4 = ICE PELLETS
TOTAL MONTH: 0.0 INCH 5 = HAIL
GRTST 24HR 0.0 6 = FREEZING RAIN OR DRIZZLE
GRTST DEPTH: 0 7 = DUSTSTORM OR SANDSTORM:
VSBY 1/2 MILE OR LESS
8 = SMOKE OR HAZE
[NO. OF DAYS WITH] [WEATHER - DAYS WITH] 9 = BLOWING SNOW
X = TORNADO
MAX 32 OR BELOW: 0 0.01 INCH OR MORE: 16
MAX 90 OR ABOVE: 0 0.10 INCH OR MORE: 14
MIN 32 OR BELOW: 0 0.50 INCH OR MORE: 5
MIN 0 OR BELOW: 0 1.00 INCH OR MORE: 3
[HDD (BASE 65) ]
TOTAL THIS MO. 180 CLEAR (SCALE 0-3) 3
DPTR FM NORMAL -134 PTCLDY (SCALE 4-7) 13
TOTAL FM JUL 1 208 CLOUDY (SCALE 8-10) 15
DPTR FM NORMAL -167
[CDD (BASE 65) ]
TOTAL THIS MO. 63
DPTR FM NORMAL 42 [PRESSURE DATA]
TOTAL FM JAN 1 1345 HIGHEST SLP M ON M
DPTR FM NORMAL 206 LOWEST SLP 29.05 ON 31
[REMARKS]
#FINAL-10-21#