035
CXUS54 KMAF 011110
CF6INK
PRELIMINARY LOCAL CLIMATOLOGICAL DATA (WS FORM: F-6)
STATION: WINK
MONTH: SEPTEMBER
YEAR: 2020
LATITUDE: 31 46 N
LONGITUDE: 103 12 W
TEMPERATURE IN F: :PCPN: SNOW: WIND :SUNSHINE: SKY :PK WND
================================================================================
1 2 3 4 5 6A 6B 7 8 9 10 11 12 13 14 15 16 17 18
12Z AVG MX 2MIN
DY MAX MIN AVG DEP HDD CDD WTR SNW DPTH SPD SPD DIR MIN PSBL S-S WX SPD DR
================================================================================
1 102 77 90 10 0 25 0.00 M M 11.5 29 360 M M 1 8 39 320
2 96 69 83 3 0 18 0.00 M M 8.2 20 10 M M 1 25 20
3 102 66 84 4 0 19 0.00 M M 8.5 20 70 M M 0 25 110
4 97 67 82 2 0 17 0.00 M M 9.2 20 70 M M 0 26 80
5 91 67 79 0 0 14 0.00 M M 7.8 17 140 M M 2 22 120
6 95 67 81 2 0 16 0.00 M M 10.2 17 140 M M 0 21 150
7 99 68 84 5 0 19 0.00 M M 13.4 26 140 M M 0 35 140
8 98 55 77 -1 0 12 M M M 19.0 39 340 M M 2 138 51 330
9 55 47 51 -27 14 0 0.01 M M 14.9 29 20 M M 10 1 35 20
10 59 47 53 -25 12 0 0.00 M M 7.8 15 360 M M 10 1 18 10
11 75 54 65 -13 0 0 0.00 M M 3.7 12 160 M M 6 13 160
12 86 57 72 -5 0 7 0.00 M M 3.2 9 360 M M 0 18 11 120
13 82 65 74 -3 0 9 0.09 M M 4.9 20 140 M M 2 1 26 20
14 77 66 72 -5 0 7 T M M 6.4 12 130 M M 6 15 120
15 84 62 73 -3 0 8 0.00 M M 5.0 10 200 M M 3 15 220
16 88 63 76 0 0 11 0.07 M M 6.8 26 120 M M 2 3 34 120
17 86 63 75 -1 0 10 0.00 0.0 0 6.9 15 70 M M 3 19 70
18 85 61 73 -2 0 8 0.00 0.0 0 7.2 16 100 M M 2 24 110
19 83 56 70 -5 0 5 0.00 0.0 0 6.9 14 110 M M 0 18 110
20 84 58 71 -3 0 6 0.00 0.0 0 8.5 15 150 M M 0 8 21 130
21 86 52 69 -5 0 4 0.00 M M 6.9 14 110 M M 0 17 70
22 88 53 71 -3 0 6 0.00 M M 5.8 10 120 M M 0 14 180
23 91 58 75 1 0 10 0.00 M M 8.8 15 120 M M 0 19 120
24 92 61 77 4 0 12 0.00 M M 6.7 13 140 M M 0 16 140
25 96 57 77 4 0 12 0.00 M M 7.4 15 140 M M 0 19 140
26 101 64 83 11 0 18 0.00 M M 7.4 15 140 M M 0 19 140
27 104 57 81 9 0 16 0.00 M M 10.4 38 40 M M 0 8 45 30
28 76 51 64 -8 1 0 0.00 M M 14.3 37 40 M M 7 8 48 40
29 81 43 62 -10 3 0 0.00 M M 6.1 12 250 M M 0 16 240
30 90 44 67 -4 0 2 0.00 M M 4.7 14 130 M M 0 8 18 130
================================================================================
SM 2629 1775 30 291 0.17 0.0 248.5 M 57
================================================================================
AV 87.6 59.2 8.3 FASTST M M 2 MAX(MPH)
MISC ----> 39 340 51 330
================================================================================
NOTES:
# LAST OF SEVERAL OCCURRENCES
COLUMN 17 PEAK WIND IN M.P.H.
PRELIMINARY LOCAL CLIMATOLOGICAL DATA (WS FORM: F-6) , PAGE 2
STATION: WINK
MONTH: SEPTEMBER
YEAR: 2020
LATITUDE: 31 46 N
LONGITUDE: 103 12 W
[TEMPERATURE DATA] [PRECIPITATION DATA] SYMBOLS USED IN COLUMN 16
AVERAGE MONTHLY: 73.4 TOTAL FOR MONTH: 0.17 1 = FOG OR MIST
DPTR FM NORMAL: -2.5 DPTR FM NORMAL: -1.18 2 = FOG REDUCING VISIBILITY
HIGHEST: 104 ON 27 GRTST 24HR 0.09 ON 13-13 TO 1/4 MILE OR LESS
LOWEST: 43 ON 29 3 = THUNDER
SNOW, ICE PELLETS, HAIL 4 = ICE PELLETS
TOTAL MONTH: 0.0 INCH 5 = HAIL
GRTST 24HR 0.0 6 = FREEZING RAIN OR DRIZZLE
GRTST DEPTH: 0 7 = DUSTSTORM OR SANDSTORM:
VSBY 1/2 MILE OR LESS
8 = SMOKE OR HAZE
[NO. OF DAYS WITH] [WEATHER - DAYS WITH] 9 = BLOWING SNOW
X = TORNADO
MAX 32 OR BELOW: 0 0.01 INCH OR MORE: 3
MAX 90 OR ABOVE: 14 0.10 INCH OR MORE: 0
MIN 32 OR BELOW: 0 0.50 INCH OR MORE: 0
MIN 0 OR BELOW: 0 1.00 INCH OR MORE: 0
[HDD (BASE 65) ]
TOTAL THIS MO. 30 CLEAR (SCALE 0-3) 23
DPTR FM NORMAL 21 PTCLDY (SCALE 4-7) 5
TOTAL FM JUL 1 30 CLOUDY (SCALE 8-10) 2
DPTR FM NORMAL 22
[CDD (BASE 65) ]
TOTAL THIS MO. 291
DPTR FM NORMAL -46 [PRESSURE DATA]
TOTAL FM JAN 1 2919 HIGHEST SLP 30.34 ON 10
DPTR FM NORMAL 503 LOWEST SLP 29.48 ON 8
[REMARKS]
#FINAL-09-20#