000
CXUS51 KOKX 010702
CF6ISP
PRELIMINARY LOCAL CLIMATOLOGICAL DATA (WS FORM: F-6)
STATION: ISLIP NY
MONTH: AUGUST
YEAR: 2020
LATITUDE: 40 47 N
LONGITUDE: 73 6 W
TEMPERATURE IN F: :PCPN: SNOW: WIND :SUNSHINE: SKY :PK WND
================================================================================
1 2 3 4 5 6A 6B 7 8 9 10 11 12 13 14 15 16 17 18
12Z AVG MX 2MIN
DY MAX MIN AVG DEP HDD CDD WTR SNW DPTH SPD SPD DIR MIN PSBL S-S WX SPD DR
================================================================================
1 88 67 78 4 0 13 0.00 0.0 0 5.4 13 210 M M 4 1 17 250
2 83 76 80 6 0 15 0.00 0.0 0 12.4 20 200 M M 8 27 170
3 87 71 79 5 0 14 0.03 0.0 0 10.1 29 240 M M 4 3 39 240
4 80 72 76 2 0 11 0.14 0.0 0 16.2 49 170 M M 7 128 69 210
5 86 70 78 4 0 13 0.00 0.0 0 7.4 16 210 M M 3 22 200
6 79 67 73 -1 0 8 0.02 0.0 0 3.7 12 130 M M 7 15 180
7 80 68 74 0 0 9 0.05 0.0 0 5.7 15 100 M M 8 18 19 120
8 79 70 75 1 0 10 T 0.0 0 5.4 12 140 M M 7 16 120
9 83 69 76 2 0 11 0.00 0.0 0 7.8 17 200 M M 5 22 190
10 89 72 81 7 0 16 T 0.0 0 9.1 17 230 M M 2 1 22 210
11 83 73 78 4 0 13 0.00 0.0 0 10.2 18 200 M M 6 24 190
12 87 74 81 7 0 16 0.45 0.0 0 6.0 14 340 M M 8 13 18 210
13 82 73 78 5 0 13 0.02 0.0 0 2.7 12 30 M M 8 13 14 90
14 88 69 79 6 0 14 0.00 0.0 0 8.2 17 100 M M 5 23 120
15 81 69 75 2 0 10 0.00 0.0 0 11.4 21 50 M M 7 28 40
16 69 65 67 -6 0 2 0.80 0.0 0 12.0 21 30 M M 10 1 26 40
17 79 63 71 -2 0 6 0.91 0.0 0 7.6 17 250 M M 6 13 22 260
18 83 64 74 1 0 9 T 0.0 0 5.8 15 290 M M 4 3 21 300
19 73 64 69 -4 0 4 0.30 0.0 0 3.6 13 350 M M 7 1 15 350
20 78 60 69 -4 0 4 0.00 0.0 0 6.1 12 160 M M 4 15 170
21 81 64 73 1 0 8 0.00 0.0 0 10.0 20 230 M M 6 24 220
22 86 70 78 6 0 13 0.01 0.0 0 7.9 20 220 M M 5 3 25 230
23 82 70 76 4 0 11 0.00 0.0 0 6.6 14 190 M M 6 18 220
24 88 73 81 9 0 16 T 0.0 0 6.2 14 210 M M 5 13 18 210
25 91 71 81 9 0 16 T 0.0 0 9.4 25 320 M M 4 36 320
26 79 64 72 0 0 7 T 0.0 0 10.1 20 300 M M 4 26 290
27 92 66 79 7 0 14 0.28 T 0 7.1 23 10 M M 6 135 29 10
28 86 68 77 6 0 12 0.00 0.0 0 9.3 16 300 M M 6 21 220
29 79 71 75 4 0 10 0.24 0.0 0 10.2 21 200 M M 8 1 27 200
30 80 60 70 -1 0 5 0.00 0.0 0 10.9 23 330 M M 3 29 340
31 75 57 66 -5 0 1 T 0.0 0 6.7 14 130 M M 6 17 120
================================================================================
SM 2556 2110 0 324 3.25 T 251.2 M 179
================================================================================
AV 82.5 68.1 8.1 FASTST M M 6 MAX(MPH)
MISC ----> # 49 170 # 69 210
================================================================================
NOTES:
# LAST OF SEVERAL OCCURRENCES
COLUMN 17 PEAK WIND IN M.P.H.
PRELIMINARY LOCAL CLIMATOLOGICAL DATA (WS FORM: F-6) , PAGE 2
STATION: ISLIP NY
MONTH: AUGUST
YEAR: 2020
LATITUDE: 40 47 N
LONGITUDE: 73 6 W
[TEMPERATURE DATA] [PRECIPITATION DATA] SYMBOLS USED IN COLUMN 16
AVERAGE MONTHLY: 75.3 TOTAL FOR MONTH: 3.25 1 = FOG OR MIST
DPTR FM NORMAL: 2.5 DPTR FM NORMAL: -0.73 2 = FOG REDUCING VISIBILITY
HIGHEST: 92 ON 27 GRTST 24HR 2.05 ON 31- 1 TO 1/4 MILE OR LESS
LOWEST: 57 ON 31 3 = THUNDER
SNOW, ICE PELLETS, HAIL 4 = ICE PELLETS
TOTAL MONTH: T 5 = HAIL
GRTST 24HR T ON 27-27 6 = FREEZING RAIN OR DRIZZLE
GRTST DEPTH: 0 7 = DUSTSTORM OR SANDSTORM:
VSBY 1/2 MILE OR LESS
8 = SMOKE OR HAZE
[NO. OF DAYS WITH] [WEATHER - DAYS WITH] 9 = BLOWING SNOW
X = TORNADO
MAX 32 OR BELOW: 0 0.01 INCH OR MORE: 12
MAX 90 OR ABOVE: 2 0.10 INCH OR MORE: 7
MIN 32 OR BELOW: 0 0.50 INCH OR MORE: 2
MIN 0 OR BELOW: 0 1.00 INCH OR MORE: 0
[HDD (BASE 65) ]
TOTAL THIS MO. 0 CLEAR (SCALE 0-3) 2
DPTR FM NORMAL -3 PTCLDY (SCALE 4-7) 27
TOTAL FM JUL 1 0 CLOUDY (SCALE 8-10) 2
DPTR FM NORMAL -5
[CDD (BASE 65) ]
TOTAL THIS MO. 324
DPTR FM NORMAL 78 [PRESSURE DATA]
TOTAL FM JAN 1 930 HIGHEST SLP M ON M
DPTR FM NORMAL 244 LOWEST SLP 29.43 ON 4
[REMARKS]
#FINAL-08-20#