000
CXUS52 TJSJ 010504
CF6IST
PRELIMINARY LOCAL CLIMATOLOGICAL DATA (WS FORM: F-6)
STATION: CYRIL E. KING AP/ST THOMAS
MONTH: MAY
YEAR: 2023
LATITUDE: 18 19 N
LONGITUDE: 64 58 W
TEMPERATURE IN F: :PCPN: SNOW: WIND :SUNSHINE: SKY :PK WND
================================================================================
1 2 3 4 5 6A 6B 7 8 9 10 11 12 13 14 15 16 17 18
12Z AVG MX 2MIN
DY MAX MIN AVG DEP HDD CDD WTR SNW DPTH SPD SPD DIR MIN PSBL S-S WX SPD DR
================================================================================
1 87 79 83 1 0 18 0.00 M M 10.1 16 130 M M 3 22 140
2 87 79 83 1 0 18 0.00 M M 9.6 15 130 M M 2 19 140
3 87 78 83 1 0 18 0.00 M M 10.2 16 130 M M 2 20 140
4 87 78 83 1 0 18 0.00 M M 10.9 20 130 M M 3 24 140
5 88 78 83 1 0 18 0.00 M M 9.4 17 200 M M 2 21 110
6 87 78 83 1 0 18 0.00 M M 8.6 16 130 M M 1 20 140
7 87 76 82 0 0 17 0.00 M M 8.6 15 130 M M 1 18 140
8 89 79 84 2 0 19 0.00 M M 10.7 20 130 M M 1 24 110
9 88 77 83 1 0 18 0.01 M M 11.6 18 130 M M 3 24 90
10 88 81 85 3 0 20 0.00 M M 11.9 16 120 M M 3 21 120
11 87 78 83 1 0 18 0.00 0.0 0 9.8 16 140 M M M 22 130
12 87 78 83 1 0 18 T M M 11.2 22 130 M M 4 23 130
13 88 76 82 0 0 17 0.25 M M 13.2 23 90 M M M 27 130
14 86 78 82 0 0 17 0.00 0.0 0 10.4 17 130 M M M 24 130
15 86 79 83 1 0 18 0.00 M M 9.4 16 140 M M 4 20 100
16 87 78 83 1 0 18 0.00 M M 9.4 14 140 M M 2 18 140
17 87 81 84 2 0 19 0.00 M M 10.0 14 120 M M 3 19 140
18 87 75 81 -1 0 16 0.12 M M 8.7 23 140 M M 4 27 140
19 88 79 84 2 0 19 T M M 11.8 21 110 M M 3 26 130
20 88 79 84 1 0 19 0.03 M M 13.4 22 120 M M M 26 120
21 86 80 83 0 0 18 0.03 M M 15.0 23 160 M M M 30 170
22 84 76 80 -3 0 15 0.69 M M 11.1 24 90 M M M 30 90
23 85 78 82 -1 0 17 T M M 8.6 16 130 M M 5 20 130
24 86 76 81 -2 0 16 0.15 M M 7.6 15 120 M M 3 20 110
25 87 76 82 -1 0 17 0.01 M M 8.5 15 110 M M 3 20 140
26 88 80 84 1 0 19 0.00 M M 9.4 14 130 M M 2 16 130
27 87 79 83 0 0 18 0.01 M M 11.1 21 90 M M 4 25 140
28 88 80 84 1 0 19 0.00 M M 11.2 18 140 M M 3 24 130
29 87 78 83 0 0 18 T M M 11.2 17 140 M M 3 22 140
30 88 78 83 0 0 18 0.02 M M 11.6 20 90 M M 2 24 100
31 88 77 83 0 0 18 T 0.0 0 11.8 21 90 M M 3 26 110
================================================================================
SM 2700 2422 0 554 1.32 0.0 326.0 M 69
================================================================================
AV 87.1 78.1 10.5 FASTST M M 3 MAX(MPH)
MISC ----> 24 90 # 30 170
================================================================================
NOTES:
# LAST OF SEVERAL OCCURRENCES
COLUMN 17 PEAK WIND IN M.P.H.
PRELIMINARY LOCAL CLIMATOLOGICAL DATA (WS FORM: F-6) , PAGE 2
STATION: CYRIL E. KING AP/ST THOMAS
MONTH: MAY
YEAR: 2023
LATITUDE: 18 19 N
LONGITUDE: 64 58 W
[TEMPERATURE DATA] [PRECIPITATION DATA] SYMBOLS USED IN COLUMN 16
AVERAGE MONTHLY: 82.6 TOTAL FOR MONTH: 1.32 1 = FOG OR MIST
DPTR FM NORMAL: 0.3 DPTR FM NORMAL: -1.70 2 = FOG REDUCING VISIBILITY
HIGHEST: 89 ON 8 GRTST 24HR 0.69 ON 22-22 TO 1/4 MILE OR LESS
LOWEST: 75 ON 18 3 = THUNDER
SNOW, ICE PELLETS, HAIL 4 = ICE PELLETS
TOTAL MONTH: 0.0 INCH 5 = HAIL
GRTST 24HR 0.0 6 = FREEZING RAIN OR DRIZZLE
GRTST DEPTH: 0 7 = DUSTSTORM OR SANDSTORM:
VSBY 1/2 MILE OR LESS
8 = SMOKE OR HAZE
[NO. OF DAYS WITH] [WEATHER - DAYS WITH] 9 = BLOWING SNOW
X = TORNADO
MAX 32 OR BELOW: 0 0.01 INCH OR MORE: 10
MAX 90 OR ABOVE: 0 0.10 INCH OR MORE: 4
MIN 32 OR BELOW: 0 0.50 INCH OR MORE: 1
MIN 0 OR BELOW: 0 1.00 INCH OR MORE: 0
[HDD (BASE 65) ]
TOTAL THIS MO. 0 CLEAR (SCALE 0-3) 19
DPTR FM NORMAL 0 PTCLDY (SCALE 4-7) 6
TOTAL FM JUL 1 0 CLOUDY (SCALE 8-10) 6
DPTR FM NORMAL 0
[CDD (BASE 65) ]
TOTAL THIS MO. 554
DPTR FM NORMAL 16 [PRESSURE DATA]
TOTAL FM JAN 1 2253 HIGHEST SLP M ON M
DPTR FM NORMAL -10 LOWEST SLP 29.89 ON 3
[REMARKS]
#FINAL-05-23#