000
CXUS52 TJSJ 011751
CF6IST
PRELIMINARY LOCAL CLIMATOLOGICAL DATA (WS FORM: F-6)
STATION: CYRIL E. KING AP/ST THOMAS
MONTH: SEPTEMBER
YEAR: 2022
LATITUDE: 18 19 N
LONGITUDE: 64 58 W
TEMPERATURE IN F: :PCPN: SNOW: WIND :SUNSHINE: SKY :PK WND
================================================================================
1 2 3 4 5 6A 6B 7 8 9 10 11 12 13 14 15 16 17 18
12Z AVG MX 2MIN
DY MAX MIN AVG DEP HDD CDD WTR SNW DPTH SPD SPD DIR MIN PSBL S-S WX SPD DR
================================================================================
1 92 82 87 2 0 22 0.00 M M 10.2 17 60 M M 2 23 60
2 91 80 86 1 0 21 0.15 M M 11.5 24 60 M M 4 1 30 30
3 90 81 86 1 0 21 0.13 M M 11.1 17 350 M M 5 1 32 70
4 85 79 82 -3 0 17 1.14 M M 18.8 30 250 M M 9 1 37 250
5 87 78 83 -2 0 18 0.79 M M 12.5 32 240 M M 8 1 39 240
6 87 78 83 -2 0 18 0.48 M M 8.3 26 260 M M 5 1 31 260
7 87 78 83 -1 0 18 0.19 M M 6.1 22 200 M M 3 18 28 230
8 88 83 86 2 0 21 0.07 M M 7.3 15 160 M M 2 20 170
9 89 82 86 2 0 21 0.00 M M 9.0 15 140 M M 2 18 140
10 89 81 85 1 0 20 0.01 M M 6.9 18 90 M M 2 23 90
11 91 80 86 2 0 21 0.16 M M 5.9 20 130 M M 2 24 130
12 89 80 85 1 0 20 0.15 M M 6.4 17 80 M M 3 8 21 90
13 89 78 84 0 0 19 0.07 M M 9.9 17 130 M M 1 23 130
14 91 80 86 2 0 21 T M M 10.6 16 80 M M 2 22 50
15 92 82 87 3 0 22 0.00 M M 14.2 23 80 M M 2 30 90
16 91 79 85 1 0 20 0.70 M M 14.4 28 90 M M 4 18 37 90
17 87 77 82 -2 0 17 0.26 M M 20.4 30 80 M M 5 18 43 60
18 82 76 79 -5 0 14 1.45 M M 22.0 39 140 M M 8 1 52 140
19 85 76 81 -3 0 16 0.02 M M 15.5 24 180 M M 7 1 31 170
20 88 80 84 0 0 19 T M M 12.8 20 130 M M 3 24 150
21 89 81 85 1 0 20 T M M 12.7 17 100 M M 3 25 130
22 89 80 85 1 0 20 0.06 M M 12.2 20 130 M M 3 26 110
23 88 79 84 0 0 19 0.33 M M 9.0 20 130 M M 2 18 26 130
24 88 80 84 0 0 19 T M M 9.4 17 120 M M 2 23 110
25 89 80 85 1 0 20 0.04 M M 9.8 16 130 M M 2 M M
26 89 79 84 0 0 19 0.02 M M M M M M M 1 M M
27 88 80 84 0 0 19 0.28 M M M M M M M 3 M M
28 88 79 84 0 0 19 0.05 M M 10.0 18 130 M M 2 23 120
29 87 75 81 -3 0 16 0.35 M M 9.3 23 130 M M 5 18 29 130
30 85 75 80 -4 0 15 0.81 M M 5.6 20 130 M M 3 8 24 140
================================================================================
SM 2650 2378 0 572 7.71 M 311.8 M 105
================================================================================
AV 88.3 79.3 11.1 FASTST M M 4 MAX(MPH)
MISC ----> 39 140 52 140
================================================================================
NOTES:
# LAST OF SEVERAL OCCURRENCES
COLUMN 17 PEAK WIND IN M.P.H.
PRELIMINARY LOCAL CLIMATOLOGICAL DATA (WS FORM: F-6) , PAGE 2
STATION: CYRIL E. KING AP/ST THOMAS
MONTH: SEPTEMBER
YEAR: 2022
LATITUDE: 18 19 N
LONGITUDE: 64 58 W
[TEMPERATURE DATA] [PRECIPITATION DATA] SYMBOLS USED IN COLUMN 16
AVERAGE MONTHLY: 83.8 TOTAL FOR MONTH: 7.71 1 = FOG OR MIST
DPTR FM NORMAL: -0.6 DPTR FM NORMAL: 1.82 2 = FOG REDUCING VISIBILITY
HIGHEST: 92 ON 15, 1 GRTST 24HR 1.72 ON 4- 5 TO 1/4 MILE OR LESS
LOWEST: 75 ON 30,29 3 = THUNDER
SNOW, ICE PELLETS, HAIL 4 = ICE PELLETS
TOTAL MONTH: M 5 = HAIL
GRTST 24HR M ON M 6 = FREEZING RAIN OR DRIZZLE
GRTST DEPTH: M ON M 7 = DUSTSTORM OR SANDSTORM:
VSBY 1/2 MILE OR LESS
8 = SMOKE OR HAZE
[NO. OF DAYS WITH] [WEATHER - DAYS WITH] 9 = BLOWING SNOW
X = TORNADO
MAX 32 OR BELOW: 0 0.01 INCH OR MORE: 23
MAX 90 OR ABOVE: 7 0.10 INCH OR MORE: 15
MIN 32 OR BELOW: 0 0.50 INCH OR MORE: 5
MIN 0 OR BELOW: 0 1.00 INCH OR MORE: 2
[HDD (BASE 65) ]
TOTAL THIS MO. 0 CLEAR (SCALE 0-3) 18
DPTR FM NORMAL 0 PTCLDY (SCALE 4-7) 11
TOTAL FM JUL 1 0 CLOUDY (SCALE 8-10) 1
DPTR FM NORMAL 0
[CDD (BASE 65) ]
TOTAL THIS MO. 572
DPTR FM NORMAL -8 [PRESSURE DATA]
TOTAL FM JAN 1 4471 HIGHEST SLP 30.07 ON 10
DPTR FM NORMAL -160 LOWEST SLP 29.72 ON 4
[REMARKS]
#FINAL-09-22#