000
CXUS55 KRIW 011110
CF6JAC
PRELIMINARY LOCAL CLIMATOLOGICAL DATA (WS FORM: F-6)
STATION: JACKSON WY
MONTH: DECEMBER
YEAR: 2020
LATITUDE: 43 35 N
LONGITUDE: 110 44 W
TEMPERATURE IN F: :PCPN: SNOW: WIND :SUNSHINE: SKY :PK WND
================================================================================
1 2 3 4 5 6A 6B 7 8 9 10 11 12 13 14 15 16 17 18
12Z AVG MX 2MIN
DY MAX MIN AVG DEP HDD CDD WTR SNW DPTH SPD SPD DIR MIN PSBL S-S WX SPD DR
================================================================================
1 34 8 21 3 44 0 T M M 5.2 15 290 M M 8 1 22 290
2 35 -4 16 -2 49 0 T M M 4.1 14 20 M M 0 M M
3 22 -7 8 -10 57 0 T M M 3.7 9 20 M M 2 1 M M
4 35 -4 16 -1 49 0 T M M 3.5 8 20 M M 1 12 M M
5 29 -5 12 -5 53 0 T M M 4.3 13 20 M M 0 M M
6 35 -4 16 0 49 0 T M M 4.5 9 20 M M 1 12 M M
7 26 -6 10 -6 55 0 0.00 M M 4.7 10 10 M M 0 1 M M
8 28 -5 12 -4 53 0 0.00 M M 3.6 8 30 M M 0 M M
9 28 -3 13 -2 52 0 T M M 4.7 10 20 M M 0 1 M M
10 29 11 20 5 45 0 0.00 M M 4.2 13 20 M M 3 M M
11 28 13 21 6 44 0 0.02 M M 2.5 13 260 M M 9 1 16 260
12 34 -6 14 -1 51 0 0.01 M M 3.4 8 10 M M 6 1 M M
13 27 -11 8 -6 57 0 0.03 M M 5.7 13 240 M M 4 1 M M
14 29 4 17 3 48 0 0.02 M M 3.2 9 20 M M 8 1 M M
15 22 -1 11 -3 54 0 0.01 M M 6.1 14 200 M M 9 12 M M
16 30 19 25 11 40 0 0.01 M M 9.2 21 240 M M 10 1 18 210
17 30 19 25 11 40 0 0.03 M M 9.1 15 240 M M 10 1 M M
18 34 15 25 11 40 0 T M M M M M M M M M M
19 30 23 27 14 38 0 T M M 15.2 21 200 M M 7 1 28 200
20 36 27 32 19 33 0 0.01 M M 14.8 24 190 M M 10 18 33 200
21 40 36 38 25 27 0 T M M 14.9 24 170 M M 10 35 200
22 37 15 26 13 39 0 0.02 M M 11.9 25 240 M M 8 12 37 250
23 25 -3 11 -2 54 0 T M M 6.6 12 20 M M 2 1 M M
24 33 -5 14 1 51 0 T M M 5.5 12 20 M M 1 1 M M
25 31 -7 12 -1 53 0 0.00 M M 3.9 9 30 M M 1 M M
26 33 13 23 10 42 0 0.07 M M 8.8 17 180 M M 10 1 21 190
27 35 -3 16 3 49 0 T T M 7.7 15 230 M M 5 1 M M
28 23 -13 5 -8 60 0 T M M 6.1 14 20 M M 0 1 M M
29 19 -20 0 -13 65 0 T M M 5.2 12 20 M M 1 18 M M
30 20 -16 2 -11 63 0 T M M 4.4 10 20 M M 5 1 M M
31 34 2 18 5 47 0 T M M 7.4 14 20 M M 7 1 M M
================================================================================
SM 931 82 1501 0 0.23 T 194.1 M 138
================================================================================
AV 30.0 2.6 6.5 FASTST M M 5 MAX(MPH)
MISC ----> 25 240 37 250
================================================================================
NOTES:
# LAST OF SEVERAL OCCURRENCES
COLUMN 17 PEAK WIND IN M.P.H.
PRELIMINARY LOCAL CLIMATOLOGICAL DATA (WS FORM: F-6) , PAGE 2
STATION: JACKSON WY
MONTH: DECEMBER
YEAR: 2020
LATITUDE: 43 35 N
LONGITUDE: 110 44 W
[TEMPERATURE DATA] [PRECIPITATION DATA] SYMBOLS USED IN COLUMN 16
AVERAGE MONTHLY: 16.3 TOTAL FOR MONTH: 0.23 1 = FOG OR MIST
DPTR FM NORMAL: 1.8 DPTR FM NORMAL: -2.44 2 = FOG REDUCING VISIBILITY
HIGHEST: 40 ON 21 GRTST 24HR 0.07 ON 26-26 TO 1/4 MILE OR LESS
LOWEST: -20 ON 29 3 = THUNDER
SNOW, ICE PELLETS, HAIL 4 = ICE PELLETS
TOTAL MONTH: T 5 = HAIL
GRTST 24HR T ON 27-27 6 = FREEZING RAIN OR DRIZZLE
GRTST DEPTH: M ON M 7 = DUSTSTORM OR SANDSTORM:
VSBY 1/2 MILE OR LESS
8 = SMOKE OR HAZE
[NO. OF DAYS WITH] [WEATHER - DAYS WITH] 9 = BLOWING SNOW
X = TORNADO
MAX 32 OR BELOW: 18 0.01 INCH OR MORE: 10
MAX 90 OR ABOVE: 0 0.10 INCH OR MORE: 0
MIN 32 OR BELOW: 30 0.50 INCH OR MORE: 0
MIN 0 OR BELOW: 18 1.00 INCH OR MORE: 0
[HDD (BASE 65) ]
TOTAL THIS MO. 1501 CLEAR (SCALE 0-3) 14
DPTR FM NORMAL -64 PTCLDY (SCALE 4-7) 9
TOTAL FM JUL 1 4045 CLOUDY (SCALE 8-10) 8
DPTR FM NORMAL -160
[CDD (BASE 65) ]
TOTAL THIS MO. 0
DPTR FM NORMAL 0 [PRESSURE DATA]
TOTAL FM JAN 1 27 HIGHEST SLP 31.01 ON 7
DPTR FM NORMAL -16 LOWEST SLP 29.63 ON 22
[REMARKS]
#FINAL-12-20#