000
CXUS54 KJAN 011410
CF6JAN
PRELIMINARY LOCAL CLIMATOLOGICAL DATA (WS FORM: F-6)
STATION: JACKSON
MONTH: JULY
YEAR: 2021
LATITUDE: 32 19 N
LONGITUDE: 90 5 W
TEMPERATURE IN F: :PCPN: SNOW: WIND :SUNSHINE: SKY :PK WND
================================================================================
1 2 3 4 5 6A 6B 7 8 9 10 11 12 13 14 15 16 17 18
12Z AVG MX 2MIN
DY MAX MIN AVG DEP HDD CDD WTR SNW DPTH SPD SPD DIR MIN PSBL S-S WX SPD DR
================================================================================
1 92 73 83 1 0 18 0.01 0.0 0 3.3 8 310 M M 5 10 300
2 86 74 80 -2 0 15 2.41 0.0 0 5.5 25 280 M M 8 123 35 280
3 89 70 80 -2 0 15 0.00 0.0 0 6.7 14 360 M M 2 17 350
4 90 70 80 -2 0 15 0.00 0.0 0 5.7 9 60 M M 4 15 70
5 92 70 81 -1 0 16 0.01 0.0 0 4.0 18 180 M M 4 3 26 190
6 91 72 82 0 0 17 T 0.0 0 4.9 12 180 M M 6 13 16 50
7 87 73 80 -2 0 15 0.85 0.0 0 4.6 18 190 M M 8 1238 26 190
8 92 71 82 0 0 17 0.00 0.0 0 5.6 14 180 M M 4 3 18 190
9 91 73 82 0 0 17 T 0.0 0 5.7 24 190 M M 5 34 180
10 88 72 80 -2 0 15 1.01 0.0 0 6.6 15 200 M M 5 13 20 220
11 84 73 79 -3 0 14 0.30 0.0 0 8.6 24 260 M M 7 13 38 280
12 87 71 79 -3 0 14 0.36 0.0 0 8.0 22 220 M M 6 13 35 220
13 92 73 83 1 0 18 0.00 0.0 0 6.0 14 180 M M 5 19 190
14 93 71 82 0 0 17 T 0.0 0 2.4 13 130 M M 3 3 18 120
15 93 74 84 2 0 19 0.01 0.0 0 3.9 18 200 M M 3 13 24 200
16 86 72 79 -3 0 14 1.50 0.0 0 6.1 21 170 M M 5 13 29 160
17 86 71 79 -3 0 14 0.99 0.0 0 4.3 20 360 M M 5 1238 28 10
18 92 70 81 -1 0 16 0.28 0.0 0 4.9 24 330 M M 5 3 33 330
19 87 73 80 -2 0 15 0.53 0.0 0 3.2 10 320 M M 6 1 16 340
20 83 73 78 -4 0 13 0.19 0.0 0 3.3 17 140 M M 6 1 25 140
21 91 73 82 0 0 17 0.02 0.0 0 1.9 7 350 M M 6 1 10 270
22 92 74 83 1 0 18 0.06 0.0 0 3.3 15 330 M M 4 13 22 290
23 94 75 85 3 0 20 0.00 0.0 0 4.3 14 290 M M 3 20 260
24 94 77 86 4 0 21 0.03 0.0 0 3.8 17 70 M M 4 138 23 30
25 96 76 86 4 0 21 0.00 0.0 0 2.6 9 360 M M 5 3 12 200
26 97 77 87 5 0 22 T 0.0 0 2.7 18 170 M M 6 13 25 180
27 95 74 85 3 0 20 0.67 0.0 0 3.5 21 190 M M 5 13 34 200
28 95 73 84 2 0 19 0.00 0.0 0 1.8 22 20 M M 4 1 28 10
29 96 73 85 3 0 20 0.00 0.0 0 1.1 12 30 M M 2 17 20
30 96 75 86 4 0 21 0.00 0.0 0 2.0 10 340 M M 2 18 14 340
31 97 73 85 3 0 20 0.00 0.0 0 2.6 9 340 M M 1 18 13 240
================================================================================
SM 2824 2259 0 533 9.23 0.0 132.9 M 144
================================================================================
AV 91.1 72.9 4.3 FASTST M M 5 MAX(MPH)
MISC ----> 25 280 38 280
================================================================================
NOTES:
# LAST OF SEVERAL OCCURRENCES
COLUMN 17 PEAK WIND IN M.P.H.
PRELIMINARY LOCAL CLIMATOLOGICAL DATA (WS FORM: F-6) , PAGE 2
STATION: JACKSON
MONTH: JULY
YEAR: 2021
LATITUDE: 32 19 N
LONGITUDE: 90 5 W
[TEMPERATURE DATA] [PRECIPITATION DATA] SYMBOLS USED IN COLUMN 16
AVERAGE MONTHLY: 82.0 TOTAL FOR MONTH: 9.23 1 = FOG OR MIST
DPTR FM NORMAL: -0.1 DPTR FM NORMAL: 4.21 2 = FOG REDUCING VISIBILITY
HIGHEST: 97 ON 31,26 GRTST 24HR 2.42 ON 1- 2 TO 1/4 MILE OR LESS
LOWEST: 70 ON 18, 5 3 = THUNDER
SNOW, ICE PELLETS, HAIL 4 = ICE PELLETS
TOTAL MONTH: 0.0 INCH 5 = HAIL
GRTST 24HR 0.0 6 = FREEZING RAIN OR DRIZZLE
GRTST DEPTH: 0 7 = DUSTSTORM OR SANDSTORM:
VSBY 1/2 MILE OR LESS
8 = SMOKE OR HAZE
[NO. OF DAYS WITH] [WEATHER - DAYS WITH] 9 = BLOWING SNOW
X = TORNADO
MAX 32 OR BELOW: 0 0.01 INCH OR MORE: 17
MAX 90 OR ABOVE: 21 0.10 INCH OR MORE: 11
MIN 32 OR BELOW: 0 0.50 INCH OR MORE: 7
MIN 0 OR BELOW: 0 1.00 INCH OR MORE: 3
[HDD (BASE 65) ]
TOTAL THIS MO. 0 CLEAR (SCALE 0-3) 6
DPTR FM NORMAL 0 PTCLDY (SCALE 4-7) 25
TOTAL FM JUL 1 0 CLOUDY (SCALE 8-10) 0
DPTR FM NORMAL 0
[CDD (BASE 65) ]
TOTAL THIS MO. 533
DPTR FM NORMAL 1 [PRESSURE DATA]
TOTAL FM JAN 1 1368 HIGHEST SLP 30.24 ON 14
DPTR FM NORMAL 2 LOWEST SLP 29.86 ON 2
[REMARKS]
#FINAL-07-21#