000
CXUS54 KJAN 011414
CF6JAN
PRELIMINARY LOCAL CLIMATOLOGICAL DATA (WS FORM: F-6)
STATION: JACKSON
MONTH: JUNE
YEAR: 2020
LATITUDE: 32 19 N
LONGITUDE: 90 5 W
TEMPERATURE IN F: :PCPN: SNOW: WIND :SUNSHINE: SKY :PK WND
================================================================================
1 2 3 4 5 6A 6B 7 8 9 10 11 12 13 14 15 16 17 18
12Z AVG MX 2MIN
DY MAX MIN AVG DEP HDD CDD WTR SNW DPTH SPD SPD DIR MIN PSBL S-S WX SPD DR
================================================================================
1 88 66 77 1 0 12 0.00 0.0 0 5.3 10 350 M M 3 15 60
2 90 69 80 3 0 15 0.00 0.0 0 4.1 14 170 M M 5 18 160
3 89 72 81 4 0 16 0.05 0.0 0 4.9 22 130 M M 6 13 28 140
4 89 70 80 3 0 15 0.14 0.0 0 4.3 22 250 M M 5 18 29 250
5 94 69 82 5 0 17 0.84 0.0 0 5.3 38 10 M M 3 13 50 20
6 89 67 78 0 0 13 0.00 0.0 0 6.4 14 60 M M 3 1 22 60
7 88 75 82 4 0 17 0.45 0.0 0 12.0 21 50 M M 8 1 33 70
8 86 74 80 2 0 15 2.74 0.0 0 15.3 30 240 M M 9 138 45 230
9 93 76 85 7 0 20 T 0.0 0 11.9 21 190 M M 6 28 210
10 90 66 78 0 0 13 0.05 0.0 0 8.2 17 270 M M 5 1 25 330
11 86 64 75 -3 0 10 0.00 0.0 0 8.8 16 350 M M 1 24 40
12 88 63 76 -3 0 11 0.00 0.0 0 8.8 22 10 M M 0 31 10
13 90 63 77 -2 0 12 0.00 0.0 0 7.7 17 350 M M 0 23 50
14 92 67 80 1 0 15 0.00 0.0 0 3.3 12 60 M M 2 15 10
15 93 67 80 1 0 15 0.00 0.0 0 4.7 15 40 M M 2 1 21 60
16 87 64 76 -3 0 11 0.00 0.0 0 6.0 14 350 M M 2 20 360
17 89 63 76 -4 0 11 0.00 0.0 0 2.8 12 360 M M 2 17 10
18 90 65 78 -2 0 13 0.00 0.0 0 2.5 8 150 M M 2 13 350
19 93 68 81 1 0 16 0.00 0.0 0 2.1 12 360 M M 2 14 330
20 93 69 81 1 0 16 0.00 0.0 0 4.1 12 220 M M 3 16 200
21 93 70 82 2 0 17 0.53 0.0 0 6.9 24 330 M M 4 13 35 320
22 85 69 77 -3 0 12 0.20 0.0 0 8.6 21 180 M M 4 13 27 190
23 92 72 82 2 0 17 T 0.0 0 6.5 25 180 M M 6 36 160
24 85 72 79 -1 0 14 0.02 0.0 0 5.7 14 200 M M 6 18 19 200
25 87 69 78 -2 0 13 0.10 0.0 0 5.4 26 190 M M 5 13 37 180
26 83 69 76 -5 0 11 0.01 0.0 0 4.3 10 140 M M 6 18 15 120
27 91 77 84 3 0 19 0.15 0.0 0 8.3 17 190 M M 5 18 24 180
28 92 77 85 4 0 20 0.00 0.0 0 7.1 13 190 M M 4 19 190
29 92 76 84 3 0 19 0.00 0.0 0 6.1 12 210 M M 4 16 200
30 91 77 84 3 0 19 T 0.0 0 7.5 16 230 M M 4 23 250
================================================================================
SM 2688 2085 0 444 5.28 0.0 194.9 M 117
================================================================================
AV 89.6 69.5 6.5 FASTST M M 4 MAX(MPH)
MISC ----> # 38 10 # 50 20
================================================================================
NOTES:
# LAST OF SEVERAL OCCURRENCES
COLUMN 17 PEAK WIND IN M.P.H.
PRELIMINARY LOCAL CLIMATOLOGICAL DATA (WS FORM: F-6) , PAGE 2
STATION: JACKSON
MONTH: JUNE
YEAR: 2020
LATITUDE: 32 19 N
LONGITUDE: 90 5 W
[TEMPERATURE DATA] [PRECIPITATION DATA] SYMBOLS USED IN COLUMN 16
AVERAGE MONTHLY: 79.6 TOTAL FOR MONTH: 5.28 1 = FOG OR MIST
DPTR FM NORMAL: 0.6 DPTR FM NORMAL: 1.16 2 = FOG REDUCING VISIBILITY
HIGHEST: 94 ON 5 GRTST 24HR 2.74 ON 8- 8 TO 1/4 MILE OR LESS
LOWEST: 63 ON 17,13 3 = THUNDER
SNOW, ICE PELLETS, HAIL 4 = ICE PELLETS
TOTAL MONTH: 0.0 INCH 5 = HAIL
GRTST 24HR 0.0 6 = FREEZING RAIN OR DRIZZLE
GRTST DEPTH: 0 7 = DUSTSTORM OR SANDSTORM:
VSBY 1/2 MILE OR LESS
8 = SMOKE OR HAZE
[NO. OF DAYS WITH] [WEATHER - DAYS WITH] 9 = BLOWING SNOW
X = TORNADO
MAX 32 OR BELOW: 0 0.01 INCH OR MORE: 12
MAX 90 OR ABOVE: 16 0.10 INCH OR MORE: 8
MIN 32 OR BELOW: 0 0.50 INCH OR MORE: 3
MIN 0 OR BELOW: 0 1.00 INCH OR MORE: 1
[HDD (BASE 65) ]
TOTAL THIS MO. 0 CLEAR (SCALE 0-3) 12
DPTR FM NORMAL 0 PTCLDY (SCALE 4-7) 17
TOTAL FM JUL 1 1843 CLOUDY (SCALE 8-10) 1
DPTR FM NORMAL -548
[CDD (BASE 65) ]
TOTAL THIS MO. 444
DPTR FM NORMAL 22 [PRESSURE DATA]
TOTAL FM JAN 1 884 HIGHEST SLP M ON M
DPTR FM NORMAL 104 LOWEST SLP 29.40 ON 8
[REMARKS]
#FINAL-06-20#