000
CXUS54 KSJT 011100
CF6JCT
PRELIMINARY LOCAL CLIMATOLOGICAL DATA (WS FORM: F-6)
STATION: JUNCTION
MONTH: FEBRUARY
YEAR: 2023
LATITUDE: 30 18 N
LONGITUDE: 99 28 W
TEMPERATURE IN F: :PCPN: SNOW: WIND :SUNSHINE: SKY :PK WND
================================================================================
1 2 3 4 5 6A 6B 7 8 9 10 11 12 13 14 15 16 17 18
12Z AVG MX 2MIN
DY MAX MIN AVG DEP HDD CDD WTR SNW DPTH SPD SPD DIR MIN PSBL S-S WX SPD DR
================================================================================
1 32 28 30 -20 35 0 0.02 0.0 0 6.9 14 60 M M 10 168 18 60
2 42 31 37 -13 28 0 0.05 0.0 0 4.9 15 320 M M 9 16 21 310
3 59 24 42 -8 23 0 0.00 0.0 0 5.1 12 70 M M 0 18 18 60
4 61 27 44 -6 21 0 0.00 0.0 0 5.6 17 210 M M 3 1 26 180
5 78 29 54 4 11 0 0.00 0.0 0 4.6 13 170 M M 0 1 18 160
6 75 50 63 12 2 0 0.00 0.0 0 8.9 22 170 M M 2 32 190
7 66 45 56 5 9 0 T 0.0 0 8.3 16 360 M M 10 1 24 150
8 63 35 49 -2 16 0 0.08 0.0 0 9.0 22 300 M M 5 1 32 250
9 74 28 51 0 14 0 0.00 0.0 0 6.6 24 10 M M 0 18 35 350
10 52 30 41 -10 24 0 0.00 0.0 0 10.7 25 320 M M 4 35 320
11 62 20 41 -11 24 0 0.00 0.0 0 2.7 12 320 M M 0 8 16 10
12 63 26 45 -7 20 0 0.00 M M 4.4 15 210 M M 0 8 23 220
13 66 36 51 -1 14 0 0.00 M 0 7.6 26 160 M M 3 40 170
14 75 49 62 10 3 0 0.01 0.0 0 11.1 26 250 M M 1 1 45 220
15 86 42 64 12 1 0 0.00 M M 11.2 30 170 M M 1 8 43 180
16 57 32 45 -7 20 0 0.00 0.0 0 11.2 23 10 M M 2 34 340
17 53 21 37 -16 28 0 0.00 0.0 0 5.2 14 80 M M 0 19 360
18 56 21 39 -14 26 0 0.00 0.0 0 6.1 18 170 M M 0 8 24 170
19 69 39 54 1 11 0 0.00 0.0 0 3.6 12 220 M M 0 8 17 210
20 85 39 62 9 3 0 0.00 0.0 0 5.7 18 230 M M 0 8 27 230
21 88 46 67 13 0 2 0.00 0.0 0 7.5 23 170 M M 0 8 31 170
22 86 50 68 14 0 3 0.00 0.0 0 9.2 26 260 M M 2 44 240
23 78 48 63 9 2 0 0.00 0.0 0 10.0 21 70 M M 0 30 80
24 55 47 51 -3 14 0 0.00 0.0 0 10.2 16 70 M M 10 23 60
25 74 42 58 4 7 0 0.00 0.0 0 8.1 18 190 M M 9 8 26 190
26 80 65 73 18 0 8 0.00 0.0 0 12.3 29 160 M M 7 39 170
27 85 41 63 8 2 0 0.00 0.0 0 7.3 22 310 M M 2 31 320
28 88 37 63 8 2 0 0.00 0.0 0 5.6 20 200 M M 0 8 26 210
================================================================================
SM 1908 1028 360 13 0.16 0.0 209.6 M 80
================================================================================
AV 68.1 36.7 7.5 FASTST M M 3 MAX(MPH)
MISC ----> 30 170 45 220
================================================================================
NOTES:
# LAST OF SEVERAL OCCURRENCES
COLUMN 17 PEAK WIND IN M.P.H.
PRELIMINARY LOCAL CLIMATOLOGICAL DATA (WS FORM: F-6) , PAGE 2
STATION: JUNCTION
MONTH: FEBRUARY
YEAR: 2023
LATITUDE: 30 18 N
LONGITUDE: 99 28 W
[TEMPERATURE DATA] [PRECIPITATION DATA] SYMBOLS USED IN COLUMN 16
AVERAGE MONTHLY: 52.4 TOTAL FOR MONTH: 0.16 1 = FOG OR MIST
DPTR FM NORMAL: 0.1 DPTR FM NORMAL: -0.96 2 = FOG REDUCING VISIBILITY
HIGHEST: 88 ON 28,21 GRTST 24HR 0.08 ON 7- 8 TO 1/4 MILE OR LESS
LOWEST: 20 ON 11 3 = THUNDER
SNOW, ICE PELLETS, HAIL 4 = ICE PELLETS
TOTAL MONTH: 0.0 INCH 5 = HAIL
GRTST 24HR 0.0 6 = FREEZING RAIN OR DRIZZLE
GRTST DEPTH: 0 7 = DUSTSTORM OR SANDSTORM:
VSBY 1/2 MILE OR LESS
8 = SMOKE OR HAZE
[NO. OF DAYS WITH] [WEATHER - DAYS WITH] 9 = BLOWING SNOW
X = TORNADO
MAX 32 OR BELOW: 1 0.01 INCH OR MORE: 4
MAX 90 OR ABOVE: 0 0.10 INCH OR MORE: 0
MIN 32 OR BELOW: 12 0.50 INCH OR MORE: 0
MIN 0 OR BELOW: 0 1.00 INCH OR MORE: 0
[HDD (BASE 65) ]
TOTAL THIS MO. 360 CLEAR (SCALE 0-3) 20
DPTR FM NORMAL -3 PTCLDY (SCALE 4-7) 3
TOTAL FM JUL 1 1578 CLOUDY (SCALE 8-10) 5
DPTR FM NORMAL -188
[CDD (BASE 65) ]
TOTAL THIS MO. 13
DPTR FM NORMAL 5 [PRESSURE DATA]
TOTAL FM JAN 1 16 HIGHEST SLP 30.57 ON 3
DPTR FM NORMAL 12 LOWEST SLP 29.43 ON 22
[REMARKS]
#FINAL-02-23#