000
CXUS55 KGGW 010910
CF6JDN
PRELIMINARY LOCAL CLIMATOLOGICAL DATA (WS FORM: F-6)
STATION: JORDAN ASOS MT
MONTH: DECEMBER
YEAR: 2021
LATITUDE: 47 19 N
LONGITUDE: 106 50 W
TEMPERATURE IN F: :PCPN: SNOW: WIND :SUNSHINE: SKY :PK WND
================================================================================
1 2 3 4 5 6A 6B 7 8 9 10 11 12 13 14 15 16 17 18
12Z AVG MX 2MIN
DY MAX MIN AVG DEP HDD CDD WTR SNW DPTH SPD SPD DIR MIN PSBL S-S WX SPD DR
================================================================================
1 78 32 55 30 10 0 0.00 M M 11.6 46 290 M M 0 61 280
2 60 28 44 19 21 0 0.00 M M 7.5 24 360 M M 0 36 320
3 38 20 29 4 36 0 0.00 M M 3.5 13 80 M M 0 19 80
4 35 27 31 7 34 0 0.33 M M 8.1 22 250 M M 0 28 260
5 34 -5 15 -9 50 0 0.02 M M 15.4 35 330 M M 0 43 330
6 21 -14 4 -20 61 0 0.04 M M 3.8 15 300 M M 0 17 300
7 28 -5 12 -12 53 0 0.00 M M 2.7 10 270 M M 0 12 260
8 48 7 28 5 37 0 0.01 M M 9.1 29 310 M M 0 38 270
9 40 12 26 3 39 0 0.00 M M 9.5 25 330 M M 0 34 330
10 36 7 22 0 43 0 0.00 M M 6.6 18 270 M M 0 24 260
11 46 20 33 11 32 0 0.00 M M 16.5 35 230 M M 0 48 230
12 57 28 43 21 22 0 0.00 M M 15.4 33 230 M M 0 47 230
13 44 27 36 14 29 0 0.00 M M 3.9 10 100 M M 0 13 90
14 60 24 42 21 23 0 0.00 M M 7.3 24 330 M M 0 35 340
15 24 1 13 -8 52 0 0.13 M M 12.7 22 320 M M 0 29 330
16 15 -9 3 -18 62 0 0.00 M M 1.6 8 90 M M 0 10 90
17 19 -17 1 -20 64 0 0.08 M M 12.8 33 310 M M 0 45 290
18 43 -18 13 -7 52 0 0.00 M M 4.6 25 220 M M 0 38 220
19 45 15 30 10 35 0 0.10 M M 14.7 28 230 M M 0 38 230
20 28 -8 10 -10 55 0 0.07 M M 6.4 21 320 M M 0 26 310
21 34 -3 16 -4 49 0 0.00 M M 3.5 20 310 M M 0 25 310
22 44 7 26 6 39 0 0.00 M M 4.0 16 260 M M 0 20 270
23 46 26 36 17 29 0 0.00 M M 9.9 41 290 M M 0 65 290
24 36 10 23 4 42 0 0.00 M M 8.1 28 320 M M 0 37 320
25 10 -14 -2 -21 67 0 0.20 M M 7.3 15 20 M M 0 18 80
26 5 -8 -1 -20 66 0 0.02 M M 17.5 30 310 M M 0 39 320
27 -7 -20 -13 -32 78 0 0.03 M M 4.3 17 310 M M 0 21 300
28 -2 -18 -10 -28 75 0 0.02 M M 4.1 9 20 M M 0 10 20
29 -2 -20 -11 -29 76 0 0.03 M M 4.9 18 340 M M 0 24 340
30 20 -15 3 -15 62 0 0.06 M M 4.8 20 350 M M 0 24 350
31 -6 -28 -17 -35 82 0 0.00 M M 3.7 12 320 M M 0 15 330
================================================================================
SM 977 89 1475 0 1.14 M 245.8 M 0
================================================================================
AV 31.5 2.9 7.9 FASTST M M 0 MAX(MPH)
MISC ----> 46 290 65 290
================================================================================
NOTES:
# LAST OF SEVERAL OCCURRENCES
COLUMN 17 PEAK WIND IN M.P.H.
PRELIMINARY LOCAL CLIMATOLOGICAL DATA (WS FORM: F-6) , PAGE 2
STATION: JORDAN ASOS MT
MONTH: DECEMBER
YEAR: 2021
LATITUDE: 47 19 N
LONGITUDE: 106 50 W
[TEMPERATURE DATA] [PRECIPITATION DATA] SYMBOLS USED IN COLUMN 16
AVERAGE MONTHLY: 17.2 TOTAL FOR MONTH: 1.14 1 = FOG OR MIST
DPTR FM NORMAL: -4.0 DPTR FM NORMAL: 0.77 2 = FOG REDUCING VISIBILITY
HIGHEST: 78 ON 1 GRTST 24HR 0.33 ON 4- 4 TO 1/4 MILE OR LESS
LOWEST: -28 ON 31 3 = THUNDER
SNOW, ICE PELLETS, HAIL 4 = ICE PELLETS
TOTAL MONTH: M 5 = HAIL
GRTST 24HR M ON M 6 = FREEZING RAIN OR DRIZZLE
GRTST DEPTH: M ON M 7 = DUSTSTORM OR SANDSTORM:
VSBY 1/2 MILE OR LESS
8 = SMOKE OR HAZE
[NO. OF DAYS WITH] [WEATHER - DAYS WITH] 9 = BLOWING SNOW
X = TORNADO
MAX 32 OR BELOW: 13 0.01 INCH OR MORE: 14
MAX 90 OR ABOVE: 0 0.10 INCH OR MORE: 4
MIN 32 OR BELOW: 31 0.50 INCH OR MORE: 0
MIN 0 OR BELOW: 15 1.00 INCH OR MORE: 0
[HDD (BASE 65) ]
TOTAL THIS MO. 1475 CLEAR (SCALE 0-3) 31
DPTR FM NORMAL 117 PTCLDY (SCALE 4-7) 0
TOTAL FM JUL 1 2854 CLOUDY (SCALE 8-10) 0
DPTR FM NORMAL -443
[CDD (BASE 65) ]
TOTAL THIS MO. 0
DPTR FM NORMAL 0 [PRESSURE DATA]
TOTAL FM JAN 1 911 HIGHEST SLP M ON M
DPTR FM NORMAL 420 LOWEST SLP 29.06 ON 23
[REMARKS]
#FINAL-12-21#