000
CXUS53 KBIS 010830
CF6JMS
PRELIMINARY LOCAL CLIMATOLOGICAL DATA (WS FORM: F-6)
STATION: JAMESTOWN ND
MONTH: AUGUST
YEAR: 2020
LATITUDE: 46 55 N
LONGITUDE: 98 40 W
TEMPERATURE IN F: :PCPN: SNOW: WIND :SUNSHINE: SKY :PK WND
================================================================================
1 2 3 4 5 6A 6B 7 8 9 10 11 12 13 14 15 16 17 18
12Z AVG MX 2MIN
DY MAX MIN AVG DEP HDD CDD WTR SNW DPTH SPD SPD DIR MIN PSBL S-S WX SPD DR
================================================================================
1 77 57 67 -3 0 2 0.00 M M 12.3 22 360 M M 2 29 360
2 76 52 64 -6 1 0 0.00 M M 7.4 16 50 M M 1 21 30
3 76 48 62 -8 3 0 0.00 M M 4.7 14 110 M M 1 8 17 110
4 79 49 64 -6 1 0 0.00 M M 7.8 16 140 M M 0 23 180
5 77 59 68 -2 0 3 0.21 M M 5.4 17 140 M M 6 1 23 140
6 81 58 70 0 0 5 0.00 M M 5.9 15 150 M M 5 12 20 130
7 87 65 76 6 0 11 0.00 M M 10.4 20 140 M M 3 1 27 140
8 82 61 72 2 0 7 0.01 M M 7.3 32 50 M M 1 43 60
9 84 57 71 1 0 6 0.00 M M 8.7 24 320 M M 4 1 34 310
10 81 54 68 -2 0 3 0.00 M M 10.1 22 270 M M 0 30 270
11 82 56 69 -1 0 4 0.00 M M 5.7 13 350 M M 1 16 350
12 84 61 73 4 0 8 0.00 M M 10.7 21 130 M M 2 30 110
13 91 64 78 9 0 13 0.00 M M 8.7 18 170 M M 4 1 25 120
14 70 56 63 -6 2 0 0.99 M M 11.7 31 340 M M 5 123 44 340
15 81 52 67 -2 0 2 0.00 M M 7.4 21 300 M M 1 30 320
16 79 54 67 -2 0 2 0.00 M M 7.6 25 330 M M 2 34 320
17 84 51 68 0 0 3 0.00 M M 3.0 9 170 M M 0 12 11 170
18 87 59 73 5 0 8 0.00 M M 10.4 20 170 M M 0 27 170
19 91 65 78 10 0 13 0.00 M M 6.6 14 180 M M 0 3 19 180
20 87 66 77 9 0 12 0.00 M M 8.7 21 140 M M 0 1 30 50
21 83 61 72 4 0 7 0.00 M M 3.4 13 40 M M 3 12 18 40
22 89 58 74 7 0 9 0.00 M M 3.6 9 20 M M 1 12 13 350
23 85 58 72 5 0 7 0.60 M M 5.6 21 10 M M 2 138 29 10
24 79 62 71 4 0 6 0.01 M M 6.9 14 120 M M 2 13 20 130
25 83 61 72 6 0 7 0.00 M M 7.1 21 120 M M 1 13 28 130
26 83 61 72 6 0 7 0.06 M M 6.9 18 330 M M 3 12 24 340
27 75 55 65 -1 0 0 0.05 M M 5.5 14 140 M M 4 18 130
28 72 54 63 -2 2 0 0.23 M M 11.8 26 330 M M 6 1 36 310
29 76 47 62 -3 3 0 0.00 M M 6.0 12 140 M M 0 16 150
30 78 54 66 1 0 1 T M M 14.9 29 310 M M 4 3 42 310
31 72 50 61 -3 4 0 0.00 M M 10.8 24 300 M M 0 33 310
================================================================================
SM 2511 1765 16 146 2.16 M 243.0 M 64
================================================================================
AV 81.0 56.9 7.8 FASTST M M 2 MAX(MPH)
MISC ----> # 32 50 # 44 340
================================================================================
NOTES:
# LAST OF SEVERAL OCCURRENCES
COLUMN 17 PEAK WIND IN M.P.H.
PRELIMINARY LOCAL CLIMATOLOGICAL DATA (WS FORM: F-6) , PAGE 2
STATION: JAMESTOWN ND
MONTH: AUGUST
YEAR: 2020
LATITUDE: 46 55 N
LONGITUDE: 98 40 W
[TEMPERATURE DATA] [PRECIPITATION DATA] SYMBOLS USED IN COLUMN 16
AVERAGE MONTHLY: 69.0 TOTAL FOR MONTH: 2.16 1 = FOG OR MIST
DPTR FM NORMAL: 0.8 DPTR FM NORMAL: 0.06 2 = FOG REDUCING VISIBILITY
HIGHEST: 91 ON 19,13 GRTST 24HR 0.99 ON 14-14 TO 1/4 MILE OR LESS
LOWEST: 47 ON 29 3 = THUNDER
SNOW, ICE PELLETS, HAIL 4 = ICE PELLETS
TOTAL MONTH: M 5 = HAIL
GRTST 24HR M ON M 6 = FREEZING RAIN OR DRIZZLE
GRTST DEPTH: M ON M 7 = DUSTSTORM OR SANDSTORM:
VSBY 1/2 MILE OR LESS
8 = SMOKE OR HAZE
[NO. OF DAYS WITH] [WEATHER - DAYS WITH] 9 = BLOWING SNOW
X = TORNADO
MAX 32 OR BELOW: 0 0.01 INCH OR MORE: 8
MAX 90 OR ABOVE: 2 0.10 INCH OR MORE: 4
MIN 32 OR BELOW: 0 0.50 INCH OR MORE: 2
MIN 0 OR BELOW: 0 1.00 INCH OR MORE: 0
[HDD (BASE 65) ]
TOTAL THIS MO. 16 CLEAR (SCALE 0-3) 21
DPTR FM NORMAL -28 PTCLDY (SCALE 4-7) 10
TOTAL FM JUL 1 16 CLOUDY (SCALE 8-10) 0
DPTR FM NORMAL -50
[CDD (BASE 65) ]
TOTAL THIS MO. 146
DPTR FM NORMAL 3 [PRESSURE DATA]
TOTAL FM JAN 1 572 HIGHEST SLP 30.23 ON 3
DPTR FM NORMAL 157 LOWEST SLP 29.52 ON 30
[REMARKS]
#FINAL-08-20#