000
CXUS54 KFWD 110129
CF6JWY
PRELIMINARY LOCAL CLIMATOLOGICAL DATA (WS FORM: F-6)
STATION: WAXAHACHIE
MONTH: JUNE
YEAR: 2020
LATITUDE: 32 27 N
LONGITUDE: 96 54 W
TEMPERATURE IN F: :PCPN: SNOW: WIND :SUNSHINE: SKY :PK WND
================================================================================
1 2 3 4 5 6A 6B 7 8 9 10 11 12 13 14 15 16 17 18
12Z AVG MX 2MIN
DY MAX MIN AVG DEP HDD CDD WTR SNW DPTH SPD SPD DIR MIN PSBL S-S WX SPD DR
================================================================================
1 87 67 77 0 0 12 0.00 0.0 0 2.1 7 160 M M 1 M M
2 91 68 80 3 0 15 0.00 0.0 0 3.7 12 180 M M 3 16 190
3 92 70 81 4 0 16 0.00 0.0 0 4.4 10 210 M M 0 M M
4 95 73 84 7 0 19 0.00 0.0 0 7.0 13 180 M M 3 17 180
5 95 75 85 7 0 20 0.00 0.0 0 4.6 12 180 M M 2 M M
6 96 71 84 6 0 19 0.00 0.0 0 0.8 5 80 M M 1 M M
7 93 73 83 5 0 18 0.00 0.0 0 3.4 9 80 M M 2 M M
8 95 72 84 6 0 19 0.00 0.0 0 1.5 6 260 M M 1 M M
9 99 73 86 8 0 21 0.00 0.0 0 12.2 23 220 M M 1 31 310
10 89 64 77 -2 0 12 0.00 0.0 0 11.5 22 340 M M 0 28 340
11 91 58 75 -4 0 10 0.00 0.0 0 1.9 7 60 M M 0 M M
12 91 61 76 -3 0 11 0.00 0.0 0 1.2 6 90 M M 0 M M
13 92 63 78 -1 0 13 0.00 0.0 0 1.6 7 170 M M 0 M M
14 92 65 79 -1 0 14 0.00 0.0 0 3.2 9 130 M M 0 M M
15 94 67 81 1 0 16 0.00 0.0 0 2.7 8 120 M M 2 M M
16 94 70 82 2 0 17 0.00 0.0 0 4.2 10 180 M M 1 M M
17 94 69 82 2 0 17 0.00 0.0 0 6.4 13 150 M M 0 21 160
18 93 69 81 1 0 16 0.00 0.0 0 8.6 16 190 M M 1 24 210
19 94 67 81 1 0 16 0.35 0.0 0 10.0 22 350 M M 5 33 350
20 89 66 78 -3 0 13 1.41 0.0 0 4.4 12 220 M M 5 3 16 220
21 89 69 79 -2 0 14 M 0.0 0 7.8 14 340 M M 3 8 17 150
22 91 67 79 -2 0 14 0.29 0.0 0 8.1 20 200 M M 3 28 10
23 79 69 74 -7 0 9 0.31 0.0 0 6.3 10 340 M M 8 16 10
24 90 69 80 -1 0 15 0.00 0.0 0 3.5 9 40 M M 4 M M
25 88 70 79 -2 0 14 0.00 0.0 0 3.1 8 170 M M 5 1 M M
26 89 73 81 -1 0 16 0.01 0.0 0 11.6 23 200 M M 5 8 28 190
27 91 71 81 -1 0 16 0.00 0.0 0 10.8 20 180 M M 6 8 25 170
28 89 75 82 0 0 17 0.10 0.0 0 13.4 21 180 M M 5 29 160
29 92 78 85 3 0 20 0.00 0.0 0 15.6 25 190 M M 6 32 190
30 91 78 85 3 0 20 0.00 0.0 0 13.5 20 190 M M 4 29 190
================================================================================
SM 2745 2080 0 469 2.47 0.0 189.1 M 77
================================================================================
AV 91.5 69.3 6.3 FASTST M M 3 MAX(MPH)
MISC ----> # 25 190 # 33 350
================================================================================
NOTES:
# LAST OF SEVERAL OCCURRENCES
COLUMN 17 PEAK WIND IN M.P.H.
PRELIMINARY LOCAL CLIMATOLOGICAL DATA (WS FORM: F-6) , PAGE 2
STATION: WAXAHACHIE
MONTH: JUNE
YEAR: 2020
LATITUDE: 32 27 N
LONGITUDE: 96 54 W
[TEMPERATURE DATA] [PRECIPITATION DATA] SYMBOLS USED IN COLUMN 16
AVERAGE MONTHLY: 80.4 TOTAL FOR MONTH: 2.47 1 = FOG OR MIST
DPTR FM NORMAL: 0.7 DPTR FM NORMAL: -1.65 2 = FOG REDUCING VISIBILITY
HIGHEST: 99 ON 9 GRTST 24HR 1.41 ON 20-20 TO 1/4 MILE OR LESS
LOWEST: 58 ON 11 3 = THUNDER
SNOW, ICE PELLETS, HAIL 4 = ICE PELLETS
TOTAL MONTH: 0.0 INCH 5 = HAIL
GRTST 24HR 0.0 6 = FREEZING RAIN OR DRIZZLE
GRTST DEPTH: 0 7 = DUSTSTORM OR SANDSTORM:
VSBY 1/2 MILE OR LESS
8 = SMOKE OR HAZE
[NO. OF DAYS WITH] [WEATHER - DAYS WITH] 9 = BLOWING SNOW
X = TORNADO
MAX 32 OR BELOW: 0 0.01 INCH OR MORE: 6
MAX 90 OR ABOVE: 22 0.10 INCH OR MORE: 5
MIN 32 OR BELOW: 0 0.50 INCH OR MORE: 1
MIN 0 OR BELOW: 0 1.00 INCH OR MORE: 1
[HDD (BASE 65) ]
TOTAL THIS MO. 0 CLEAR (SCALE 0-3) 18
DPTR FM NORMAL 0 PTCLDY (SCALE 4-7) 12
TOTAL FM JUL 1 1766 CLOUDY (SCALE 8-10) 0
DPTR FM NORMAL -768
[CDD (BASE 65) ]
TOTAL THIS MO. 469
DPTR FM NORMAL 28 [PRESSURE DATA]
TOTAL FM JAN 1 867 HIGHEST SLP M ON M
DPTR FM NORMAL 90 LOWEST SLP M ON M
[REMARKS]
#FINAL-06-20#