470
CXUS54 KFWD 010731
CF6JWY
PRELIMINARY LOCAL CLIMATOLOGICAL DATA (WS FORM: F-6)
STATION: WAXAHACHIE
MONTH: APRIL
YEAR: 2020
LATITUDE: 32 27 N
LONGITUDE: 96 54 W
TEMPERATURE IN F: :PCPN: SNOW: WIND :SUNSHINE: SKY :PK WND
================================================================================
1 2 3 4 5 6A 6B 7 8 9 10 11 12 13 14 15 16 17 18
12Z AVG MX 2MIN
DY MAX MIN AVG DEP HDD CDD WTR SNW DPTH SPD SPD DIR MIN PSBL S-S WX SPD DR
================================================================================
1 70 45 58 -2 7 0 0.00 0.0 0 5.3 13 150 M M 0 18 160
2 67 56 62 2 3 0 0.02 0.0 0 8.6 14 160 M M 7 21 150
3 66 40 53 -7 12 0 0.18 0.0 0 10.9 20 330 M M 10 1 27 330
4 49 40 45 -16 20 0 0.01 0.0 0 7.0 12 320 M M 10 1 20 320
5 65 46 56 -5 9 0 0.00 0.0 0 2.3 6 160 M M 9 1 M M
6 69 58 64 3 1 0 0.02 0.0 0 3.0 7 170 M M 7 1 M M
7 85 65 75 13 0 10 0.00 0.0 0 8.2 13 220 M M 3 1 21 210
8 94 68 81 19 0 16 0.00 0.0 0 7.7 15 250 M M 0 1 21 250
9 76 60 68 6 0 3 0.01 0.0 0 4.8 9 220 M M 2 M M
10 71 55 63 1 2 0 0.00 0.0 0 5.5 10 80 M M 0 17 80
11 69 53 61 -2 4 0 0.01 0.0 0 5.5 13 170 M M 7 20 170
12 81 45 63 0 2 0 0.39 0.0 0 11.3 25 350 M M 5 1 33 350
13 57 38 48 -15 17 0 0.00 0.0 0 11.4 21 350 M M 2 27 350
14 57 42 50 -14 15 0 0.00 0.0 0 8.1 12 340 M M 6 16 360
15 64 35 50 -14 15 0 0.00 0.0 0 1.2 6 290 M M 0 8 M M
16 72 43 58 -6 7 0 0.00 0.0 0 8.0 16 160 M M 1 8 22 160
17 64 48 56 -8 9 0 0.00 0.0 0 7.5 16 330 M M 8 17 170
18 66 44 55 -10 10 0 0.00 0.0 0 2.4 7 60 M M 8 M M
19 84 60 72 7 0 7 0.05 0.0 0 6.9 14 320 M M 6 1 20 210
20 74 54 64 -1 1 0 0.00 0.0 0 2.0 7 30 M M 4 1 M M
21 83 58 71 5 0 6 0.00 0.0 0 4.7 13 160 M M 5 1 18 160
22 83 62 73 7 0 8 0.02 0.0 0 9.9 17 190 M M 5 1 24 170
23 82 56 69 3 0 4 0.00 0.0 0 4.8 14 320 M M 0 20 320
24 93 58 76 10 0 11 0.00 0.0 0 9.4 18 310 M M 1 28 300
25 77 54 66 -1 0 1 0.00 0.0 0 8.9 17 350 M M 0 21 350
26 83 49 66 -1 0 1 0.00 0.0 0 3.2 9 150 M M 0 M M
27 85 57 71 4 0 6 0.00 0.0 0 11.6 20 180 M M 0 30 160
28 88 60 74 6 0 9 1.36 0.0 0 12.2 20 190 M M 6 39 100
29 78 56 67 -1 0 2 0.03 0.0 0 11.5 22 330 M M 2 30 310
30 81 50 66 -2 0 1 0.00 0.0 0 0.9 5 230 M M 0 M M
================================================================================
SM 2233 1555 134 85 2.10 0.0 204.7 M 114
================================================================================
AV 74.4 51.8 6.8 FASTST M M 4 MAX(MPH)
MISC ----> # 25 350 # 39 100
================================================================================
NOTES:
# LAST OF SEVERAL OCCURRENCES
COLUMN 17 PEAK WIND IN M.P.H.
PRELIMINARY LOCAL CLIMATOLOGICAL DATA (WS FORM: F-6) , PAGE 2
STATION: WAXAHACHIE
MONTH: APRIL
YEAR: 2020
LATITUDE: 32 27 N
LONGITUDE: 96 54 W
[TEMPERATURE DATA] [PRECIPITATION DATA] SYMBOLS USED IN COLUMN 16
AVERAGE MONTHLY: 63.1 TOTAL FOR MONTH: 2.10 1 = FOG OR MIST
DPTR FM NORMAL: -0.8 DPTR FM NORMAL: -1.24 2 = FOG REDUCING VISIBILITY
HIGHEST: 94 ON 8 GRTST 24HR 1.36 ON 28-28 TO 1/4 MILE OR LESS
LOWEST: 35 ON 15 3 = THUNDER
SNOW, ICE PELLETS, HAIL 4 = ICE PELLETS
TOTAL MONTH: 0.0 INCH 5 = HAIL
GRTST 24HR 0.0 6 = FREEZING RAIN OR DRIZZLE
GRTST DEPTH: 0 7 = DUSTSTORM OR SANDSTORM:
VSBY 1/2 MILE OR LESS
8 = SMOKE OR HAZE
[NO. OF DAYS WITH] [WEATHER - DAYS WITH] 9 = BLOWING SNOW
X = TORNADO
MAX 32 OR BELOW: 0 0.01 INCH OR MORE: 11
MAX 90 OR ABOVE: 2 0.10 INCH OR MORE: 3
MIN 32 OR BELOW: 0 0.50 INCH OR MORE: 1
MIN 0 OR BELOW: 0 1.00 INCH OR MORE: 1
[HDD (BASE 65) ]
TOTAL THIS MO. 134 CLEAR (SCALE 0-3) 14
DPTR FM NORMAL 29 PTCLDY (SCALE 4-7) 12
TOTAL FM JUL 1 1759 CLOUDY (SCALE 8-10) 4
DPTR FM NORMAL -764
[CDD (BASE 65) ]
TOTAL THIS MO. 85
DPTR FM NORMAL 11 [PRESSURE DATA]
TOTAL FM JAN 1 148 HIGHEST SLP M ON M
DPTR FM NORMAL 57 LOWEST SLP M ON M
[REMARKS]
#FINAL-04-20#