000
CXUS53 KGID 011830 AAA
CF6JYR
PRELIMINARY LOCAL CLIMATOLOGICAL DATA (WS FORM: F-6)
STATION: YORK
MONTH: DECEMBER
YEAR: 2020
LATITUDE: 40 54 N
LONGITUDE: 97 37 W
TEMPERATURE IN F: :PCPN: SNOW: WIND :SUNSHINE: SKY :PK WND
================================================================================
1 2 3 4 5 6A 6B 7 8 9 10 11 12 13 14 15 16 17 18
12Z AVG MX 2MIN
DY MAX MIN AVG DEP HDD CDD WTR SNW DPTH SPD SPD DIR MIN PSBL S-S WX SPD DR
================================================================================
1 45 19 32 M 33 0 0.00 M M 5.4 12 160 M M 0 12 170
2 41 25 33 M 32 0 0.00 M M 12.8 21 360 M M 3 27 360
3 45 18 32 M 33 0 0.00 M M 6.9 15 360 M M 1 25 360
4 55 27 41 M 24 0 0.00 M M 10.1 15 300 M M 0 17 320
5 52 27 40 M 25 0 0.00 M M 11.2 16 350 M M 0 23 350
6 46 25 36 M 29 0 0.00 M M 6.4 12 M M M 0 17 340
7 59 27 43 M 22 0 0.00 M M 11.0 14 300 M M 0 21 300
8 63 25 44 M 21 0 0.00 M M 8.5 12 250 M M 0 M M
9 64 34 49 M 16 0 0.00 M M 7.8 15 290 M M 0 15 330
10 48 25 37 M 28 0 0.00 M M 11.7 25 10 M M 1 32 360
11 36 30 33 M 32 0 M M M 18.9 23 10 M M 10 1 29 10
12 30 18 24 M 41 0 M M M 13.4 23 360 M M 8 1 32 360
13 25 10 18 M 47 0 0.00 M M 3.0 12 300 M M 6 2 12 320
14 21 7 14 M 51 0 0.00 M M 8.6 15 100 M M 1 M M
15 21 16 19 M 46 0 M M M 5.8 12 100 M M 7 1 M M
16 28 16 22 M 43 0 0.00 M M 4.3 10 210 M M 6 1 M M
17 37 16 27 M 38 0 0.00 M M 7.8 14 150 M M 0 M M
18 39 28 34 M 31 0 0.00 M M 12.0 17 160 M M 1 22 160
19 36 12 24 M 41 0 0.00 M M 7.3 12 170 M M 0 15 200
20 43 27 35 M 30 0 0.00 M M 10.7 15 220 M M 1 M M
21 48 30 39 M 26 0 0.00 M M 10.7 18 290 M M 2 21 290
22 57 30 44 M 21 0 0.00 M M 14.6 22 170 M M 0 30 170
23 50 14 32 M 33 0 M M M 26.1 37 310 M M 5 128 53 300
24 23 9 16 M 49 0 0.00 M M 6.8 16 310 M M 4 18 330
25 45 12 29 M 36 0 0.00 M M 6.4 9 260 M M 1 M M
26 43 19 31 M 34 0 0.00 M M 3.2 8 100 M M 0 M M
27 41 25 33 M 32 0 M M M 12.9 30 320 M M 8 1 31 330
28 30 19 25 M 40 0 M M M 4.9 12 320 M M 7 17 320
29 30 21 26 M 39 0 M M M 10.5 17 130 M M 9 1 25 110
30 32 7 20 M 45 0 0.00 M M 9.2 25 320 M M 1 1 32 310
31 34 9 22 M 43 0 0.00 M M 6.7 15 190 M M 0 21 180
================================================================================
SM 1267 627 1061 0 M M 295.6 M 82
================================================================================
AV 40.9 20.2 9.5 FASTST M M 3 MAX(MPH)
MISC ----> 37 310 M M
================================================================================
NOTES:
# LAST OF SEVERAL OCCURRENCES
COLUMN 17 PEAK WIND IN M.P.H.
PRELIMINARY LOCAL CLIMATOLOGICAL DATA (WS FORM: F-6) , PAGE 2
STATION: YORK
MONTH: DECEMBER
YEAR: 2020
LATITUDE: 40 54 N
LONGITUDE: 97 37 W
[TEMPERATURE DATA] [PRECIPITATION DATA] SYMBOLS USED IN COLUMN 16
AVERAGE MONTHLY: 30.5 TOTAL FOR MONTH: M 1 = FOG OR MIST
DPTR FM NORMAL: 0.0 DPTR FM NORMAL: M 2 = FOG REDUCING VISIBILITY
HIGHEST: 64 ON 9 GRTST 24HR M ON M TO 1/4 MILE OR LESS
LOWEST: 7 ON 30,14 3 = THUNDER
SNOW, ICE PELLETS, HAIL 4 = ICE PELLETS
TOTAL MONTH: M 5 = HAIL
GRTST 24HR M ON M 6 = FREEZING RAIN OR DRIZZLE
GRTST DEPTH: M ON M 7 = DUSTSTORM OR SANDSTORM:
VSBY 1/2 MILE OR LESS
8 = SMOKE OR HAZE
[NO. OF DAYS WITH] [WEATHER - DAYS WITH] 9 = BLOWING SNOW
X = TORNADO
MAX 32 OR BELOW: 9 0.01 INCH OR MORE: M
MAX 90 OR ABOVE: 0 0.10 INCH OR MORE: M
MIN 32 OR BELOW: 30 0.50 INCH OR MORE: M
MIN 0 OR BELOW: 0 1.00 INCH OR MORE: M
[HDD (BASE 65) ]
TOTAL THIS MO. 1061 CLEAR (SCALE 0-3) 21
DPTR FM NORMAL M PTCLDY (SCALE 4-7) 8
TOTAL FM JUL 1 2292 CLOUDY (SCALE 8-10) 2
DPTR FM NORMAL M
[CDD (BASE 65) ]
TOTAL THIS MO. 0
DPTR FM NORMAL M [PRESSURE DATA]
TOTAL FM JAN 1 1013 HIGHEST SLP M ON M
DPTR FM NORMAL M LOWEST SLP M ON M
[REMARKS]
#FINAL-12-20#