355
CXUS52 KKEY 111651
CF6KEY
PRELIMINARY LOCAL CLIMATOLOGICAL DATA (WS FORM: F-6)
STATION: KEY WEST WFO
MONTH: NOVEMBER
YEAR: 2020
LATITUDE: 24 33 N
LONGITUDE: 81 47 W
TEMPERATURE IN F: :PCPN: SNOW: WIND :SUNSHINE: SKY :PK WND
================================================================================
1 2 3 4 5 6A 6B 7 8 9 10 11 12 13 14 15 16 17 18
12Z AVG MX 2MIN
DY MAX MIN AVG DEP HDD CDD WTR SNW DPTH SPD SPD DIR MIN PSBL S-S WX SPD DR
================================================================================
1 88 76 82 M 0 17 0.32 0.0 0 M M M M M M M M
2 81 74 78 M 0 13 T 0.0 0 M M M M M M M M
3 79 72 76 M 0 11 0.00 0.0 0 M M M M M M M M
4 80 73 77 M 0 12 0.00 0.0 0 M M M M M M M M
5 84 74 79 M 0 14 0.04 0.0 0 M M M M M M M M
6 82 74 78 M 0 13 0.07 0.0 0 M M M M M M M M
7 76 70 73 M 0 8 2.86 0.0 0 M M M M M M M M
8 77 73 75 M 0 10 1.00 0.0 0 M M M M M M M M
9 82 75 79 M 0 14 1.21 0.0 0 M M M M M M M M
10 83 78 81 M 0 16 0.22 0.0 0 M M M M M M M M
11 81 76 79 M 0 14 0.38 0.0 0 M M M M M M M M
12 84 78 81 M 0 16 0.38 0.0 0 M M M M M M M M
13 81 74 78 M 0 13 2.42 0.0 0 M M M M M M M M
14 86 74 80 M 0 15 0.04 0.0 0 M M M M M M M M
15 86 74 80 M 0 15 0.06 0.0 0 M M M M M M M M
16 83 74 79 M 0 14 0.01 0.0 0 M M M M M M M M
17 80 75 78 M 0 13 T 0.0 0 M M M M M M M M
18 80 72 76 M 0 11 0.00 0.0 0 M M M M M M M M
19 80 71 76 M 0 11 0.00 0.0 0 M M M M M M M M
20 81 71 76 M 0 11 0.00 0.0 0 M M M M M M M M
21 81 72 77 M 0 12 0.00 0.0 0 M M M M M M M M
22 80 73 77 M 0 12 0.00 0.0 0 M M M M M M M M
23 79 73 76 M 0 11 0.00 0.0 0 M M M M M M M M
24 82 71 77 M 0 12 T 0.0 0 M M M M M M M M
25 83 72 78 M 0 13 T 0.0 0 M M M M M M M M
26 83 73 78 M 0 13 0.00 0.0 0 M M M M M M M M
27 84 72 78 M 0 13 T 0.0 0 M M M M M M M M
28 79 70 75 M 0 10 0.00 0.0 0 M M M M M M M M
29 82 69 76 M 0 11 T 0.0 0 M M M M M M M M
30 81 68 75 M 0 10 0.53 0.0 0 M M M M M M M M
================================================================================
SM 2448 2191 0 378 9.54 0.0 M M M
================================================================================
AV 81.6 73.0 M FASTST M M M MAX(MPH)
MISC ----> M M M M
================================================================================
NOTES:
# LAST OF SEVERAL OCCURRENCES
COLUMN 17 PEAK WIND IN M.P.H.
PRELIMINARY LOCAL CLIMATOLOGICAL DATA (WS FORM: F-6) , PAGE 2
STATION: KEY WEST WFO
MONTH: NOVEMBER
YEAR: 2020
LATITUDE: 24 33 N
LONGITUDE: 81 47 W
[TEMPERATURE DATA] [PRECIPITATION DATA] SYMBOLS USED IN COLUMN 16
AVERAGE MONTHLY: 77.3 TOTAL FOR MONTH: 9.54 1 = FOG OR MIST
DPTR FM NORMAL: 0.0 DPTR FM NORMAL: M 2 = FOG REDUCING VISIBILITY
HIGHEST: 88 ON 1 GRTST 24HR 2.86 ON 7- 7 TO 1/4 MILE OR LESS
LOWEST: 68 ON 30 3 = THUNDER
SNOW, ICE PELLETS, HAIL 4 = ICE PELLETS
TOTAL MONTH: 0.0 INCH 5 = HAIL
GRTST 24HR 0.0 6 = FREEZING RAIN OR DRIZZLE
GRTST DEPTH: 0 7 = DUSTSTORM OR SANDSTORM:
VSBY 1/2 MILE OR LESS
8 = SMOKE OR HAZE
[NO. OF DAYS WITH] [WEATHER - DAYS WITH] 9 = BLOWING SNOW
X = TORNADO
MAX 32 OR BELOW: 0 0.01 INCH OR MORE: 14
MAX 90 OR ABOVE: 0 0.10 INCH OR MORE: 9
MIN 32 OR BELOW: 0 0.50 INCH OR MORE: 5
MIN 0 OR BELOW: 0 1.00 INCH OR MORE: 4
[HDD (BASE 65) ]
TOTAL THIS MO. 0 CLEAR (SCALE 0-3) 0
DPTR FM NORMAL M PTCLDY (SCALE 4-7) 0
TOTAL FM JUL 1 0 CLOUDY (SCALE 8-10) 30
DPTR FM NORMAL M
[CDD (BASE 65) ]
TOTAL THIS MO. 378
DPTR FM NORMAL M [PRESSURE DATA]
TOTAL FM JAN 1 5050 HIGHEST SLP M ON M
DPTR FM NORMAL M LOWEST SLP M ON M
[REMARKS]
#FINAL-11-20#