000
CXUS52 KKEY 011422 CCA
CF6KEY
PRELIMINARY LOCAL CLIMATOLOGICAL DATA (WS FORM: F-6)...CORRECTED
STATION: KEY WEST WFO
MONTH: SEPTEMBER
YEAR: 2023
LATITUDE: 24 33 N
LONGITUDE: 81 47 W
TEMPERATURE IN F: :PCPN: SNOW: WIND :SUNSHINE: SKY :PK WND
================================================================================
1 2 3 4 5 6A 6B 7 8 9 10 11 12 13 14 15 16 17 18
12Z AVG MX 2MIN
DY MAX MIN AVG DEP HDD CDD WTR SNW DPTH SPD SPD DIR MIN PSBL S-S WX SPD DR
================================================================================
1 91 82 87 M 0 22 0.09 0.0 0 M M M M M M M M
2 88 79 84 M 0 19 0.13 0.0 0 M M M M M M M M
3 88 79 84 M 0 19 T 0.0 0 M M M M M M M M
4 87 76 82 M 0 17 0.53 0.0 0 M M M M M M M M
5 91 80 86 M 0 21 0.02 0.0 0 M M M M M M M M
6 91 80 86 M 0 21 0.00 0.0 0 M M M M M M M M
7 90 79 85 M 0 20 0.00 0.0 0 M M M M M M M M
8 89 76 83 M 0 18 0.00 0.0 0 M M M M M M M M
9 88 78 83 M 0 18 T 0.0 0 M M M M M M M M
10 89 78 84 M 0 19 0.00 0.0 0 M M M M M M M M
11 92 82 87 M 0 22 0.00 0.0 0 M M M M M M M M
12 91 80 86 M 0 21 0.00 0.0 0 M M M M M M M M
13 90 79 85 M 0 20 0.00 0.0 0 M M M M M M M M
14 90 83 87 M 0 22 0.08 0.0 0 M M M M M M M M
15 91 80 86 M 0 21 0.00 0.0 0 M M M M M M M M
16 91 78 85 M 0 20 0.00 0.0 0 M M M M M M M M
17 91 82 87 M 0 22 0.00 0.0 0 M M M M M M M M
18 90 82 86 M 0 21 0.00 0.0 0 M M M M M M M M
19 91 73 82 M 0 17 0.72 0.0 0 M M M M M M M M
20 90 76 83 M 0 18 0.16 0.0 0 M M M M M M M M
21 86 71 79 M 0 14 3.49 0.0 0 M M M M M M M M
22 87 73 80 M 0 15 0.27 0.0 0 M M M M M M M M
23 87 73 80 M 0 15 0.80 0.0 0 M M M M M M M M
24 88 70 79 M 0 14 2.25 0.0 0 M M M M M M M M
25 89 78 84 M 0 19 0.00 0.0 0 M M M M M M M M
26 87 77 82 M 0 17 0.17 0.0 0 M M M M M M M M
27 87 77 82 M 0 17 0.56 0.0 0 M M M M M M M M
28 87 75 81 M 0 16 0.24 0.0 0 M M M M M M M M
29 89 79 84 M 0 19 0.01 0.0 0 M M M M M M M M
30 89 81 85 M 0 20 0.00 0.0 0 M M M M M M M M
================================================================================
SM 2675 2336 0 564 9.52 0.0 M M M
================================================================================
AV 89.2 77.9 M FASTST M M M MAX(MPH)
MISC ----> M M M M
================================================================================
NOTES:
# LAST OF SEVERAL OCCURRENCES
COLUMN 17 PEAK WIND IN M.P.H.
PRELIMINARY LOCAL CLIMATOLOGICAL DATA (WS FORM: F-6) , PAGE 2
STATION: KEY WEST WFO
MONTH: SEPTEMBER
YEAR: 2023
LATITUDE: 24 33 N
LONGITUDE: 81 47 W
[TEMPERATURE DATA] [PRECIPITATION DATA] SYMBOLS USED IN COLUMN 16
AVERAGE MONTHLY: 83.5 TOTAL FOR MONTH: 9.52 1 = FOG OR MIST
DPTR FM NORMAL: 0.8 DPTR FM NORMAL: 1.28 2 = FOG REDUCING VISIBILITY
HIGHEST: 92 ON 11 GRTST 24HR 3.49 ON 21-21 TO 1/4 MILE OR LESS
LOWEST: 70 ON 24 3 = THUNDER
SNOW, ICE PELLETS, HAIL 4 = ICE PELLETS
TOTAL MONTH: 0.0 INCH 5 = HAIL
GRTST 24HR 0.0 6 = FREEZING RAIN OR DRIZZLE
GRTST DEPTH: 0 7 = DUSTSTORM OR SANDSTORM:
VSBY 1/2 MILE OR LESS
8 = SMOKE OR HAZE
[NO. OF DAYS WITH] [WEATHER - DAYS WITH] 9 = BLOWING SNOW
X = TORNADO
MAX 32 OR BELOW: 0 0.01 INCH OR MORE: 15
MAX 90 OR ABOVE: 14 0.10 INCH OR MORE: 11
MIN 32 OR BELOW: 0 0.50 INCH OR MORE: 6
MIN 0 OR BELOW: 0 1.00 INCH OR MORE: 2
[HDD (BASE 65) ]
TOTAL THIS MO. 0 CLEAR (SCALE 0-3) M
DPTR FM NORMAL 0 PTCLDY (SCALE 4-7) M
TOTAL FM JUL 1 0 CLOUDY (SCALE 8-10) M
DPTR FM NORMAL 0
[CDD (BASE 65) ]
TOTAL THIS MO. 564
DPTR FM NORMAL 34 [PRESSURE DATA]
TOTAL FM JAN 1 4337 HIGHEST SLP M ON M
DPTR FM NORMAL 741 LOWEST SLP M ON M
[REMARKS]
CORRECTED ALIGNMENT OF SNOW, ICE PELLETS, HAIL TABLE
CORRECTED SKY COVER TABLE TO MISSING
CORRECTED HDD SEASONAL DEPARTURE FROM NORMAL
#FINAL-09-23#
NB/BT