000
CXUS55 KCYS 101125 CCA
CF6LAR
PRELIMINARY LOCAL CLIMATOLOGICAL DATA (WS FORM: F-6)...CORRECTED
STATION: LARAMIE WYOMING AIRPORT
MONTH: JANUARY
YEAR: 2022
LATITUDE: 41 18 N
LONGITUDE: 105 40 W
TEMPERATURE IN F: :PCPN: SNOW: WIND :SUNSHINE: SKY :PK WND
================================================================================
1 2 3 4 5 6A 6B 7 8 9 10 11 12 13 14 15 16 17 18
12Z AVG MX 2MIN
DY MAX MIN AVG DEP HDD CDD WTR SNW DPTH SPD SPD DIR MIN PSBL S-S WX SPD DR
================================================================================
1 13 -8 3 -18 62 0 T M M 7.8 23 250 M M 5 18 33 240
2 28 2 15 -6 50 0 0.00 M M 13.3 32 240 M M 0 39 240
3 35 20 28 7 37 0 0.00 M M 17.4 33 240 M M 0 46 140
4 27 18 23 2 42 0 T M M 22.4 45 270 M M 6 189 59 260
5 30 -1 15 -6 50 0 0.13 M M 16.3 40 250 M M 10 128 51 260
6 38 1 20 -1 45 0 0.01 M M 20.8 51 260 M M 9 1 65 250
7 42 32 37 16 28 0 0.00 M M 24.7 44 230 M M 0 54 220
8 35 9 22 0 43 0 T M M 13.1 36 240 M M 4 1 44 230
9 30 7 19 -3 46 0 0.00 M M 12.1 29 230 M M 0 36 240
10 30 4 17 -5 48 0 0.00 M M 9.2 28 230 M M 0 32 230
11 37 23 30 8 35 0 0.00 M M 19.9 33 230 M M 0 8 39 230
12 39 19 29 7 36 0 0.00 M M 16.4 30 230 M M 0 37 230
13 45 21 33 11 32 0 0.00 M M 12.2 24 240 M M 1 29 250
14 40 18 29 7 36 0 T M M 14.6 26 340 M M 9 12 37 340
15 33 2 18 -4 47 0 0.00 M M 6.7 16 250 M M 1 24 250
16 34 14 24 2 41 0 0.00 M M 10.1 25 220 M M 0 31 220
17 42 24 33 11 32 0 0.00 M M 13.3 28 220 M M 0 34 280
18 40 21 31 9 34 0 0.00 M M 8.3 23 250 M M 1 28 250
19 24 8 16 -6 49 0 T M M 4.8 13 160 M M 8 18 15 150
20 30 0 15 -7 50 0 T M M 11.1 31 240 M M 5 12 37 240
21 29 14 22 0 43 0 T M M 12.2 35 220 M M 9 18 42 230
22 31 4 18 -4 47 0 0.00 M M 6.9 17 360 M M 1 12 23 360
23 31 7 19 -3 46 0 0.00 M M 7.1 16 240 M M 1 19 260
24 34 15 25 3 40 0 T M M 7.2 16 260 M M 2 1 23 270
25 21 -9 6 -16 59 0 0.08 M M 6.6 16 30 M M 6 128 22 30
26 26 -8 9 -13 56 0 0.00 M M 7.6 25 240 M M 1 30 240
27 19 -5 7 -15 58 0 0.02 M M 6.5 14 330 M M 4 1 19 330
28 26 -1 13 -9 52 0 0.00 M M 10.4 25 220 M M 0 31 240
29 35 4 20 -2 45 0 0.00 M M 6.8 21 220 M M 0 23 220
30 35 1 18 -4 47 0 0.00 M M 8.7 28 220 M M 0 34 220
31 37 21 29 7 36 0 0.00 M M 22.2 39 240 M M 2 89 50 240
================================================================================
SM 996 277 1372 0 0.24 M 376.7 M 85
================================================================================
AV 32.1 8.9 12.2 FASTST M M 3 MAX(MPH)
MISC ----> 51 260 65 250
================================================================================
NOTES:
# LAST OF SEVERAL OCCURRENCES
COLUMN 17 PEAK WIND IN M.P.H.
PRELIMINARY LOCAL CLIMATOLOGICAL DATA (WS FORM: F-6) , PAGE 2
STATION: LARAMIE WYOMING AIRPORT
MONTH: JANUARY
YEAR: 2022
LATITUDE: 41 18 N
LONGITUDE: 105 40 W
[TEMPERATURE DATA] [PRECIPITATION DATA] SYMBOLS USED IN COLUMN 16
AVERAGE MONTHLY: 20.5 TOTAL FOR MONTH: 0.24 1 = FOG OR MIST
DPTR FM NORMAL: -1.4 DPTR FM NORMAL: -0.04 2 = FOG REDUCING VISIBILITY
HIGHEST: 45 ON 13 GRTST 24HR 0.13 ON 5 TO 1/4 MILE OR LESS
LOWEST: -9 ON 25 3 = THUNDER
SNOW, ICE PELLETS, HAIL 4 = ICE PELLETS
TOTAL MONTH: M 5 = HAIL
GRTST 24HR M ON M 6 = FREEZING RAIN OR DRIZZLE
GRTST DEPTH: M ON M 7 = DUSTSTORM OR SANDSTORM:
VSBY 1/2 MILE OR LESS
8 = SMOKE OR HAZE
[NO. OF DAYS WITH] [WEATHER - DAYS WITH] 9 = BLOWING SNOW
X = TORNADO
MAX 32 OR BELOW: 15 0.01 INCH OR MORE: 4
MAX 90 OR ABOVE: 0 0.10 INCH OR MORE: 1
MIN 32 OR BELOW: 31 0.50 INCH OR MORE: 0
MIN 0 OR BELOW: 7 1.00 INCH OR MORE: 0
[HDD (BASE 65) ]
TOTAL THIS MO. 1372 CLEAR (SCALE 0-3) 20
DPTR FM NORMAL 34 PTCLDY (SCALE 4-7) 6
TOTAL FM JUL 1 4256 CLOUDY (SCALE 8-10) 5
DPTR FM NORMAL -664
[CDD (BASE 65) ]
TOTAL THIS MO. 0
DPTR FM NORMAL 0 [PRESSURE DATA]
TOTAL FM JAN 1 0 HIGHEST SLP 30.81 ON 10
DPTR FM NORMAL 0 LOWEST SLP 29.44 ON 7
[REMARKS]
JANUARY 5...RECORD PRECIPITATION 0.13" (PREVIOUS 0.08" IN 1974)
#FINAL-01-22#