264
CXUS55 KCYS 080216
CF6LAR
PRELIMINARY LOCAL CLIMATOLOGICAL DATA (WS FORM: F-6) ...CORRECTED...
STATION: LARAMIE WYOMING AIRPORT
MONTH: MARCH
YEAR: 2021
LATITUDE: 41 18 N
LONGITUDE: 105 40 W
TEMPERATURE IN F: :PCPN: SNOW: WIND :SUNSHINE: SKY :PK WND
================================================================================
1 2 3 4 5 6A 6B 7 8 9 10 11 12 13 14 15 16 17 18
12Z AVG MX 2MIN
DY MAX MIN AVG DEP HDD CDD WTR SNW DPTH SPD SPD DIR MIN PSBL S-S WX SPD DR
================================================================================
1 41 9 25 -2 40 0 0.00 M M 5.9 18 230 M M 0 25 220
2 51 21 36 9 29 0 0.00 M M 18.5 31 240 M M 0 38 240
3 53 17 35 7 30 0 0.00 M M 11.2 22 230 M M 0 30 250
4 40 12 26 -2 39 0 T M M 7.8 15 340 M M 6 128 20 350
5 51 10 31 3 34 0 0.00 M M 7.6 14 160 M M 0 1 18 320
6 55 18 37 9 28 0 0.00 M M 14.1 32 220 M M 0 42 240
7 57 27 42 13 23 0 0.00 M M 13.6 25 240 M M 0 41 260
8 59 20 40 11 25 0 0.00 M M 13.3 29 200 M M 2 38 200
9 52 31 42 13 23 0 T M M 12.7 24 110 M M 3 1 32 230
10 36 11 24 -6 41 0 T M M 14.6 32 250 M M 6 18 45 250
11 34 8 21 -9 44 0 T M M 11.1 30 150 M M 6 18 37 160
12 39 21 30 0 35 0 T M M 16.5 31 140 M M 7 16 39 150
13 39 24 32 2 33 0 0.19 M M 15.4 31 140 M M 10 12 40 130
14 28 15 22 -9 43 0 0.20 M M 18.7 44 50 M M 10 128 63 40
15 36 10 23 -8 42 0 0.00 M M 14.4 25 250 M M 9 12 36 250
16 31 21 26 -5 39 0 T M M 9.1 16 340 M M 10 1 22 350
17 34 14 24 -7 41 0 T M M 8.9 16 330 M M 4 1 22 340
18 43 10 27 -5 38 0 0.00 M M 7.1 13 170 M M 1 14 170
19 52 22 37 5 28 0 0.00 M M 13.4 20 230 M M 0 M M
20 59 32 46 14 19 0 0.00 M M 13.8 26 210 M M 0 34 210
21 36 24 30 -2 35 0 T M M 11.8 29 270 M M 7 18 39 270
22 39 15 27 -5 38 0 0.00 M M 6.7 14 30 M M 3 1 19 30
23 31 22 27 -5 38 0 0.02 M M 12.0 21 30 M M 8 18 29 40
24 38 15 27 -6 38 0 T M M 6.3 16 140 M M 4 1 21 140
25 40 19 30 -3 35 0 T M M 10.5 23 240 M M 6 1 31 250
26 37 23 30 -3 35 0 0.08 M M 4.8 22 260 M M 9 12 28 260
27 41 20 31 -2 34 0 T M M 14.2 31 310 M M 5 1 39 280
28 54 28 41 7 24 0 0.00 M M 21.4 36 260 M M 0 46 260
29 58 21 40 6 25 0 0.00 M M 26.3 48 270 M M 2 68 240
30 34 12 23 -11 42 0 0.00 M M 15.3 32 270 M M 2 49 260
31 45 10 28 -6 37 0 0.00 M M 11.5 24 250 M M 0 35 270
================================================================================
SM 1343 562 1055 0 0.49 M 388.5 M 120
================================================================================
AV 43.3 18.1 12.5 FASTST M M 4 MAX(MPH)
MISC ----> 48 270 68 240
================================================================================
NOTES:
# LAST OF SEVERAL OCCURRENCES
COLUMN 17 PEAK WIND IN M.P.H.
PRELIMINARY LOCAL CLIMATOLOGICAL DATA (WS FORM: F-6) , PAGE 2
STATION: LARAMIE WYOMING AIRPORT
MONTH: MARCH
YEAR: 2021
LATITUDE: 41 18 N
LONGITUDE: 105 40 W
[TEMPERATURE DATA] [PRECIPITATION DATA] SYMBOLS USED IN COLUMN 16
AVERAGE MONTHLY: 30.7 TOTAL FOR MONTH: 0.49 1 = FOG OR MIST
DPTR FM NORMAL: -0.2 DPTR FM NORMAL: -0.09 2 = FOG REDUCING VISIBILITY
HIGHEST: 59 ON 20, 8 GRTST 24HR 0.39 ON 13-14 TO 1/4 MILE OR LESS
LOWEST: 8 ON 11 3 = THUNDER
SNOW, ICE PELLETS, HAIL 4 = ICE PELLETS
TOTAL MONTH: M 5 = HAIL
GRTST 24HR M ON M 6 = FREEZING RAIN OR DRIZZLE
GRTST DEPTH: M ON M 7 = DUSTSTORM OR SANDSTORM:
VSBY 1/2 MILE OR LESS
8 = SMOKE OR HAZE
[NO. OF DAYS WITH] [WEATHER - DAYS WITH] 9 = BLOWING SNOW
X = TORNADO
MAX 32 OR BELOW: 3 0.01 INCH OR MORE: 4
MAX 90 OR ABOVE: 0 0.10 INCH OR MORE: 2
MIN 32 OR BELOW: 31 0.50 INCH OR MORE: 0
MIN 0 OR BELOW: 0 1.00 INCH OR MORE: 0
[HDD (BASE 65) ]
TOTAL THIS MO. 1055 CLEAR (SCALE 0-3) 16
DPTR FM NORMAL -4 PTCLDY (SCALE 4-7) 10
TOTAL FM JUL 1 7045 CLOUDY (SCALE 8-10) 5
DPTR FM NORMAL -190
[CDD (BASE 65) ]
TOTAL THIS MO. 0
DPTR FM NORMAL 0 [PRESSURE DATA]
TOTAL FM JAN 1 0 HIGHEST SLP 30.47 ON 5
DPTR FM NORMAL 0 LOWEST SLP 29.39 ON 29
[REMARKS]
MARCH 7TH...TIED RECORD HIGH 57 DEGREES PREVIOUSLY SET IN 2020
MARCH 19TH...PEAK WIND MISSING
#FINAL-03-21#