000
CXUS55 KCYS 170111
CF6LAR
PRELIMINARY LOCAL CLIMATOLOGICAL DATA (WS FORM: F-6) ...CORRECTED...
STATION: LARAMIE WYOMING AIRPORT
MONTH: JUNE
YEAR: 2020
LATITUDE: 41 18 N
LONGITUDE: 105 40 W
TEMPERATURE IN F: :PCPN: SNOW: WIND :SUNSHINE: SKY :PK WND
================================================================================
1 2 3 4 5 6A 6B 7 8 9 10 11 12 13 14 15 16 17 18
12Z AVG MX 2MIN
DY MAX MIN AVG DEP HDD CDD WTR SNW DPTH SPD SPD DIR MIN PSBL S-S WX SPD DR
================================================================================
1 86 52 69 16 0 4 0.00 M M 9.7 23 230 M M 1 32 230
2 83 48 66 13 0 1 0.00 M M 9.3 24 290 M M 1 36 300
3 80 45 63 10 2 0 T M M 15.3 48 300 M M 1 73 240
4 84 46 65 11 0 0 T M M 16.4 39 280 M M 1 52 280
5 87 45 66 12 0 1 T M M 11.3 28 200 M M 0 38 200
6 69 44 57 3 8 0 0.10 M M 12.8 36 170 M M 4 3 50 160
7 76 41 59 5 6 0 T M M 14.4 35 230 M M 2 46 220
8 M M M M M M 0.94 M M 9.2 18 330 M M 4 1 25 350
9 M M M M M M M M M M M M M M M M M
10 M M M M M M M M M M M M M M M M M
11 M M M M M M M M M M M M M M M M M
12 80 47 64 8 1 0 0.00 M M 11.8 29 140 M M 0 38 140
13 83 52 68 12 0 3 T M M 16.2 30 190 M M 2 3 40 220
14 78 46 62 5 3 0 0.00 M M 15.1 35 220 M M 0 44 220
15 78 38 58 1 7 0 0.00 M M 10.8 23 200 M M 0 32 160
16 82 42 62 5 3 0 0.00 M M 19.0 38 220 M M 0 52 230
17 75 37 56 -2 9 0 0.00 M M 15.0 30 350 M M 1 40 340
18 67 41 54 -4 11 0 0.00 M M 10.0 25 150 M M 3 36 110
19 63 41 52 -6 13 0 0.14 M M 16.1 36 150 M M 1 3 46 150
20 72 36 54 -5 11 0 0.00 M M 12.6 25 300 M M 2 35 300
21 70 47 59 0 6 0 0.06 M M 11.5 36 290 M M 5 3 51 290
22 73 42 58 -1 7 0 0.00 M M 6.9 20 360 M M 5 26 350
23 78 47 63 3 2 0 T M M 6.6 15 160 M M 2 20 160
24 83 45 64 4 1 0 0.00 M M 7.2 24 310 M M 1 3 33 300
25 83 47 65 5 0 0 0.04 M M 10.6 33 330 M M 3 3 46 330
26 76 45 61 0 4 0 0.07 M M 8.0 25 160 M M 3 13 32 150
27 78 45 62 1 3 0 0.08 M M 7.6 29 290 M M 3 3 37 320
28 77 48 63 2 2 0 0.00 M M 15.0 30 240 M M 1 40 250
29 84 46 65 4 0 0 T M M 13.9 32 220 M M 1 42 220
30 68 41 55 -7 10 0 T M M 17.1 41 250 M M 3 55 250
================================================================================
SM 2013 1154 109 9 1.43 M 329.4 M 50
================================================================================
AV 77.4 44.4 12.2 FASTST M M 2 MAX(MPH)
MISC ----> # 48 300 # 73 240
================================================================================
NOTES:
# LAST OF SEVERAL OCCURRENCES
COLUMN 17 PEAK WIND IN M.P.H.
PRELIMINARY LOCAL CLIMATOLOGICAL DATA (WS FORM: F-6) , PAGE 2
STATION: LARAMIE WYOMING AIRPORT
MONTH: JUNE
YEAR: 2020
LATITUDE: 41 18 N
LONGITUDE: 105 40 W
[TEMPERATURE DATA] [PRECIPITATION DATA] SYMBOLS USED IN COLUMN 16
AVERAGE MONTHLY: 60.9 TOTAL FOR MONTH: 1.43 1 = FOG OR MIST
DPTR FM NORMAL: 3.7 DPTR FM NORMAL: -0.11 2 = FOG REDUCING VISIBILITY
HIGHEST: 87 ON 5 GRTST 24HR 0.94 ON 8- 8 TO 1/4 MILE OR LESS
LOWEST: 36 ON 20 3 = THUNDER
SNOW, ICE PELLETS, HAIL 4 = ICE PELLETS
TOTAL MONTH: M 5 = HAIL
GRTST 24HR M ON M 6 = FREEZING RAIN OR DRIZZLE
GRTST DEPTH: M ON M 7 = DUSTSTORM OR SANDSTORM:
VSBY 1/2 MILE OR LESS
8 = SMOKE OR HAZE
[NO. OF DAYS WITH] [WEATHER - DAYS WITH] 9 = BLOWING SNOW
X = TORNADO
MAX 32 OR BELOW: 0 0.01 INCH OR MORE: 7
MAX 90 OR ABOVE: 0 0.10 INCH OR MORE: 3
MIN 32 OR BELOW: 0 0.50 INCH OR MORE: 1
MIN 0 OR BELOW: 0 1.00 INCH OR MORE: 0
[HDD (BASE 65) ]
TOTAL THIS MO. 109 CLEAR (SCALE 0-3) 21
DPTR FM NORMAL -132 PTCLDY (SCALE 4-7) 6
TOTAL FM JUL 1 8502 CLOUDY (SCALE 8-10) 0
DPTR FM NORMAL -328
[CDD (BASE 65) ]
TOTAL THIS MO. 9
DPTR FM NORMAL 2 [PRESSURE DATA]
TOTAL FM JAN 1 9 HIGHEST SLP 30.20 ON 12
DPTR FM NORMAL 2 LOWEST SLP 29.37 ON 29
[REMARKS]
JUNE 2ND...RECORD HIGH 83 DEGREES (PREVIOUS 82 DEGREES IN 2006).
JUNE 5TH...RECORD HIGH 87 DEGREES (PREVIOUS 86 DEGREES IN 2018).
JUNE 8TH...RECORD PRECIP 0.94 INCH (PREVIOUS 0.82 INCH IN 1974).
JUNE 8TH...MISSING MAX/MIN TEMPERATURES.
JUNE 9TH-11TH...MISSING TEMPERATURES, PRECIP, WINDS, SKY AND WX.
#FINAL-06-20#