000
CXUS55 KVEF 011840
CF6LAS
PRELIMINARY LOCAL CLIMATOLOGICAL DATA (WS FORM: F-6)
STATION: LAS VEGAS NV
MONTH: JULY
YEAR: 2020
LATITUDE: 36 4 N
LONGITUDE: 115 10 W
TEMPERATURE IN F: :PCPN: SNOW: WIND :SUNSHINE: SKY :PK WND
================================================================================
1 2 3 4 5 6A 6B 7 8 9 10 11 12 13 14 15 16 17 18
12Z AVG MX 2MIN
DY MAX MIN AVG DEP HDD CDD WTR SNW DPTH SPD SPD DIR MIN PSBL S-S WX SPD DR
================================================================================
1 98 75 87 -4 0 22 0.00 0.0 0 7.2 18 260 M M 0 25 270
2 100 78 89 -2 0 24 0.00 0.0 0 7.6 20 180 M M 0 31 200
3 103 79 91 0 0 26 0.00 0.0 0 8.5 18 250 M M 1 24 210
4 105 80 93 1 0 28 0.00 0.0 0 6.8 14 230 M M 1 20 200
5 107 81 94 2 0 29 0.00 0.0 0 5.1 16 80 M M 0 21 80
6 108 82 95 3 0 30 0.00 0.0 0 7.1 18 220 M M 0 25 240
7 105 84 95 3 0 30 0.00 0.0 0 11.5 22 240 M M 0 31 250
8 104 81 93 1 0 28 0.00 0.0 0 10.1 18 240 M M 0 23 240
9 106 80 93 1 0 28 0.00 0.0 0 8.9 17 260 M M 0 24 260
10 109 80 95 3 0 30 0.00 0.0 0 6.8 14 280 M M 3 19 110
11 111 87 99 6 0 34 0.00 0.0 0 6.9 18 270 M M 4 25 200
12 113 94 104 11 0 39 0.00 0.0 0 10.0 21 240 M M 3 29 230
13 110 93 102 9 0 37 0.00 0.0 0 14.2 25 240 M M 3 34 260
14 107 87 97 4 0 32 0.00 0.0 0 12.1 22 190 M M 1 33 220
15 106 81 94 1 0 29 0.00 0.0 0 6.7 15 110 M M 1 21 150
16 107 82 95 2 0 30 0.00 0.0 0 5.5 15 200 M M 1 24 200
17 107 84 96 3 0 31 0.00 0.0 0 5.8 16 180 M M 1 21 190
18 109 84 97 4 0 32 0.00 0.0 0 4.0 13 100 M M 1 18 110
19 108 84 96 3 0 31 T 0.0 0 4.6 13 230 M M 3 3 15 220
20 108 89 99 6 0 34 T 0.0 0 8.1 30 320 M M 5 3 40 320
21 108 83 96 3 0 31 0.00 0.0 0 6.3 15 70 M M 4 19 90
22 104 86 95 2 0 30 0.00 0.0 0 10.4 23 190 M M 2 31 180
23 104 83 94 1 0 29 0.00 0.0 0 8.2 20 180 M M 2 27 200
24 101 80 91 -2 0 26 0.00 0.0 0 5.1 14 200 M M 2 20 110
25 103 80 92 -1 0 27 0.00 0.0 0 5.9 15 170 M M 1 23 250
26 104 82 93 0 0 28 0.00 0.0 0 4.2 14 60 M M 3 17 50
27 107 84 96 3 0 31 0.00 0.0 0 6.2 16 230 M M 4 22 230
28 108 82 95 2 0 30 0.00 0.0 0 5.2 17 100 M M 0 23 100
29 111 83 97 4 0 32 0.00 0.0 0 6.5 18 250 M M 0 24 220
30 110 82 96 3 0 31 0.00 0.0 0 6.4 21 270 M M 1 26 240
31 112 88 100 7 0 35 0.00 0.0 0 8.7 20 270 M M 1 27 210
================================================================================
SM 3303 2578 0 934 T 0.0 230.6 M 48
================================================================================
AV106.5 83.2 7.4 FASTST M M 2 MAX(MPH)
MISC ----> 30 320 40 320
================================================================================
NOTES:
# LAST OF SEVERAL OCCURRENCES
COLUMN 17 PEAK WIND IN M.P.H.
PRELIMINARY LOCAL CLIMATOLOGICAL DATA (WS FORM: F-6) , PAGE 2
STATION: LAS VEGAS NV
MONTH: JULY
YEAR: 2020
LATITUDE: 36 4 N
LONGITUDE: 115 10 W
[TEMPERATURE DATA] [PRECIPITATION DATA] SYMBOLS USED IN COLUMN 16
AVERAGE MONTHLY: 94.9 TOTAL FOR MONTH: T 1 = FOG OR MIST
DPTR FM NORMAL: 2.4 DPTR FM NORMAL: -0.40 2 = FOG REDUCING VISIBILITY
HIGHEST: 113 ON 12 GRTST 24HR T ON 19-19 TO 1/4 MILE OR LESS
LOWEST: 75 ON 1 3 = THUNDER
SNOW, ICE PELLETS, HAIL 4 = ICE PELLETS
TOTAL MONTH: 0.0 INCH 5 = HAIL
GRTST 24HR 0.0 6 = FREEZING RAIN OR DRIZZLE
GRTST DEPTH: 0 7 = DUSTSTORM OR SANDSTORM:
VSBY 1/2 MILE OR LESS
8 = SMOKE OR HAZE
[NO. OF DAYS WITH] [WEATHER - DAYS WITH] 9 = BLOWING SNOW
X = TORNADO
MAX 32 OR BELOW: 0 0.01 INCH OR MORE: 0
MAX 90 OR ABOVE: 31 0.10 INCH OR MORE: 0
MIN 32 OR BELOW: 0 0.50 INCH OR MORE: 0
MIN 0 OR BELOW: 0 1.00 INCH OR MORE: 0
[HDD (BASE 65) ]
TOTAL THIS MO. 0 CLEAR (SCALE 0-3) 26
DPTR FM NORMAL 0 PTCLDY (SCALE 4-7) 5
TOTAL FM JUL 1 0 CLOUDY (SCALE 8-10) 0
DPTR FM NORMAL 0
[CDD (BASE 65) ]
TOTAL THIS MO. 934
DPTR FM NORMAL 80 [PRESSURE DATA]
TOTAL FM JAN 1 2244 HIGHEST SLP 29.94 ON 10
DPTR FM NORMAL 190 LOWEST SLP 29.61 ON 21
[REMARKS]
#FINAL-07-20#