000
CXUS55 KVEF 010910
CF6LAS
PRELIMINARY LOCAL CLIMATOLOGICAL DATA (WS FORM: F-6)
STATION: LAS VEGAS NV
MONTH: JULY
YEAR: 2023
LATITUDE: 36 4 N
LONGITUDE: 115 10 W
TEMPERATURE IN F: :PCPN: SNOW: WIND :SUNSHINE: SKY :PK WND
================================================================================
1 2 3 4 5 6A 6B 7 8 9 10 11 12 13 14 15 16 17 18
12Z AVG MX 2MIN
DY MAX MIN AVG DEP HDD CDD WTR SNW DPTH SPD SPD DIR MIN PSBL S-S WX SPD DR
================================================================================
1 107 81 94 2 0 29 0.00 0.0 0 4.8 14 50 M M 0 19 50
2 111 84 98 6 0 33 0.00 0.0 0 5.3 16 240 M M 1 23 220
3 112 89 101 9 0 36 0.00 0.0 0 8.6 23 230 M M 3 33 220
4 103 86 95 3 0 30 0.00 0.0 0 11.1 21 220 M M 1 32 230
5 105 79 92 0 0 27 0.00 0.0 0 6.2 17 150 M M 0 28 130
6 104 79 92 -1 0 27 0.00 0.0 0 6.5 17 240 M M 0 26 270
7 103 78 91 -2 0 26 0.00 0.0 0 6.9 23 70 M M 0 32 100
8 105 77 91 -2 0 26 0.00 0.0 0 6.4 17 150 M M 0 27 170
9 104 79 92 -1 0 27 0.00 0.0 0 7.6 23 210 M M 1 40 230
10 105 79 92 -1 0 27 0.00 0.0 0 8.9 16 240 M M 0 26 180
11 106 85 96 3 0 31 0.00 0.0 0 9.8 21 230 M M 1 34 210
12 107 85 96 3 0 31 0.00 0.0 0 12.5 22 260 M M 1 33 240
13 109 85 97 4 0 32 0.00 0.0 0 7.6 17 220 M M 2 26 220
14 111 82 97 3 0 32 0.00 0.0 0 4.4 12 90 M M 0 16 190
15 113 84 99 5 0 34 0.00 0.0 0 5.3 10 70 M M 1 17 360
16 116 87 102 8 0 37 0.00 0.0 0 5.1 12 80 M M 3 17 70
17 114 92 103 9 0 38 0.00 0.0 0 9.0 25 80 M M 5 3 37 110
18 111 90 101 7 0 36 0.00 0.0 0 10.1 21 240 M M 2 32 250
19 111 89 100 6 0 35 0.00 0.0 0 7.8 21 250 M M 1 30 220
20 112 91 102 8 0 37 0.00 0.0 0 7.1 20 40 M M 1 3 30 30
21 113 90 102 8 0 37 0.00 0.0 0 4.8 12 290 M M 2 24 30
22 115 89 102 8 0 37 0.00 0.0 0 6.0 17 130 M M 4 31 120
23 110 91 101 7 0 36 T 0.0 0 8.3 25 190 M M 7 3 38 180
24 109 87 98 4 0 33 0.00 0.0 0 7.8 18 230 M M 4 28 230
25 112 90 101 7 0 36 0.00 0.0 0 5.0 15 260 M M 4 24 290
26 112 91 102 8 0 37 0.00 0.0 0 7.9 24 270 M M 4 34 270
27 112 88 100 6 0 35 0.00 0.0 0 10.5 21 250 M M 1 30 260
28 112 88 100 6 0 35 0.00 0.0 0 8.3 22 270 M M 2 31 260
29 110 91 101 7 0 36 0.00 0.0 0 5.7 17 190 M M 5 26 180
30 106 88 97 3 0 32 0.00 0.0 0 6.0 26 150 M M 7 42 140
31 102 79 91 -3 0 26 T 0.0 0 7.9 28 30 M M 8 38 48 360
================================================================================
SM 3382 2653 01011 T 0.0 229.2 M 71
================================================================================
AV109.1 85.6 7.4 FASTST M M 2 MAX(MPH)
MISC ----> 28 30 48 360
================================================================================
NOTES:
# LAST OF SEVERAL OCCURRENCES
COLUMN 17 PEAK WIND IN M.P.H.
PRELIMINARY LOCAL CLIMATOLOGICAL DATA (WS FORM: F-6) , PAGE 2
STATION: LAS VEGAS NV
MONTH: JULY
YEAR: 2023
LATITUDE: 36 4 N
LONGITUDE: 115 10 W
[TEMPERATURE DATA] [PRECIPITATION DATA] SYMBOLS USED IN COLUMN 16
AVERAGE MONTHLY: 97.3 TOTAL FOR MONTH: T 1 = FOG OR MIST
DPTR FM NORMAL: 4.1 DPTR FM NORMAL: -0.38 2 = FOG REDUCING VISIBILITY
HIGHEST: 116 ON 16 GRTST 24HR T ON 23-23 TO 1/4 MILE OR LESS
LOWEST: 77 ON 8 3 = THUNDER
SNOW, ICE PELLETS, HAIL 4 = ICE PELLETS
TOTAL MONTH: 0.0 INCH 5 = HAIL
GRTST 24HR 0.0 6 = FREEZING RAIN OR DRIZZLE
GRTST DEPTH: 0 7 = DUSTSTORM OR SANDSTORM:
VSBY 1/2 MILE OR LESS
8 = SMOKE OR HAZE
[NO. OF DAYS WITH] [WEATHER - DAYS WITH] 9 = BLOWING SNOW
X = TORNADO
MAX 32 OR BELOW: 0 0.01 INCH OR MORE: 0
MAX 90 OR ABOVE: 31 0.10 INCH OR MORE: 0
MIN 32 OR BELOW: 0 0.50 INCH OR MORE: 0
MIN 0 OR BELOW: 0 1.00 INCH OR MORE: 0
[HDD (BASE 65) ]
TOTAL THIS MO. 0 CLEAR (SCALE 0-3) 21
DPTR FM NORMAL 0 PTCLDY (SCALE 4-7) 10
TOTAL FM JUL 1 0 CLOUDY (SCALE 8-10) 0
DPTR FM NORMAL 0
[CDD (BASE 65) ]
TOTAL THIS MO. 1011
DPTR FM NORMAL 135 [PRESSURE DATA]
TOTAL FM JAN 1 2135 HIGHEST SLP M ON M
DPTR FM NORMAL 17 LOWEST SLP 27.66 ON 31
[REMARKS]
#FINAL-07-23#