000
CXUS54 KOUN 011413
CF6LAW
PRELIMINARY LOCAL CLIMATOLOGICAL DATA (WS FORM: F-6)
STATION: LAWTON
MONTH: DECEMBER
YEAR: 2023
LATITUDE: 34 34 N
LONGITUDE: 98 25 W
TEMPERATURE IN F: :PCPN: SNOW: WIND :SUNSHINE: SKY :PK WND
================================================================================
1 2 3 4 5 6A 6B 7 8 9 10 11 12 13 14 15 16 17 18
12Z AVG MX 2MIN
DY MAX MIN AVG DEP HDD CDD WTR SNW DPTH SPD SPD DIR MIN PSBL S-S WX SPD DR
================================================================================
1 50 33 42 -3 23 0 0.00 0.0 0 6.0 13 340 M M 4 1 20 340
2 66 30 48 3 17 0 0.00 0.0 0 4.9 16 250 M M 3 1 29 240
3 69 26 48 3 17 0 0.00 0.0 0 7.2 23 360 M M 1 12 31 360
4 60 27 44 0 21 0 0.00 0.0 0 3.9 12 340 M M 0 20 270
5 66 27 47 3 18 0 0.00 0.0 0 6.4 21 10 M M 0 28 20
6 66 29 48 4 17 0 0.00 0.0 0 6.5 16 190 M M 0 22 200
7 73 37 55 12 10 0 0.00 0.0 0 10.1 24 170 M M 0 38 190
8 67 41 54 11 11 0 0.00 0.0 0 7.8 18 240 M M 1 1 30 250
9 55 38 47 4 18 0 0.00 0.0 0 13.0 28 10 M M 0 35 350
10 52 23 38 -5 27 0 0.00 0.0 0 5.9 12 190 M M 0 17 260
11 64 24 44 2 21 0 0.00 0.0 0 3.5 12 100 M M 0 19 80
12 62 28 45 3 20 0 0.00 0.0 0 5.7 13 120 M M 1 18 120
13 62 45 54 12 11 0 0.08 0.0 0 8.8 20 120 M M 8 26 100
14 59 44 52 10 13 0 0.34 0.0 0 13.1 23 110 M M 7 13 31 120
15 56 40 48 7 17 0 0.83 0.0 0 6.2 21 100 M M 9 1 28 100
16 59 32 46 5 19 0 0.00 0.0 0 4.4 16 340 M M 0 22 330
17 71 27 49 8 16 0 0.00 0.0 0 2.7 14 360 M M 0 17 10
18 59 30 45 4 20 0 0.00 0.0 0 6.8 16 20 M M 0 20 30
19 57 28 43 2 22 0 0.00 0.0 0 8.9 21 160 M M 0 26 160
20 62 43 53 12 12 0 0.00 0.0 0 11.1 22 170 M M 4 29 180
21 63 53 58 18 7 0 0.00 0.0 0 9.5 17 180 M M 9 1 22 170
22 65 44 55 15 10 0 T 0.0 0 4.7 12 160 M M 9 12 17 160
23 70 43 57 17 8 0 0.11 0.0 0 11.5 25 130 M M 10 12 34 130
24 63 40 52 12 13 0 0.38 0.0 0 10.2 23 330 M M 8 1 37 330
25 48 25 37 -3 28 0 0.00 0.0 0 9.4 21 340 M M 1 32 340
26 52 21 37 -3 28 0 0.00 0.0 0 3.9 15 270 M M 1 24 280
27 48 32 40 0 25 0 0.00 0.0 0 8.3 22 350 M M 6 30 340
28 42 28 35 -5 30 0 0.01 T 0 7.4 16 360 M M 8 22 360
29 56 26 41 1 24 0 0.00 0.0 0 6.2 17 340 M M 0 27 10
30 63 23 43 3 22 0 0.00 0.0 0 3.0 12 190 M M 0 17 170
31 53 28 41 1 24 0 0.00 0.0 0 13.1 23 30 M M 1 30 30
================================================================================
SM 1858 1015 569 0 1.75 T 230.1 M 91
================================================================================
AV 59.9 32.7 7.4 FASTST M M 3 MAX(MPH)
MISC ----> 28 10 38 190
================================================================================
NOTES:
# LAST OF SEVERAL OCCURRENCES
COLUMN 17 PEAK WIND IN M.P.H.
PRELIMINARY LOCAL CLIMATOLOGICAL DATA (WS FORM: F-6) , PAGE 2
STATION: LAWTON
MONTH: DECEMBER
YEAR: 2023
LATITUDE: 34 34 N
LONGITUDE: 98 25 W
[TEMPERATURE DATA] [PRECIPITATION DATA] SYMBOLS USED IN COLUMN 16
AVERAGE MONTHLY: 46.3 TOTAL FOR MONTH: 1.75 1 = FOG OR MIST
DPTR FM NORMAL: 4.6 DPTR FM NORMAL: 0.29 2 = FOG REDUCING VISIBILITY
HIGHEST: 73 ON 7 GRTST 24HR 1.17 ON 14-15 TO 1/4 MILE OR LESS
LOWEST: 21 ON 26 3 = THUNDER
SNOW, ICE PELLETS, HAIL 4 = ICE PELLETS
TOTAL MONTH: T 5 = HAIL
GRTST 24HR T ON 28-28 6 = FREEZING RAIN OR DRIZZLE
GRTST DEPTH: 0 7 = DUSTSTORM OR SANDSTORM:
VSBY 1/2 MILE OR LESS
8 = SMOKE OR HAZE
[NO. OF DAYS WITH] [WEATHER - DAYS WITH] 9 = BLOWING SNOW
X = TORNADO
MAX 32 OR BELOW: 0 0.01 INCH OR MORE: 6
MAX 90 OR ABOVE: 0 0.10 INCH OR MORE: 4
MIN 32 OR BELOW: 19 0.50 INCH OR MORE: 1
MIN 0 OR BELOW: 0 1.00 INCH OR MORE: 0
[HDD (BASE 65) ]
TOTAL THIS MO. 569 CLEAR (SCALE 0-3) 19
DPTR FM NORMAL -153 PTCLDY (SCALE 4-7) 8
TOTAL FM JUL 1 1116 CLOUDY (SCALE 8-10) 4
DPTR FM NORMAL -174
[CDD (BASE 65) ]
TOTAL THIS MO. 0
DPTR FM NORMAL 0 [PRESSURE DATA]
TOTAL FM JAN 1 2640 HIGHEST SLP 30.51 ON 13
DPTR FM NORMAL 319 LOWEST SLP 29.63 ON 8
[REMARKS]
#FINAL-12-23#