000
CXUS54 KLUB 011401
CF6LBB
PRELIMINARY LOCAL CLIMATOLOGICAL DATA (WS FORM: F-6)
STATION: LUBBOCK
MONTH: DECEMBER
YEAR: 2020
LATITUDE: 33 39 N
LONGITUDE: 101 49 W
TEMPERATURE IN F: :PCPN: SNOW: WIND :SUNSHINE: SKY :PK WND
================================================================================
1 2 3 4 5 6A 6B 7 8 9 10 11 12 13 14 15 16 17 18
12Z AVG MX 2MIN
DY MAX MIN AVG DEP HDD CDD WTR SNW DPTH SPD SPD DIR MIN PSBL S-S WX SPD DR
================================================================================
1 65 33 49 5 16 0 0.00 0.0 0 16.6 28 280 M M 1 35 280
2 40 29 35 -8 30 0 T T 0 21.1 32 360 M M 5 41 360
3 43 24 34 -9 31 0 0.00 0.0 0 14.6 28 360 M M 5 33 350
4 57 19 38 -5 27 0 0.00 0.0 0 5.8 12 320 M M 0 14 360
5 53 26 40 -2 25 0 0.00 0.0 0 7.7 14 20 M M 6 17 10
6 63 27 45 3 20 0 0.00 0.0 0 8.0 15 340 M M 3 19 330
7 68 26 47 5 18 0 0.00 0.0 0 7.3 14 320 M M 1 18 360
8 71 27 49 7 16 0 0.00 0.0 0 6.8 14 280 M M 1 16 270
9 75 29 52 11 13 0 0.00 0.0 0 9.2 15 220 M M 0 22 240
10 77 29 53 12 12 0 0.03 0.0 0 8.7 28 290 M M 4 32 290
11 56 33 45 4 20 0 0.00 0.0 0 8.6 17 340 M M 3 22 340
12 50 24 37 -4 28 0 0.00 0.0 0 10.4 25 110 M M 6 31 120
13 39 21 30 -11 35 0 T T 0 14.1 32 30 M M 7 1 38 30
14 47 17 32 -8 33 0 0.00 0.0 0 11.9 25 180 M M 5 32 180
15 42 21 32 -8 33 0 0.00 0.0 0 14.8 38 330 M M 4 48 320
16 53 16 35 -5 30 0 0.00 0.0 0 7.0 17 260 M M 1 22 260
17 60 19 40 0 25 0 0.00 0.0 0 11.6 25 190 M M 2 31 190
18 53 36 45 5 20 0 0.00 0.0 0 13.8 26 200 M M 7 36 200
19 58 27 43 3 22 0 0.00 0.0 0 10.3 21 280 M M 1 25 270
20 59 29 44 4 21 0 0.00 0.0 0 9.2 21 340 M M 1 25 340
21 69 26 48 8 17 0 0.00 0.0 0 9.4 18 120 M M 3 22 110
22 71 30 51 11 14 0 0.00 0.0 0 12.9 28 220 M M 4 8 35 220
23 50 24 37 -3 28 0 0.00 0.0 0 17.5 33 20 M M 2 8 43 30
24 55 17 36 -4 29 0 0.00 0.0 0 12.5 26 320 M M 1 34 310
25 65 24 45 6 20 0 0.00 0.0 0 9.9 21 200 M M 3 24 200
26 70 22 46 7 19 0 0.00 0.0 0 12.9 26 260 M M 1 33 260
27 66 38 52 13 13 0 0.00 0.0 0 12.2 22 260 M M 5 26 260
28 51 36 44 5 21 0 0.00 0.0 0 17.9 28 120 M M 8 33 120
29 69 41 55 16 10 0 T 0.0 0 12.7 28 190 M M 8 12 33 190
30 48 31 40 1 25 0 0.04 T 0 16.4 36 20 M M 9 1 43 20
31 39 23 31 -8 34 0 T T 0 11.0 22 360 M M 9 31 30
================================================================================
SM 1782 824 705 0 0.07 T 362.8 M 116
================================================================================
AV 57.5 26.6 11.7 FASTST M M 4 MAX(MPH)
MISC ----> 38 330 48 320
================================================================================
NOTES:
# LAST OF SEVERAL OCCURRENCES
COLUMN 17 PEAK WIND IN M.P.H.
PRELIMINARY LOCAL CLIMATOLOGICAL DATA (WS FORM: F-6) , PAGE 2
STATION: LUBBOCK
MONTH: DECEMBER
YEAR: 2020
LATITUDE: 33 39 N
LONGITUDE: 101 49 W
[TEMPERATURE DATA] [PRECIPITATION DATA] SYMBOLS USED IN COLUMN 16
AVERAGE MONTHLY: 42.0 TOTAL FOR MONTH: 0.07 1 = FOG OR MIST
DPTR FM NORMAL: 1.4 DPTR FM NORMAL: -0.69 2 = FOG REDUCING VISIBILITY
HIGHEST: 77 ON 10 GRTST 24HR 0.04 ON 29-30 TO 1/4 MILE OR LESS
LOWEST: 16 ON 16 3 = THUNDER
SNOW, ICE PELLETS, HAIL 4 = ICE PELLETS
TOTAL MONTH: T 5 = HAIL
GRTST 24HR T ON 2- 2 6 = FREEZING RAIN OR DRIZZLE
GRTST DEPTH: 0 7 = DUSTSTORM OR SANDSTORM:
VSBY 1/2 MILE OR LESS
8 = SMOKE OR HAZE
[NO. OF DAYS WITH] [WEATHER - DAYS WITH] 9 = BLOWING SNOW
X = TORNADO
MAX 32 OR BELOW: 0 0.01 INCH OR MORE: 2
MAX 90 OR ABOVE: 0 0.10 INCH OR MORE: 0
MIN 32 OR BELOW: 25 0.50 INCH OR MORE: 0
MIN 0 OR BELOW: 0 1.00 INCH OR MORE: 0
[HDD (BASE 65) ]
TOTAL THIS MO. 705 CLEAR (SCALE 0-3) 14
DPTR FM NORMAL -51 PTCLDY (SCALE 4-7) 15
TOTAL FM JUL 1 1283 CLOUDY (SCALE 8-10) 2
DPTR FM NORMAL -117
[CDD (BASE 65) ]
TOTAL THIS MO. 0
DPTR FM NORMAL 0 [PRESSURE DATA]
TOTAL FM JAN 1 2314 HIGHEST SLP 30.42 ON 13
DPTR FM NORMAL 510 LOWEST SLP 29.69 ON 29
[REMARKS]
#FINAL-12-20#