000
CXUS52 KILM 011918
CF6LBT
PRELIMINARY LOCAL CLIMATOLOGICAL DATA (WS FORM: F-6)
STATION: LUMBERTON NORTH CAROLINA
MONTH: AUGUST
YEAR: 2022
LATITUDE: 34 35 N
LONGITUDE: 79 4 W
TEMPERATURE IN F: :PCPN: SNOW: WIND :SUNSHINE: SKY :PK WND
================================================================================
1 2 3 4 5 6A 6B 7 8 9 10 11 12 13 14 15 16 17 18
12Z AVG MX 2MIN
DY MAX MIN AVG DEP HDD CDD WTR SNW DPTH SPD SPD DIR MIN PSBL S-S WX SPD DR
================================================================================
1 95 76 86 5 0 21 0.00 M M M M M M M M M M
2 95 75 85 4 0 20 0.00 M M M M M M M M M M
3 97 74 86 5 0 21 0.00 M M M M M M M M M M
4 95 73 84 3 0 19 0.00 M M M M M M M M M M
5 94 73 84 3 0 19 0.00 M M M M M M M M M M
6 95 71 83 2 0 18 0.21 M M M M M M M M M M
7 94 73 84 3 0 19 0.00 M M M M M M M M M M
8 92 73 83 2 0 18 0.00 M M M M M M M M M M
9 94 75 85 4 0 20 0.00 M M M M M M M M M M
10 95 76 86 5 0 21 0.00 M M M M M M M M M M
11 88 73 81 0 0 16 0.00 M M M M M M M M M M
12 79 68 74 -6 0 9 0.43 M M M M M M M M M M
13 86 64 75 -5 0 10 0.00 M M M M M M M M M M
14 89 61 75 -5 0 10 0.00 M M M M M M M M M M
15 88 67 78 -2 0 13 1.19 M M M M M M M M M M
16 79 69 74 -6 0 9 0.00 M M M M M M M M M M
17 83 70 77 -3 0 12 0.00 M M M M M M M M M M
18 86 66 76 -4 0 11 0.00 M M M M M M M M M M
19 76 66 71 -9 0 6 1.28 M M M M M M M M M M
20 86 71 79 -1 0 14 0.01 M M M M M M M M M M
21 88 72 80 0 0 15 0.31 M M M M M M M M M M
22 87 71 79 -1 0 14 1.34 M M M M M M M M M M
23 85 72 79 0 0 14 0.00 M M M M M M M M M M
24 92 70 81 2 0 16 0.00 M M M M M M M M M M
25 86 73 80 1 0 15 0.01 M M 2.9 17 340 M M 8 1 21 340
26 88 72 80 1 0 15 T M M 1.4 8 290 M M 5 1 11 170
27 92 70 81 2 0 16 0.00 M M 2.1 9 150 M M 2 12 13 140
28 92 71 82 3 0 17 0.00 M M 4.6 15 120 M M 1 1 22 70
29 87 73 80 2 0 15 T M M 3.3 12 150 M M 2 14 80
30 90 71 81 3 0 16 0.00 M M 3.9 10 200 M M 4 1 15 220
31 93 71 82 4 0 17 0.00 M M 3.0 13 20 M M 0 17 30
================================================================================
SM 2766 2200 0 476 4.78 M 21.2 M 22
================================================================================
AV 89.2 71.0 3.0 FASTST M M 3 MAX(MPH)
MISC ----> 17 340 22 70
================================================================================
NOTES:
# LAST OF SEVERAL OCCURRENCES
COLUMN 17 PEAK WIND IN M.P.H.
PRELIMINARY LOCAL CLIMATOLOGICAL DATA (WS FORM: F-6) , PAGE 2
STATION: LUMBERTON NORTH CAROLINA
MONTH: AUGUST
YEAR: 2022
LATITUDE: 34 35 N
LONGITUDE: 79 4 W
[TEMPERATURE DATA] [PRECIPITATION DATA] SYMBOLS USED IN COLUMN 16
AVERAGE MONTHLY: 80.1 TOTAL FOR MONTH: 4.78 1 = FOG OR MIST
DPTR FM NORMAL: 0.1 DPTR FM NORMAL: 0.01 2 = FOG REDUCING VISIBILITY
HIGHEST: 97 ON 3 GRTST 24HR 1.34 ON 22-22 TO 1/4 MILE OR LESS
LOWEST: 61 ON 14 3 = THUNDER
SNOW, ICE PELLETS, HAIL 4 = ICE PELLETS
TOTAL MONTH: M 5 = HAIL
GRTST 24HR M ON M 6 = FREEZING RAIN OR DRIZZLE
GRTST DEPTH: M ON M 7 = DUSTSTORM OR SANDSTORM:
VSBY 1/2 MILE OR LESS
8 = SMOKE OR HAZE
[NO. OF DAYS WITH] [WEATHER - DAYS WITH] 9 = BLOWING SNOW
X = TORNADO
MAX 32 OR BELOW: 0 0.01 INCH OR MORE: 8
MAX 90 OR ABOVE: 15 0.10 INCH OR MORE: 6
MIN 32 OR BELOW: 0 0.50 INCH OR MORE: 3
MIN 0 OR BELOW: 0 1.00 INCH OR MORE: 3
[HDD (BASE 65) ]
TOTAL THIS MO. 0 CLEAR (SCALE 0-3) 4
DPTR FM NORMAL 0 PTCLDY (SCALE 4-7) 3
TOTAL FM JUL 1 0 CLOUDY (SCALE 8-10) 24
DPTR FM NORMAL 0
[CDD (BASE 65) ]
TOTAL THIS MO. 476
DPTR FM NORMAL 11 [PRESSURE DATA]
TOTAL FM JAN 1 1931 HIGHEST SLP 30.26 ON 6
DPTR FM NORMAL 238 LOWEST SLP 29.80 ON 15
[REMARKS]
#FINAL-08-22#
AUGUST 1-24 DATA FROM BACKUP SITE LUMBERTON RAWS, LOCATED JUST SOUTHWEST OF THE LBT AIRPORT.
AUGUST 25-31 FROM THE KLBT AIRPORT ASOS