000
CXUS52 KILM 011000
CF6LBT
PRELIMINARY LOCAL CLIMATOLOGICAL DATA (WS FORM: F-6)
STATION: LUMBERTON NORTH CAROLINA
MONTH: OCTOBER
YEAR: 2023
LATITUDE: 34 35 N
LONGITUDE: 79 4 W
TEMPERATURE IN F: :PCPN: SNOW: WIND :SUNSHINE: SKY :PK WND
================================================================================
1 2 3 4 5 6A 6B 7 8 9 10 11 12 13 14 15 16 17 18
12Z AVG MX 2MIN
DY MAX MIN AVG DEP HDD CDD WTR SNW DPTH SPD SPD DIR MIN PSBL S-S WX SPD DR
================================================================================
1 82 56 69 -1 0 4 0.00 M M 4.6 14 20 M M 1 1 20 40
2 85 55 70 1 0 5 0.00 M M 4.9 15 10 M M 0 22 80
3 85 56 71 2 0 6 0.00 M M 4.7 14 30 M M 0 20 70
4 83 56 70 1 0 5 0.00 M M 4.4 15 50 M M 0 21 40
5 83 60 72 4 0 7 T M M 5.0 13 110 M M 5 1 17 30
6 79 61 70 2 0 5 0.00 M M 3.8 12 20 M M 3 1 15 20
7 79 54 67 -1 0 2 T M M 7.1 18 330 M M 4 12 25 330
8 70 41 56 -11 9 0 0.00 M M 5.2 17 270 M M 0 22 280
9 74 38 56 -11 9 0 0.00 M M 3.9 15 200 M M 0 21 240
10 83 51 67 1 0 2 0.00 M M 7.4 16 220 M M 0 23 230
11 76 55 66 0 0 1 T M M 2.7 10 190 M M 2 15 190
12 70 53 62 -4 3 0 0.66 M M 5.2 16 60 M M 7 1 23 50
13 80 51 66 1 0 1 0.00 M M 3.8 10 120 M M 5 12 15 60
14 76 63 70 5 0 5 0.02 M M 7.4 16 270 M M 8 1 24 260
15 70 50 60 -4 5 0 0.00 M M 7.3 18 360 M M 5 26 30
16 68 43 56 -8 9 0 0.00 M M 5.8 14 320 M M 5 19 320
17 70 39 55 -9 10 0 0.00 M M 3.0 12 290 M M 4 16 280
18 73 46 60 -3 5 0 0.00 M M 1.4 9 120 M M 5 13 130
19 76 42 59 -4 6 0 0.00 M M 2.0 9 150 M M 1 1 13 120
20 77 49 63 0 2 0 0.23 M M 6.0 24 300 M M 4 13 36 300
21 72 47 60 -2 5 0 0.00 M M 8.2 20 300 M M 0 25 290
22 78 46 62 0 3 0 0.00 M M 6.4 18 330 M M 0 27 340
23 71 41 56 -6 9 0 0.00 M M 3.7 12 30 M M 0 17 30
24 75 35 55 -6 10 0 0.00 M M 1.8 8 30 M M 0 13 80
25 81 45 63 2 2 0 0.00 M M 1.5 9 120 M M 1 1 12 120
26 82 50 66 6 0 1 0.00 M M 1.7 10 150 M M 2 12 14 140
27 83 52 68 8 0 3 0.00 M M 1.7 12 230 M M 4 12 16 230
28 85 54 70 10 0 5 0.00 M M 2.9 13 240 M M 2 12 18 270
29 85 53 69 10 0 4 0.00 M M 4.4 16 240 M M 0 1 24 230
30 86 61 74 15 0 9 0.00 M M 7.1 18 250 M M 0 24 250
31 66 48 57 -2 8 0 0.00 M M 10.1 24 30 M M 8 33 50
================================================================================
SM 2403 1551 95 65 0.91 M 145.1 M 76
================================================================================
AV 77.5 50.0 4.7 FASTST M M 2 MAX(MPH)
MISC ----> # 24 300 36 300
================================================================================
NOTES:
# LAST OF SEVERAL OCCURRENCES
COLUMN 17 PEAK WIND IN M.P.H.
PRELIMINARY LOCAL CLIMATOLOGICAL DATA (WS FORM: F-6) , PAGE 2
STATION: LUMBERTON NORTH CAROLINA
MONTH: OCTOBER
YEAR: 2023
LATITUDE: 34 35 N
LONGITUDE: 79 4 W
[TEMPERATURE DATA] [PRECIPITATION DATA] SYMBOLS USED IN COLUMN 16
AVERAGE MONTHLY: 63.8 TOTAL FOR MONTH: 0.91 1 = FOG OR MIST
DPTR FM NORMAL: -0.4 DPTR FM NORMAL: -1.38 2 = FOG REDUCING VISIBILITY
HIGHEST: 86 ON 30 GRTST 24HR 0.66 ON 11-12 TO 1/4 MILE OR LESS
LOWEST: 35 ON 24 3 = THUNDER
SNOW, ICE PELLETS, HAIL 4 = ICE PELLETS
TOTAL MONTH: M 5 = HAIL
GRTST 24HR M ON M 6 = FREEZING RAIN OR DRIZZLE
GRTST DEPTH: M ON M 7 = DUSTSTORM OR SANDSTORM:
VSBY 1/2 MILE OR LESS
8 = SMOKE OR HAZE
[NO. OF DAYS WITH] [WEATHER - DAYS WITH] 9 = BLOWING SNOW
X = TORNADO
MAX 32 OR BELOW: 0 0.01 INCH OR MORE: 3
MAX 90 OR ABOVE: 0 0.10 INCH OR MORE: 2
MIN 32 OR BELOW: 0 0.50 INCH OR MORE: 1
MIN 0 OR BELOW: 0 1.00 INCH OR MORE: 0
[HDD (BASE 65) ]
TOTAL THIS MO. 95 CLEAR (SCALE 0-3) 18
DPTR FM NORMAL -15 PTCLDY (SCALE 4-7) 13
TOTAL FM JUL 1 96 CLOUDY (SCALE 8-10) 0
DPTR FM NORMAL -20
[CDD (BASE 65) ]
TOTAL THIS MO. 65
DPTR FM NORMAL -20 [PRESSURE DATA]
TOTAL FM JAN 1 1975 HIGHEST SLP 30.41 ON 25
DPTR FM NORMAL -95 LOWEST SLP 29.55 ON 20
[REMARKS]
#FINAL-10-23#