000
CXUS54 KLCH 010930
CF6LFT
PRELIMINARY LOCAL CLIMATOLOGICAL DATA (WS FORM: F-6)
STATION: LAFAYETTE
MONTH: NOVEMBER
YEAR: 2021
LATITUDE: 30 12 N
LONGITUDE: 92 0 W
TEMPERATURE IN F: :PCPN: SNOW: WIND :SUNSHINE: SKY :PK WND
================================================================================
1 2 3 4 5 6A 6B 7 8 9 10 11 12 13 14 15 16 17 18
12Z AVG MX 2MIN
DY MAX MIN AVG DEP HDD CDD WTR SNW DPTH SPD SPD DIR MIN PSBL S-S WX SPD DR
================================================================================
1 79 51 65 0 0 0 0.00 0.0 M 1.9 8 70 M M 0 1 12 70
2 78 53 66 1 0 1 0.00 0.0 M 2.9 10 40 M M 0 1 15 30
3 73 50 62 -2 3 0 0.00 0.0 M 5.5 17 10 M M 2 21 20
4 63 48 56 -8 9 0 0.00 0.0 M 11.3 16 20 M M 6 22 10
5 63 45 54 -10 11 0 0.00 0.0 M 6.7 14 40 M M 6 20 10
6 59 47 53 -10 12 0 0.00 0.0 M 6.2 12 360 M M 6 1 16 20
7 71 41 56 -7 9 0 0.00 0.0 M 2.2 9 20 M M 2 12 13 10
8 75 44 60 -3 5 0 M M M 1.0 7 80 M M 0 1 9 350
9 74 45 60 -2 5 0 0.00 0.0 M 0.5 7 20 M M 1 128 9 20
10 78 51 65 3 0 0 T 0.0 M 1.7 10 180 M M 6 1 17 160
11 74 56 65 3 0 0 0.32 0.0 M 4.3 18 350 M M 4 1 23 340
12 73 49 61 -1 4 0 0.00 0.0 M 4.4 22 350 M M 5 128 30 350
13 62 43 53 -8 12 0 0.00 0.0 M 8.2 23 350 M M 0 35 350
14 71 39 55 -6 10 0 0.00 0.0 M 1.8 12 220 M M 0 12 15 220
15 78 48 63 2 2 0 0.00 0.0 M 3.3 12 190 M M 2 1 15 160
16 79 52 66 6 0 1 0.00 0.0 M 4.7 15 200 M M 1 1 22 170
17 82 60 71 11 0 6 0.00 0.0 M 4.0 15 190 M M 3 1 24 180
18 81 51 66 6 0 1 0.01 0.0 M 10.3 25 20 M M 7 1 33 10
19 68 46 57 -3 8 0 0.00 0.0 M 7.8 17 30 M M 0 23 50
20 75 43 59 -1 6 0 0.00 0.0 M 0.8 8 180 M M 0 1 13 180
21 81 58 70 11 0 5 0.00 0.0 0 2.3 8 190 M M 7 12 10 200
22 70 49 60 1 5 0 0.01 M M 10.3 22 350 M M 3 1 29 30
23 68 41 55 -4 10 0 0.00 0.0 M 2.7 9 60 M M 0 17 60
24 75 44 60 1 5 0 0.00 0.0 M 4.0 12 190 M M 2 23 180
25 77 57 67 9 0 2 0.11 0.0 M 5.3 21 10 M M 6 1 31 360
26 61 44 53 -5 12 0 0.00 0.0 M 9.9 22 20 M M 2 31 10
27 59 39 49 -9 16 0 0.06 M M 2.2 10 40 M M 4 1 14 40
28 67 49 58 0 7 0 0.19 M M 5.4 13 350 M M 7 1 20 140
29 68 43 56 -2 9 0 0.00 0.0 M 2.5 7 10 M M 0 1 12 50
30 73 40 57 0 8 0 0.00 0.0 M 1.3 8 200 M M 2 12 15 210
================================================================================
SM 2155 1426 168 16 0.70 0.0 135.4 M 84
================================================================================
AV 71.8 47.5 4.5 FASTST M M 3 MAX(MPH)
MISC ----> 25 20 35 350
================================================================================
NOTES:
# LAST OF SEVERAL OCCURRENCES
COLUMN 17 PEAK WIND IN M.P.H.
PRELIMINARY LOCAL CLIMATOLOGICAL DATA (WS FORM: F-6) , PAGE 2
STATION: LAFAYETTE
MONTH: NOVEMBER
YEAR: 2021
LATITUDE: 30 12 N
LONGITUDE: 92 0 W
[TEMPERATURE DATA] [PRECIPITATION DATA] SYMBOLS USED IN COLUMN 16
AVERAGE MONTHLY: 59.7 TOTAL FOR MONTH: 0.70 1 = FOG OR MIST
DPTR FM NORMAL: -1.1 DPTR FM NORMAL: -3.69 2 = FOG REDUCING VISIBILITY
HIGHEST: 82 ON 17 GRTST 24HR 0.32 ON 10-11 TO 1/4 MILE OR LESS
LOWEST: 39 ON 27,14 3 = THUNDER
SNOW, ICE PELLETS, HAIL 4 = ICE PELLETS
TOTAL MONTH: 0.0 INCH 5 = HAIL
GRTST 24HR 0.0 6 = FREEZING RAIN OR DRIZZLE
GRTST DEPTH: 0 7 = DUSTSTORM OR SANDSTORM:
VSBY 1/2 MILE OR LESS
8 = SMOKE OR HAZE
[NO. OF DAYS WITH] [WEATHER - DAYS WITH] 9 = BLOWING SNOW
X = TORNADO
MAX 32 OR BELOW: 0 0.01 INCH OR MORE: 6
MAX 90 OR ABOVE: 0 0.10 INCH OR MORE: 3
MIN 32 OR BELOW: 0 0.50 INCH OR MORE: 0
MIN 0 OR BELOW: 0 1.00 INCH OR MORE: 0
[HDD (BASE 65) ]
TOTAL THIS MO. 168 CLEAR (SCALE 0-3) 17
DPTR FM NORMAL -11 PTCLDY (SCALE 4-7) 13
TOTAL FM JUL 1 178 CLOUDY (SCALE 8-10) 0
DPTR FM NORMAL -35
[CDD (BASE 65) ]
TOTAL THIS MO. 16
DPTR FM NORMAL -38 [PRESSURE DATA]
TOTAL FM JAN 1 2961 HIGHEST SLP 30.40 ON 19
DPTR FM NORMAL -18 LOWEST SLP 29.92 ON 11
[REMARKS]
#FINAL-11-21#