000
CXUS54 KFWD 010731
CF6LHB
PRELIMINARY LOCAL CLIMATOLOGICAL DATA (WS FORM: F-6)
STATION: HEARNE
MONTH: APRIL
YEAR: 2020
LATITUDE: 30 52 N
LONGITUDE: 96 36 W
TEMPERATURE IN F: :PCPN: SNOW: WIND :SUNSHINE: SKY :PK WND
================================================================================
1 2 3 4 5 6A 6B 7 8 9 10 11 12 13 14 15 16 17 18
12Z AVG MX 2MIN
DY MAX MIN AVG DEP HDD CDD WTR SNW DPTH SPD SPD DIR MIN PSBL S-S WX SPD DR
================================================================================
1 76 49 63 M 2 0 0.00 0.0 0 5.1 13 140 M M 0 18 140
2 74 59 67 M 0 2 M 0.0 0 5.6 10 160 M M 7 3 M M
3 80 47 64 M 1 0 0.28 0.0 0 8.6 20 350 M M 10 3 25 340
4 51 45 48 M 17 0 0.17 0.0 0 8.4 12 360 M M 10 13 16 320
5 70 49 60 M 5 0 0.00 0.0 0 4.5 12 340 M M 9 1 M M
6 80 57 69 M 0 4 0.00 0.0 0 2.1 6 150 M M 6 1 M M
7 85 71 78 M 0 13 0.00 0.0 0 5.5 13 160 M M 5 1 16 180
8 91 71 81 M 0 16 0.00 0.0 0 4.6 9 180 M M 3 1 M M
9 86 67 77 M 0 12 0.16 0.0 0 3.5 13 360 M M 3 13 16 360
10 74 60 67 M 0 2 0.00 0.0 0 5.3 12 50 M M 1 M M
11 76 55 66 M 0 1 0.00 0.0 0 4.3 10 130 M M 7 3 17 130
12 84 59 72 M 0 7 0.16 0.0 0 9.5 27 330 M M 5 13 32 330
13 62 45 54 M 11 0 0.00 0.0 0 10.3 17 330 M M 2 24 330
14 64 44 54 M 11 0 0.00 0.0 0 9.1 14 350 M M 4 20 360
15 67 40 54 M 11 0 0.00 0.0 0 2.4 8 360 M M 0 M M
16 77 46 62 M 3 0 0.00 0.0 0 6.0 15 170 M M 0 20 170
17 75 55 65 M 0 0 0.01 0.0 0 6.2 16 320 M M 8 1 18 330
18 68 55 62 M 3 0 0.00 0.0 0 3.8 8 30 M M 10 1 M M
19 89 55 72 M 0 7 0.00 0.0 0 4.6 15 280 M M 6 12 24 220
20 84 58 71 M 0 6 0.00 0.0 0 1.8 6 140 M M 5 128 M M
21 85 65 75 M 0 10 0.00 0.0 0 4.8 13 150 M M 3 1 M M
22 80 68 74 M 0 9 0.34 0.0 0 6.8 13 180 M M 7 1238 20 150
23 83 58 71 M 0 6 0.00 0.0 0 3.9 14 330 M M 1 1 17 330
24 93 57 75 M 0 10 0.00 0.0 0 9.2 21 330 M M 0 30 330
25 77 57 67 M 0 2 0.00 0.0 0 6.2 17 340 M M 4 23 340
26 84 49 67 M 0 2 0.00 0.0 0 1.5 5 120 M M 1 12 M M
27 88 58 73 M 0 8 0.00 0.0 0 11.0 20 160 M M 2 27 160
28 90 72 81 M 0 16 0.00 0.0 0 10.9 17 170 M M 7 23 170
29 81 55 68 M 0 3 0.32 0.0 0 9.7 47 360 M M 3 3 70 360
30 82 50 66 M 0 1 0.00 0.0 0 0.9 7 300 M M 0 M M
================================================================================
SM 2356 1676 64 137 1.44 0.0 176.1 M 129
================================================================================
AV 78.5 55.9 5.9 FASTST M M 4 MAX(MPH)
MISC ----> # 47 360 # 70 360
================================================================================
NOTES:
# LAST OF SEVERAL OCCURRENCES
COLUMN 17 PEAK WIND IN M.P.H.
PRELIMINARY LOCAL CLIMATOLOGICAL DATA (WS FORM: F-6) , PAGE 2
STATION: HEARNE
MONTH: APRIL
YEAR: 2020
LATITUDE: 30 52 N
LONGITUDE: 96 36 W
[TEMPERATURE DATA] [PRECIPITATION DATA] SYMBOLS USED IN COLUMN 16
AVERAGE MONTHLY: 67.2 TOTAL FOR MONTH: 1.44 1 = FOG OR MIST
DPTR FM NORMAL: M DPTR FM NORMAL: M 2 = FOG REDUCING VISIBILITY
HIGHEST: 93 ON 24 GRTST 24HR 0.34 ON 22-22 TO 1/4 MILE OR LESS
LOWEST: 40 ON 15 3 = THUNDER
SNOW, ICE PELLETS, HAIL 4 = ICE PELLETS
TOTAL MONTH: 0.0 INCH 5 = HAIL
GRTST 24HR 0.0 6 = FREEZING RAIN OR DRIZZLE
GRTST DEPTH: 0 7 = DUSTSTORM OR SANDSTORM:
VSBY 1/2 MILE OR LESS
8 = SMOKE OR HAZE
[NO. OF DAYS WITH] [WEATHER - DAYS WITH] 9 = BLOWING SNOW
X = TORNADO
MAX 32 OR BELOW: 0 0.01 INCH OR MORE: 7
MAX 90 OR ABOVE: 3 0.10 INCH OR MORE: 6
MIN 32 OR BELOW: 0 0.50 INCH OR MORE: 0
MIN 0 OR BELOW: 0 1.00 INCH OR MORE: 0
[HDD (BASE 65) ]
TOTAL THIS MO. 64 CLEAR (SCALE 0-3) 13
DPTR FM NORMAL M PTCLDY (SCALE 4-7) 13
TOTAL FM JUL 1 1615 CLOUDY (SCALE 8-10) 4
DPTR FM NORMAL M
[CDD (BASE 65) ]
TOTAL THIS MO. 137
DPTR FM NORMAL M [PRESSURE DATA]
TOTAL FM JAN 1 303 HIGHEST SLP M ON M
DPTR FM NORMAL M LOWEST SLP M ON M
[REMARKS]
#FINAL-04-20#