000
CXUS54 KFWD 010730
CF6LHB
PRELIMINARY LOCAL CLIMATOLOGICAL DATA (WS FORM: F-6)
STATION: HEARNE
MONTH: SEPTEMBER
YEAR: 2023
LATITUDE: 30 52 N
LONGITUDE: 96 36 W
TEMPERATURE IN F: :PCPN: SNOW: WIND :SUNSHINE: SKY :PK WND
================================================================================
1 2 3 4 5 6A 6B 7 8 9 10 11 12 13 14 15 16 17 18
12Z AVG MX 2MIN
DY MAX MIN AVG DEP HDD CDD WTR SNW DPTH SPD SPD DIR MIN PSBL S-S WX SPD DR
================================================================================
1 100 71 86 M 0 21 0.00 M M 2.4 9 50 M M 1 M M
2 102 69 86 M 0 21 0.00 M M 1.3 6 190 M M 1 16 0
3 101 77 89 M 0 24 0.00 M M 3.6 14 170 M M 0 17 150
4 102 78 90 M 0 25 0.00 M M 7.7 14 160 M M 2 23 180
5 104 82 93 M 0 28 0.00 M M 9.3 13 160 M M 3 22 180
6 103 80 92 M 0 27 0.00 M M 3.8 9 210 M M 3 M M
7 106 78 92 M 0 27 0.00 M M 3.0 7 230 M M 0 M M
8 108 77 93 M 0 28 0.00 M M 4.0 9 110 M M 0 18 150
9 101 74 88 M 0 23 0.13 M M 5.1 9 120 M M 2 3 20 0
10 98 75 87 M 0 22 0.00 M M 3.1 10 70 M M 1 16 100
11 95 64 80 M 0 15 0.00 M M 2.0 7 160 M M 0 8 M M
12 94 73 84 M 0 19 0.00 M M 3.7 15 360 M M 1 8 23 360
13 84 74 79 M 0 14 0.09 M M 5.0 10 340 M M 5 1 M M
14 87 73 80 M 0 15 0.03 M M 3.6 13 50 M M 6 18 17 50
15 83 71 77 M 0 12 1.20 M M 3.5 8 90 M M 6 138 28 330
16 84 71 78 M 0 13 0.09 M M 1.4 10 260 M M 4 138 M M
17 93 69 81 M 0 16 0.00 M M 2.4 10 30 M M 3 12 M M
18 95 63 79 M 0 14 0.00 M M 1.3 6 140 M M 0 M M
19 96 69 83 M 0 18 0.00 M M 5.0 12 180 M M 1 18 180
20 97 70 84 M 0 19 0.00 M M 5.0 10 200 M M 1 8 24 150
21 98 73 86 M 0 21 0.00 M M 4.2 10 150 M M 1 M M
22 99 74 87 M 0 22 0.00 M M 5.5 12 170 M M 1 16 210
23 100 78 89 M 0 24 0.00 M M 7.5 14 160 M M 3 20 140
24 101 80 91 M 0 26 0.00 M M 10.5 17 200 M M 4 21 170
25 94 76 85 M 0 20 0.15 M M 5.8 16 180 M M 4 38 22 200
26 97 70 84 M 0 19 0.00 M M 1.8 6 170 M M 4 1 M M
27 98 72 85 M 0 20 0.00 M M 0.6 3 140 M M 2 M M
28 97 72 85 M 0 20 0.00 M M 1.8 8 180 M M 0 17 190
29 96 71 84 M 0 19 0.00 M M 2.0 6 150 M M 2 M M
30 98 69 84 M 0 19 0.00 M M 2.6 9 120 M M 0 18 130
================================================================================
SM 2911 2193 0 611 1.69 M 118.4 M 61
================================================================================
AV 97.0 73.1 3.9 FASTST M M 2 MAX(MPH)
MISC ----> 17 200 28 330
================================================================================
NOTES:
# LAST OF SEVERAL OCCURRENCES
COLUMN 17 PEAK WIND IN M.P.H.
PRELIMINARY LOCAL CLIMATOLOGICAL DATA (WS FORM: F-6) , PAGE 2
STATION: HEARNE
MONTH: SEPTEMBER
YEAR: 2023
LATITUDE: 30 52 N
LONGITUDE: 96 36 W
[TEMPERATURE DATA] [PRECIPITATION DATA] SYMBOLS USED IN COLUMN 16
AVERAGE MONTHLY: 85.1 TOTAL FOR MONTH: 1.69 1 = FOG OR MIST
DPTR FM NORMAL: 0.0 DPTR FM NORMAL: M 2 = FOG REDUCING VISIBILITY
HIGHEST: 108 ON 8 GRTST 24HR 1.20 ON 15-15 TO 1/4 MILE OR LESS
LOWEST: 63 ON 18 3 = THUNDER
SNOW, ICE PELLETS, HAIL 4 = ICE PELLETS
TOTAL MONTH: M 5 = HAIL
GRTST 24HR M ON M 6 = FREEZING RAIN OR DRIZZLE
GRTST DEPTH: M ON M 7 = DUSTSTORM OR SANDSTORM:
VSBY 1/2 MILE OR LESS
8 = SMOKE OR HAZE
[NO. OF DAYS WITH] [WEATHER - DAYS WITH] 9 = BLOWING SNOW
X = TORNADO
MAX 32 OR BELOW: 0 0.01 INCH OR MORE: 6
MAX 90 OR ABOVE: 26 0.10 INCH OR MORE: 3
MIN 32 OR BELOW: 0 0.50 INCH OR MORE: 1
MIN 0 OR BELOW: 0 1.00 INCH OR MORE: 1
[HDD (BASE 65) ]
TOTAL THIS MO. 0 CLEAR (SCALE 0-3) 20
DPTR FM NORMAL M PTCLDY (SCALE 4-7) 10
TOTAL FM JUL 1 0 CLOUDY (SCALE 8-10) 0
DPTR FM NORMAL M
[CDD (BASE 65) ]
TOTAL THIS MO. 611
DPTR FM NORMAL M [PRESSURE DATA]
TOTAL FM JAN 1 3374 HIGHEST SLP M ON M
DPTR FM NORMAL M LOWEST SLP M ON M
[REMARKS]
#FINAL-09-23#