000
CXUS55 KRIW 011010
CF6LND
PRELIMINARY LOCAL CLIMATOLOGICAL DATA (WS FORM: F-6)
STATION: LANDER WY
MONTH: AUGUST
YEAR: 2022
LATITUDE: 42 49 N
LONGITUDE: 108 44 W
TEMPERATURE IN F: :PCPN: SNOW: WIND :SUNSHINE: SKY :PK WND
================================================================================
1 2 3 4 5 6A 6B 7 8 9 10 11 12 13 14 15 16 17 18
12Z AVG MX 2MIN
DY MAX MIN AVG DEP HDD CDD WTR SNW DPTH SPD SPD DIR MIN PSBL S-S WX SPD DR
================================================================================
1 97 64 81 8 0 16 0.00 0.0 0 6.0 16 240 M M 0 20 230
2 81 58 70 -3 0 5 0.01 0.0 0 8.1 28 350 M M 6 37 360
3 88 55 72 0 0 7 0.00 0.0 0 5.1 14 240 M M 0 17 250
4 95 55 75 3 0 10 0.00 0.0 0 5.6 23 330 M M 0 31 330
5 88 62 75 3 0 10 0.07 0.0 0 4.7 26 170 M M 4 1 32 180
6 71 57 64 -8 1 0 0.09 0.0 0 6.8 17 310 M M 8 1 23 310
7 83 51 67 -5 0 2 0.00 0.0 0 5.8 15 250 M M 0 1 22 20
8 90 54 72 0 0 7 0.00 0.0 0 6.5 17 230 M M 0 22 240
9 94 56 75 3 0 10 0.00 0.0 0 6.7 17 230 M M 0 24 90
10 99 58 79 8 0 14 0.00 0.0 0 6.7 16 340 M M 0 26 130
11 94 65 80 9 0 15 T 0.0 0 6.3 40 300 M M 1 3 52 300
12 84 60 72 1 0 7 T 0.0 0 7.1 21 170 M M 3 29 170
13 87 59 73 2 0 8 0.04 0.0 0 6.3 29 180 M M 4 3 39 190
14 76 55 66 -5 0 1 0.07 0.0 0 5.6 18 300 M M 5 26 310
15 87 50 69 -1 0 4 0.00 0.0 0 4.4 14 80 M M 0 21 80
16 89 55 72 2 0 7 0.00 0.0 0 5.3 16 240 M M 0 20 240
17 93 57 75 5 0 10 0.00 0.0 0 5.4 14 250 M M 1 20 20
18 89 59 74 4 0 9 T 0.0 0 5.7 29 320 M M 1 39 310
19 84 59 72 3 0 7 0.00 0.0 0 5.8 13 260 M M 0 16 250
20 85 55 70 1 0 5 0.00 0.0 0 6.5 20 180 M M 1 25 180
21 89 56 73 4 0 8 0.00 0.0 0 5.4 16 240 M M 0 19 250
22 90 58 74 6 0 9 T 0.0 0 5.7 26 90 M M 2 41 100
23 87 56 72 4 0 7 T 0.0 0 5.0 26 210 M M 1 3 36 330
24 85 56 71 3 0 6 0.24 0.0 0 6.1 28 240 M M 2 3 37 230
25 79 56 68 0 0 3 0.01 0.0 0 5.3 14 80 M M 2 3 18 70
26 88 52 70 3 0 5 0.00 0.0 0 9.6 26 260 M M 0 36 270
27 89 55 72 5 0 7 0.00 0.0 0 9.2 28 290 M M 0 40 300
28 86 57 72 5 0 7 0.00 0.0 0 8.1 24 300 M M 0 33 280
29 86 52 69 3 0 4 0.00 0.0 0 6.8 15 250 M M 0 19 250
30 90 58 74 8 0 9 0.00 0.0 0 5.5 16 240 M M 0 21 240
31 94 55 75 9 0 10 0.00 0.0 0 5.7 18 290 M M 0 26 320
================================================================================
SM 2717 1755 1 229 0.53 0.0 192.8 M 41
================================================================================
AV 87.6 56.6 6.2 FASTST M M 1 MAX(MPH)
MISC ----> 40 300 52 300
================================================================================
NOTES:
# LAST OF SEVERAL OCCURRENCES
COLUMN 17 PEAK WIND IN M.P.H.
PRELIMINARY LOCAL CLIMATOLOGICAL DATA (WS FORM: F-6) , PAGE 2
STATION: LANDER WY
MONTH: AUGUST
YEAR: 2022
LATITUDE: 42 49 N
LONGITUDE: 108 44 W
[TEMPERATURE DATA] [PRECIPITATION DATA] SYMBOLS USED IN COLUMN 16
AVERAGE MONTHLY: 72.1 TOTAL FOR MONTH: 0.53 1 = FOG OR MIST
DPTR FM NORMAL: 2.3 DPTR FM NORMAL: 0.01 2 = FOG REDUCING VISIBILITY
HIGHEST: 99 ON 10 GRTST 24HR 0.25 ON 24-25 TO 1/4 MILE OR LESS
LOWEST: 50 ON 15 3 = THUNDER
SNOW, ICE PELLETS, HAIL 4 = ICE PELLETS
TOTAL MONTH: 0.0 INCH 5 = HAIL
GRTST 24HR 0.0 6 = FREEZING RAIN OR DRIZZLE
GRTST DEPTH: 0 7 = DUSTSTORM OR SANDSTORM:
VSBY 1/2 MILE OR LESS
8 = SMOKE OR HAZE
[NO. OF DAYS WITH] [WEATHER - DAYS WITH] 9 = BLOWING SNOW
X = TORNADO
MAX 32 OR BELOW: 0 0.01 INCH OR MORE: 7
MAX 90 OR ABOVE: 10 0.10 INCH OR MORE: 1
MIN 32 OR BELOW: 0 0.50 INCH OR MORE: 0
MIN 0 OR BELOW: 0 1.00 INCH OR MORE: 0
[HDD (BASE 65) ]
TOTAL THIS MO. 1 CLEAR (SCALE 0-3) 26
DPTR FM NORMAL -24 PTCLDY (SCALE 4-7) 5
TOTAL FM JUL 1 1 CLOUDY (SCALE 8-10) 0
DPTR FM NORMAL -36
[CDD (BASE 65) ]
TOTAL THIS MO. 229
DPTR FM NORMAL 55 [PRESSURE DATA]
TOTAL FM JAN 1 618 HIGHEST SLP 30.16 ON 30
DPTR FM NORMAL 166 LOWEST SLP 29.58 ON 27
[REMARKS]
#FINAL-08-22#