000
CXUS53 KLMK 010810
CF6LOU
PRELIMINARY LOCAL CLIMATOLOGICAL DATA (WS FORM: F-6)
STATION: LOUISVILLE BOWMAN KY
MONTH: NOVEMBER
YEAR: 2022
LATITUDE: 38 13 N
LONGITUDE: 85 39 W
TEMPERATURE IN F: :PCPN: SNOW: WIND :SUNSHINE: SKY :PK WND
================================================================================
1 2 3 4 5 6A 6B 7 8 9 10 11 12 13 14 15 16 17 18
12Z AVG MX 2MIN
DY MAX MIN AVG DEP HDD CDD WTR SNW DPTH SPD SPD DIR MIN PSBL S-S WX SPD DR
================================================================================
1 66 49 58 6 7 0 T M M 2.9 8 260 M M 5 1 11 270
2 66 47 57 5 8 0 0.00 M M 1.1 7 120 M M 2 1 9 80
3 74 43 59 7 6 0 0.00 M M 2.4 10 160 M M 1 12 12 120
4 77 55 66 15 0 1 0.00 M M 9.8 20 180 M M 0 25 190
5 72 60 66 15 0 1 T M M 14.9 37 160 M M 5 53 150
6 73 46 60 10 5 0 0.00 M M 4.6 17 200 M M 2 27 190
7 70 45 58 8 7 0 0.00 M M 5.6 14 10 M M 1 21 40
8 67 48 58 8 7 0 0.00 M M 8.1 15 70 M M 2 20 50
9 77 39 58 9 7 0 0.00 M M 1.5 7 160 M M 0 8 10 160
10 74 46 60 11 5 0 0.00 M M 3.9 12 160 M M 0 8 15 140
11 66 45 56 7 9 0 0.53 M M 5.8 18 290 M M 7 1 28 280
12 46 30 38 -10 27 0 0.17 M M 9.2 17 300 M M 10 12 25 310
13 37 30 34 -14 31 0 0.00 M M 5.9 15 290 M M 10 22 300
14 46 28 37 -11 28 0 0.00 M M 7.2 17 70 M M 3 22 60
15 43 38 41 -6 24 0 0.02 M M 6.2 15 270 M M 9 1 21 230
16 42 29 36 -11 29 0 T M M 11.1 23 290 M M 10 1 34 280
17 33 25 29 -17 36 0 0.00 M M 7.7 15 250 M M 7 22 280
18 37 25 31 -15 34 0 T M M 10.2 23 260 M M 4 34 250
19 38 18 28 -18 37 0 0.00 M M 10.7 23 230 M M 1 36 300
20 37 19 28 -18 37 0 0.00 M M 4.4 16 280 M M 0 23 290
21 50 20 35 -10 30 0 0.00 M M 5.4 16 210 M M 0 22 200
22 58 25 42 -3 23 0 0.00 M M 3.2 15 210 M M 0 19 220
23 59 27 43 -1 22 0 0.00 M M 0.9 7 200 M M 0 10 170
24 64 28 46 2 19 0 T M M 1.7 8 170 M M 3 11 180
25 58 34 46 2 19 0 0.00 M M 4.8 12 330 M M 6 18 310
26 56 26 41 -3 24 0 0.12 M M 3.0 12 100 M M 1 18 16 110
27 57 45 51 8 14 0 0.30 M M 14.0 37 230 M M 10 1 53 220
28 49 42 46 3 19 0 T M M 4.8 9 270 M M 10 18 12 270
29 63 43 53 10 12 0 0.14 M M 10.2 20 170 M M 4 13 30 180
30 59 30 45 3 20 0 0.13 M M 12.6 25 290 M M 3 1 37 270
================================================================================
SM 1714 1085 546 2 1.41 M 193.8 M 116
================================================================================
AV 57.1 36.2 6.5 FASTST M M 4 MAX(MPH)
MISC ----> # 37 160 # 53 150
================================================================================
NOTES:
# LAST OF SEVERAL OCCURRENCES
COLUMN 17 PEAK WIND IN M.P.H.
PRELIMINARY LOCAL CLIMATOLOGICAL DATA (WS FORM: F-6) , PAGE 2
STATION: LOUISVILLE BOWMAN KY
MONTH: NOVEMBER
YEAR: 2022
LATITUDE: 38 13 N
LONGITUDE: 85 39 W
[TEMPERATURE DATA] [PRECIPITATION DATA] SYMBOLS USED IN COLUMN 16
AVERAGE MONTHLY: 46.7 TOTAL FOR MONTH: 1.41 1 = FOG OR MIST
DPTR FM NORMAL: -0.5 DPTR FM NORMAL: -2.03 2 = FOG REDUCING VISIBILITY
HIGHEST: 77 ON 9, 4 GRTST 24HR 0.53 ON 11-11 TO 1/4 MILE OR LESS
LOWEST: 18 ON 19 3 = THUNDER
SNOW, ICE PELLETS, HAIL 4 = ICE PELLETS
TOTAL MONTH: M 5 = HAIL
GRTST 24HR M ON M 6 = FREEZING RAIN OR DRIZZLE
GRTST DEPTH: M ON M 7 = DUSTSTORM OR SANDSTORM:
VSBY 1/2 MILE OR LESS
8 = SMOKE OR HAZE
[NO. OF DAYS WITH] [WEATHER - DAYS WITH] 9 = BLOWING SNOW
X = TORNADO
MAX 32 OR BELOW: 0 0.01 INCH OR MORE: 7
MAX 90 OR ABOVE: 0 0.10 INCH OR MORE: 6
MIN 32 OR BELOW: 14 0.50 INCH OR MORE: 1
MIN 0 OR BELOW: 0 1.00 INCH OR MORE: 0
[HDD (BASE 65) ]
TOTAL THIS MO. 546 CLEAR (SCALE 0-3) 16
DPTR FM NORMAL 10 PTCLDY (SCALE 4-7) 8
TOTAL FM JUL 1 847 CLOUDY (SCALE 8-10) 6
DPTR FM NORMAL 47
[CDD (BASE 65) ]
TOTAL THIS MO. 2
DPTR FM NORMAL 0 [PRESSURE DATA]
TOTAL FM JAN 1 1655 HIGHEST SLP 30.55 ON 8
DPTR FM NORMAL 112 LOWEST SLP 29.42 ON 27
[REMARKS]
#FINAL-11-22#