000
CXUS53 KJKL 011310
CF6LOZ
PRELIMINARY LOCAL CLIMATOLOGICAL DATA (WS FORM: F-6)
STATION: LONDON KY
MONTH: JULY
YEAR: 2023
LATITUDE: 37 4 N
LONGITUDE: 84 5 W
TEMPERATURE IN F: :PCPN: SNOW: WIND :SUNSHINE: SKY :PK WND
================================================================================
1 2 3 4 5 6A 6B 7 8 9 10 11 12 13 14 15 16 17 18
12Z AVG MX 2MIN
DY MAX MIN AVG DEP HDD CDD WTR SNW DPTH SPD SPD DIR MIN PSBL S-S WX SPD DR
================================================================================
1 84 69 77 1 0 12 0.33 M M 4.7 24 340 M M 2 13 33 320
2 89 67 78 2 0 13 0.83 M M 5.2 21 330 M M 5 13 31 340
3 84 67 76 0 0 11 0.02 M M 7.5 21 250 M M 5 13 27 240
4 88 65 77 1 0 12 0.00 M M 1.9 8 290 M M 1 1 12 280
5 85 68 77 1 0 12 0.00 M M 2.0 9 250 M M 0 18 13 210
6 87 67 77 1 0 12 0.92 M M 3.8 20 290 M M 1 123 27 200
7 86 67 77 1 0 12 0.00 M M 2.3 10 350 M M 4 12 13 350
8 86 64 75 -1 0 10 0.21 M M 3.4 12 70 M M 0 1 19 60
9 80 68 74 -2 0 9 0.03 M M 6.3 15 250 M M M 21 260
10 83 63 73 -3 0 8 0.00 M M 4.1 13 40 M M M 18 40
11 84 59 72 -4 0 7 0.00 M M 1.7 9 260 M M M 12 230
12 86 62 74 -2 0 9 0.00 M M 4.6 12 230 M M M 20 250
13 88 69 79 3 0 14 T M M 4.6 15 250 M M 2 23 250
14 91 72 82 6 0 17 0.01 M M 3.4 15 260 M M 3 1 19 270
15 83 71 77 1 0 12 0.02 M M 3.4 14 270 M M 3 1 19 260
16 85 68 77 1 0 12 0.00 M M 4.9 15 280 M M 3 128 20 280
17 87 63 75 -1 0 10 T M M 4.7 18 270 M M 1 18 29 280
18 87 65 76 0 0 11 0.30 M M 5.7 36 270 M M 3 13 51 280
19 81 68 75 -1 0 10 0.02 M M 4.5 15 260 M M 6 1 20 230
20 81 70 76 0 0 11 0.09 M M 5.3 14 200 M M 9 13 20 210
21 85 69 77 1 0 12 0.00 M M 5.5 15 290 M M 5 20 300
22 82 67 75 -1 0 10 0.01 M M 2.3 12 360 M M 4 16 360
23 85 61 73 -3 0 8 0.00 M M 2.3 12 290 M M 2 12 15 290
24 86 61 74 -2 0 9 T M M 3.5 15 10 M M 2 3 21 10
25 90 65 78 2 0 13 0.00 M M 3.7 12 240 M M 2 17 240
26 92 70 81 5 0 16 T M M 5.5 15 260 M M 1 1 21 260
27 91 75 83 7 0 18 T M M 7.1 15 250 M M 3 21 220
28 95 72 84 8 0 19 0.00 M M 5.6 13 240 M M 1 19 210
29 93 70 82 6 0 17 0.10 M M 7.0 21 260 M M 2 13 28 250
30 82 67 75 -1 0 10 0.67 M M 3.1 20 350 M M 6 123 32 360
31 86 65 76 0 0 11 0.00 M M 4.3 15 360 M M 5 12 20 360
================================================================================
SM 2672 2074 0 367 3.56 M 133.9 M 81
================================================================================
AV 86.2 66.9 4.3 FASTST M M 3 MAX(MPH)
MISC ----> 36 270 51 280
================================================================================
NOTES:
# LAST OF SEVERAL OCCURRENCES
COLUMN 17 PEAK WIND IN M.P.H.
PRELIMINARY LOCAL CLIMATOLOGICAL DATA (WS FORM: F-6) , PAGE 2
STATION: LONDON KY
MONTH: JULY
YEAR: 2023
LATITUDE: 37 4 N
LONGITUDE: 84 5 W
[TEMPERATURE DATA] [PRECIPITATION DATA] SYMBOLS USED IN COLUMN 16
AVERAGE MONTHLY: 76.5 TOTAL FOR MONTH: 3.56 1 = FOG OR MIST
DPTR FM NORMAL: 0.2 DPTR FM NORMAL: -1.60 2 = FOG REDUCING VISIBILITY
HIGHEST: 95 ON 28 GRTST 24HR 0.92 ON 6- 6 TO 1/4 MILE OR LESS
LOWEST: 59 ON 11 3 = THUNDER
SNOW, ICE PELLETS, HAIL 4 = ICE PELLETS
TOTAL MONTH: M 5 = HAIL
GRTST 24HR M ON M 6 = FREEZING RAIN OR DRIZZLE
GRTST DEPTH: M ON M 7 = DUSTSTORM OR SANDSTORM:
VSBY 1/2 MILE OR LESS
8 = SMOKE OR HAZE
[NO. OF DAYS WITH] [WEATHER - DAYS WITH] 9 = BLOWING SNOW
X = TORNADO
MAX 32 OR BELOW: 0 0.01 INCH OR MORE: 14
MAX 90 OR ABOVE: 6 0.10 INCH OR MORE: 7
MIN 32 OR BELOW: 0 0.50 INCH OR MORE: 3
MIN 0 OR BELOW: 0 1.00 INCH OR MORE: 0
[HDD (BASE 65) ]
TOTAL THIS MO. 0 CLEAR (SCALE 0-3) 15
DPTR FM NORMAL 0 PTCLDY (SCALE 4-7) 11
TOTAL FM JUL 1 0 CLOUDY (SCALE 8-10) 5
DPTR FM NORMAL 0
[CDD (BASE 65) ]
TOTAL THIS MO. 367
DPTR FM NORMAL 17 [PRESSURE DATA]
TOTAL FM JAN 1 597 HIGHEST SLP 30.14 ON 19
DPTR FM NORMAL -126 LOWEST SLP 29.79 ON 15
[REMARKS]
#FINAL-07-23#