000
CXUS55 KJKL 010900
CF6LOZ
PRELIMINARY LOCAL CLIMATOLOGICAL DATA (WS FORM: F-6)
STATION: LONDON KY
MONTH: APRIL
YEAR: 2021
LATITUDE: 37 4 N
LONGITUDE: 84 5 W
TEMPERATURE IN F: :PCPN: SNOW: WIND :SUNSHINE: SKY :PK WND
================================================================================
1 2 3 4 5 6A 6B 7 8 9 10 11 12 13 14 15 16 17 18
12Z AVG MX 2MIN
DY MAX MIN AVG DEP HDD CDD WTR SNW DPTH SPD SPD DIR MIN PSBL S-S WX SPD DR
================================================================================
1 40 29 35 -17 30 0 0.00 M M 9.3 18 330 M M 4 28 330
2 48 24 36 -16 29 0 0.00 M M 4.5 14 20 M M 0 19 360
3 63 25 44 -9 21 0 0.00 M M 2.6 12 190 M M 0 18 210
4 71 35 53 0 12 0 0.00 M M 3.1 15 250 M M 0 18 260
5 76 37 57 4 8 0 0.00 M M 2.2 13 250 M M 0 8 20 190
6 77 43 60 6 5 0 0.00 M M 2.6 14 260 M M 1 21 260
7 81 47 64 10 1 0 0.00 M M 3.4 13 210 M M 1 19 200
8 71 55 63 9 2 0 0.16 M M 7.5 23 190 M M 6 13 33 180
9 80 47 64 9 1 0 0.00 M M 4.8 15 170 M M 1 1 23 180
10 71 52 62 7 3 0 0.23 M M 5.5 18 150 M M 6 1 27 140
11 70 52 61 6 4 0 0.00 M M 11.8 25 260 M M 2 38 220
12 71 42 57 1 8 0 0.00 M M 5.8 18 290 M M 0 27 270
13 69 45 57 1 8 0 T M M 0.9 7 360 M M 5 9 20
14 65 49 57 1 8 0 0.02 M M 5.8 16 340 M M 6 1 25 340
15 58 39 49 -7 16 0 0.00 M M 5.8 17 290 M M 4 25 280
16 63 33 48 -9 17 0 0.00 M M 2.5 13 290 M M 1 16 360
17 61 40 51 -6 14 0 T M M 3.5 12 290 M M 7 17 300
18 64 36 50 -7 15 0 0.00 M M 1.1 8 40 M M 5 1 12 40
19 66 45 56 -2 9 0 T M M 3.8 16 260 M M 5 21 270
20 72 38 55 -3 10 0 0.00 M M 5.7 18 310 M M 2 18 28 320
21 52 30 41 -17 24 0 0.06 M M 8.1 23 300 M M 7 18 31 300
22 55 28 42 -17 23 0 0.00 M M 5.5 21 260 M M 5 1 30 260
23 59 31 45 -14 20 0 0.00 M M 3.0 15 210 M M 6 22 250
24 57 44 51 -8 14 0 0.43 M M 4.6 14 350 M M 8 1 23 110
25 66 45 56 -3 9 0 0.00 M M 5.0 16 340 M M 7 23 340
26 78 38 58 -2 7 0 0.00 M M 2.8 10 180 M M 0 1 15 180
27 84 51 68 8 0 3 0.00 M M 6.8 21 190 M M 0 31 250
28 83 65 74 14 0 9 0.05 M M 7.8 22 250 M M 7 1 31 250
29 72 59 66 6 0 1 0.50 M M 8.3 20 200 M M 6 1 33 220
30 73 48 61 0 4 0 0.00 M M 8.6 20 330 M M 4 12 32 340
================================================================================
SM 2016 1252 322 13 1.45 M 152.7 M 106
================================================================================
AV 67.2 41.7 5.1 FASTST M M 4 MAX(MPH)
MISC ----> 25 260 38 220
================================================================================
NOTES:
# LAST OF SEVERAL OCCURRENCES
COLUMN 17 PEAK WIND IN M.P.H.
PRELIMINARY LOCAL CLIMATOLOGICAL DATA (WS FORM: F-6) , PAGE 2
STATION: LONDON KY
MONTH: APRIL
YEAR: 2021
LATITUDE: 37 4 N
LONGITUDE: 84 5 W
[TEMPERATURE DATA] [PRECIPITATION DATA] SYMBOLS USED IN COLUMN 16
AVERAGE MONTHLY: 54.5 TOTAL FOR MONTH: 1.45 1 = FOG OR MIST
DPTR FM NORMAL: -2.0 DPTR FM NORMAL: -2.60 2 = FOG REDUCING VISIBILITY
HIGHEST: 84 ON 27 GRTST 24HR 0.50 ON 28-29 TO 1/4 MILE OR LESS
LOWEST: 24 ON 2 3 = THUNDER
SNOW, ICE PELLETS, HAIL 4 = ICE PELLETS
TOTAL MONTH: M 5 = HAIL
GRTST 24HR M ON M 6 = FREEZING RAIN OR DRIZZLE
GRTST DEPTH: M ON M 7 = DUSTSTORM OR SANDSTORM:
VSBY 1/2 MILE OR LESS
8 = SMOKE OR HAZE
[NO. OF DAYS WITH] [WEATHER - DAYS WITH] 9 = BLOWING SNOW
X = TORNADO
MAX 32 OR BELOW: 0 0.01 INCH OR MORE: 7
MAX 90 OR ABOVE: 0 0.10 INCH OR MORE: 4
MIN 32 OR BELOW: 6 0.50 INCH OR MORE: 1
MIN 0 OR BELOW: 0 1.00 INCH OR MORE: 0
[HDD (BASE 65) ]
TOTAL THIS MO. 322 CLEAR (SCALE 0-3) 13
DPTR FM NORMAL 46 PTCLDY (SCALE 4-7) 17
TOTAL FM JUL 1 4000 CLOUDY (SCALE 8-10) 0
DPTR FM NORMAL -100
[CDD (BASE 65) ]
TOTAL THIS MO. 13
DPTR FM NORMAL -10 [PRESSURE DATA]
TOTAL FM JAN 1 13 HIGHEST SLP 30.57 ON 2
DPTR FM NORMAL -13 LOWEST SLP 29.51 ON 11
[REMARKS]
#FINAL-04-21#