000
CXUS54 KCRP 011310
CF6LRD
PRELIMINARY LOCAL CLIMATOLOGICAL DATA (WS FORM: F-6)
STATION: LAREDO
MONTH: FEBRUARY
YEAR: 2024
LATITUDE: 27 31 N
LONGITUDE: 99 28 W
TEMPERATURE IN F: :PCPN: SNOW: WIND :SUNSHINE: SKY :PK WND
================================================================================
1 2 3 4 5 6A 6B 7 8 9 10 11 12 13 14 15 16 17 18
12Z AVG MX 2MIN
DY MAX MIN AVG DEP HDD CDD WTR SNW DPTH SPD SPD DIR MIN PSBL S-S WX SPD DR
================================================================================
1 81 58 70 10 0 5 0.00 0.0 0 M M M M M 0 M M
2 85 61 73 13 0 8 0.01 0.0 0 M M M M M 3 1 M M
3 81 56 69 9 0 4 T 0.0 0 M M M M M 4 M M
4 79 49 64 3 1 0 0.00 0.0 0 M M M M M 0 M M
5 71 51 61 0 4 0 0.00 0.0 0 M M M M M 0 M M
6 77 43 60 -1 5 0 0.00 0.0 0 M M M M M 0 M M
7 81 53 67 6 0 2 0.00 0.0 0 M M M M M 0 M M
8 76 58 67 6 0 2 0.00 0.0 0 M M M M M 2 M M
9 85 63 74 12 0 9 0.00 0.0 0 M M M M M 3 M M
10 77 67 72 10 0 7 T 0.0 0 M M M M M 4 M M
11 77 60 69 7 0 4 0.00 0.0 0 M M M M M 3 M M
12 67 47 57 -5 8 0 0.00 0.0 0 M M M M M 1 M M
13 73 45 59 -3 6 0 0.00 0.0 0 M M M M M 0 M M
14 70 55 63 1 2 0 0.00 0.0 0 M M M M M 8 M M
15 69 63 66 3 0 1 T 0.0 0 M M M M M 10 M M
16 68 60 64 1 1 0 0.19 0.0 0 M M M M M 9 M M
17 63 43 53 -10 12 0 0.05 0.0 0 M M M M M 8 M M
18 59 43 51 -12 14 0 0.00 0.0 0 M M M M M 5 M M
19 74 41 58 -5 7 0 0.00 0.0 0 M M M M M 0 M M
20 87 50 69 6 0 4 0.00 0.0 0 M M M M M 0 M M
21 88 63 76 12 0 11 0.00 0.0 0 M M M M M 3 M M
22 89 64 77 13 0 12 0.00 0.0 0 M M M M M 5 M M
23 82 56 69 5 0 4 0.00 0.0 0 M M M M M 0 M M
24 83 53 68 4 0 3 0.00 0.0 0 M M M M M 0 M M
25 91 59 75 11 0 10 0.00 0.0 0 M M M M M 0 M M
26 98 62 80 16 0 15 0.00 0.0 0 M M M M M 1 1 M M
27 95 67 81 16 0 16 0.00 0.0 0 M M M M M 2 M M
28 84 57 71 6 0 6 0.00 0.0 0 M M M M M 2 M M
29 58 51 55 -10 10 0 0.00 0.0 0 M M M M M 10 M M
================================================================================
SM 2268 1598 70 123 0.25 0.0 M M 83
================================================================================
AV 78.2 55.1 M FASTST M M 3 MAX(MPH)
MISC ----> M M M M
================================================================================
NOTES:
# LAST OF SEVERAL OCCURRENCES
COLUMN 17 PEAK WIND IN M.P.H.
PRELIMINARY LOCAL CLIMATOLOGICAL DATA (WS FORM: F-6) , PAGE 2
STATION: LAREDO
MONTH: FEBRUARY
YEAR: 2024
LATITUDE: 27 31 N
LONGITUDE: 99 28 W
[TEMPERATURE DATA] [PRECIPITATION DATA] SYMBOLS USED IN COLUMN 16
AVERAGE MONTHLY: 66.7 TOTAL FOR MONTH: 0.25 1 = FOG OR MIST
DPTR FM NORMAL: 4.2 DPTR FM NORMAL: -0.58 2 = FOG REDUCING VISIBILITY
HIGHEST: 98 ON 26 GRTST 24HR 0.19 ON 15-16 TO 1/4 MILE OR LESS
LOWEST: 41 ON 19 3 = THUNDER
SNOW, ICE PELLETS, HAIL 4 = ICE PELLETS
TOTAL MONTH: 0.0 INCH 5 = HAIL
GRTST 24HR 0.0 6 = FREEZING RAIN OR DRIZZLE
GRTST DEPTH: 0 7 = DUSTSTORM OR SANDSTORM:
VSBY 1/2 MILE OR LESS
8 = SMOKE OR HAZE
[NO. OF DAYS WITH] [WEATHER - DAYS WITH] 9 = BLOWING SNOW
X = TORNADO
MAX 32 OR BELOW: 0 0.01 INCH OR MORE: 3
MAX 90 OR ABOVE: 3 0.10 INCH OR MORE: 1
MIN 32 OR BELOW: 0 0.50 INCH OR MORE: 0
MIN 0 OR BELOW: 0 1.00 INCH OR MORE: 0
[HDD (BASE 65) ]
TOTAL THIS MO. 70 CLEAR (SCALE 0-3) 18
DPTR FM NORMAL -72 PTCLDY (SCALE 4-7) 7
TOTAL FM JUL 1 615 CLOUDY (SCALE 8-10) 4
DPTR FM NORMAL -136
[CDD (BASE 65) ]
TOTAL THIS MO. 123
DPTR FM NORMAL 51 [PRESSURE DATA]
TOTAL FM JAN 1 131 HIGHEST SLP 30.38 ON 18
DPTR FM NORMAL 31 LOWEST SLP 29.54 ON 3
[REMARKS]
#FINAL-02-24#