000
CXUS54 KLZK 011130
CF6LRF
PRELIMINARY LOCAL CLIMATOLOGICAL DATA (WS FORM: F-6)
STATION: JACKSONVILLE/LITTLE ROCK AFB
MONTH: JULY
YEAR: 2021
LATITUDE: 34 55 N
LONGITUDE: 92 9 W
TEMPERATURE IN F: :PCPN: SNOW: WIND :SUNSHINE: SKY :PK WND
================================================================================
1 2 3 4 5 6A 6B 7 8 9 10 11 12 13 14 15 16 17 18
12Z AVG MX 2MIN
DY MAX MIN AVG DEP HDD CDD WTR SNW DPTH SPD SPD DIR MIN PSBL S-S WX SPD DR
================================================================================
1 87 71 79 -2 0 14 1.36 0.0 0 4.9 23 210 M M 8 13 31 210
2 85 64 75 -6 0 10 T 0.0 0 5.5 14 30 M M 5 1 M M
3 85 57 71 -10 0 6 0.00 0.0 0 3.8 10 20 M M 0 M M
4 86 56 71 -10 0 6 0.00 0.0 0 2.2 7 50 M M 0 M M
5 89 61 75 -6 0 10 0.00 0.0 0 1.2 7 60 M M 1 1 M M
6 94 67 81 0 0 16 0.00 0.0 0 3.1 9 80 M M 2 M M
7 94 70 82 0 0 17 0.00 0.0 0 2.0 7 120 M M 1 M M
8 97 72 85 3 0 20 0.00 0.0 0 3.9 12 240 M M 2 3 M M
9 95 76 86 4 0 21 0.00 0.0 0 8.6 16 220 M M 3 M M
10 94 68 81 -1 0 16 0.24 0.0 0 10.9 22 250 M M 5 3 41 250
11 84 68 76 -6 0 11 0.16 0.0 0 7.6 16 260 M M 7 3 M M
12 87 67 77 -5 0 12 T 0.0 0 4.9 15 240 M M 3 22 240
13 92 67 80 -2 0 15 0.00 0.0 0 3.0 8 300 M M 1 M M
14 93 68 81 -1 0 16 0.00 0.0 0 4.2 10 200 M M 2 M M
15 94 71 83 1 0 18 0.00 0.0 0 7.2 14 190 M M 1 21 220
16 86 72 79 -3 0 14 0.04 0.0 0 6.8 16 290 M M 7 31 270
17 82 72 77 -5 0 12 1.30 0.0 0 2.3 15 170 M M 8 3 23 170
18 86 72 79 -3 0 14 0.79 0.0 0 1.7 8 270 M M 8 3 M M
19 86 71 79 -4 0 14 0.34 0.0 0 2.8 20 40 M M 7 1 24 40
20 87 71 79 -4 0 14 T 0.0 0 6.3 15 60 M M 3 20 50
21 89 68 79 -4 0 14 T 0.0 0 4.0 9 50 M M 3 M M
22 91 71 81 -2 0 16 0.15 0.0 0 1.3 8 170 M M 5 13 M M
23 92 74 83 0 0 18 0.04 0.0 0 3.5 10 250 M M 4 3 M M
24 95 74 85 2 0 20 T 0.0 0 3.2 8 200 M M 1 M M
25 97 73 85 2 0 20 0.45 0.0 0 1.8 21 360 M M 3 13 28 360
26 96 74 85 2 0 20 T 0.0 0 1.7 7 40 M M 1 M M
27 96 74 85 2 0 20 T 0.0 0 2.1 7 50 M M 1 M M
28 96 74 85 2 0 20 T 0.0 0 1.9 8 60 M M 1 1 M M
29 96 71 84 1 0 19 0.00 0.0 0 1.5 6 70 M M 0 M M
30 98 74 86 3 0 21 0.00 0.0 0 2.7 9 290 M M 1 M M
31 100 74 87 4 0 22 0.00 0.0 0 3.9 12 280 M M 0 M M
================================================================================
SM 2829 2162 0 486 4.87 0.0 120.5 M 94
================================================================================
AV 91.3 69.7 3.9 FASTST M M 3 MAX(MPH)
MISC ----> 23 210 41 250
================================================================================
NOTES:
# LAST OF SEVERAL OCCURRENCES
COLUMN 17 PEAK WIND IN M.P.H.
PRELIMINARY LOCAL CLIMATOLOGICAL DATA (WS FORM: F-6) , PAGE 2
STATION: JACKSONVILLE/LITTLE ROCK AFB
MONTH: JULY
YEAR: 2021
LATITUDE: 34 55 N
LONGITUDE: 92 9 W
[TEMPERATURE DATA] [PRECIPITATION DATA] SYMBOLS USED IN COLUMN 16
AVERAGE MONTHLY: 80.5 TOTAL FOR MONTH: 4.87 1 = FOG OR MIST
DPTR FM NORMAL: -1.7 DPTR FM NORMAL: M 2 = FOG REDUCING VISIBILITY
HIGHEST: 100 ON 31 GRTST 24HR 1.36 ON 1- 1 TO 1/4 MILE OR LESS
LOWEST: 56 ON 4 3 = THUNDER
SNOW, ICE PELLETS, HAIL 4 = ICE PELLETS
TOTAL MONTH: 0.0 INCH 5 = HAIL
GRTST 24HR 0.0 6 = FREEZING RAIN OR DRIZZLE
GRTST DEPTH: 0 7 = DUSTSTORM OR SANDSTORM:
VSBY 1/2 MILE OR LESS
8 = SMOKE OR HAZE
[NO. OF DAYS WITH] [WEATHER - DAYS WITH] 9 = BLOWING SNOW
X = TORNADO
MAX 32 OR BELOW: 0 0.01 INCH OR MORE: 10
MAX 90 OR ABOVE: 18 0.10 INCH OR MORE: 8
MIN 32 OR BELOW: 0 0.50 INCH OR MORE: 3
MIN 0 OR BELOW: 0 1.00 INCH OR MORE: 2
[HDD (BASE 65) ]
TOTAL THIS MO. 0 CLEAR (SCALE 0-3) 19
DPTR FM NORMAL -6 PTCLDY (SCALE 4-7) 11
TOTAL FM JUL 1 0 CLOUDY (SCALE 8-10) 1
DPTR FM NORMAL -6
[CDD (BASE 65) ]
TOTAL THIS MO. 486
DPTR FM NORMAL -48 [PRESSURE DATA]
TOTAL FM JAN 1 1020 HIGHEST SLP M ON M
DPTR FM NORMAL -158 LOWEST SLP M ON M
[REMARKS]
#FINAL-07-21#