000
CXUS53 KARX 010930
CF6LSE
PRELIMINARY LOCAL CLIMATOLOGICAL DATA (WS FORM: F-6)
STATION: LA CROSSE WI
MONTH: AUGUST
YEAR: 2020
LATITUDE: 43 52 N
LONGITUDE: 91 15 W
TEMPERATURE IN F: :PCPN: SNOW: WIND :SUNSHINE: SKY :PK WND
================================================================================
1 2 3 4 5 6A 6B 7 8 9 10 11 12 13 14 15 16 17 18
12Z AVG MX 2MIN
DY MAX MIN AVG DEP HDD CDD WTR SNW DPTH SPD SPD DIR MIN PSBL S-S WX SPD DR
================================================================================
1 88 60 74 1 0 9 0.00 0.0 0 3.9 15 330 M M 2 21 350
2 73 58 66 -7 0 1 0.00 0.0 0 11.7 21 340 M M 9 28 340
3 74 52 63 -10 2 0 0.00 0.0 0 7.9 17 20 M M 5 25 10
4 79 50 65 -8 0 0 T 0.0 0 4.6 15 320 M M 5 1 21 280
5 82 58 70 -3 0 5 0.00 0.0 0 5.9 14 250 M M 2 20 220
6 83 58 71 -2 0 6 0.00 0.0 0 8.9 17 180 M M 3 25 180
7 86 64 75 3 0 10 0.00 0.0 0 11.5 21 180 M M 3 31 180
8 93 73 83 11 0 18 0.03 0.0 0 9.7 22 150 M M 5 3 27 140
9 87 70 79 7 0 14 0.01 0.0 0 9.0 26 180 M M 3 3 32 180
10 81 60 71 -1 0 6 0.36 0.0 0 6.9 23 300 M M 2 13 30 310
11 87 58 73 1 0 8 0.00 0.0 0 5.0 10 280 M M 0 14 250
12 86 59 73 1 0 8 0.00 0.0 0 6.9 17 160 M M 0 26 150
13 90 66 78 6 0 13 0.00 0.0 0 8.0 15 170 M M 4 20 200
14 90 65 78 6 0 13 0.60 0.0 0 8.8 40 290 M M 0 138 58 290
15 81 62 72 0 0 7 T 0.0 0 7.8 20 320 M M 4 3 25 320
16 87 60 74 2 0 9 0.00 0.0 0 6.6 17 310 M M 1 24 300
17 83 60 72 0 0 7 0.00 0.0 0 7.4 18 320 M M 3 25 320
18 82 56 69 -2 0 4 0.00 0.0 0 4.8 12 280 M M 1 17 310
19 86 56 71 0 0 6 0.00 0.0 0 7.8 16 210 M M 1 23 230
20 86 65 76 5 0 11 0.00 0.0 0 9.0 18 190 M M 0 23 190
21 90 67 79 8 0 14 0.02 0.0 0 9.5 16 200 M M 2 3 20 200
22 87 68 78 7 0 13 0.06 0.0 0 4.7 15 150 M M 2 23 170
23 94 66 80 9 0 15 0.00 0.0 0 3.6 10 220 M M 0 14 160
24 92 69 81 11 0 16 T 0.0 0 4.2 17 170 M M 1 12 22 160
25 96 71 84 14 0 19 0.00 0.0 0 6.0 13 180 M M 1 16 180
26 97 75 86 16 0 21 0.00 0.0 0 10.8 22 230 M M 0 30 220
27 95 73 84 14 0 19 0.02 0.0 0 6.0 20 10 M M 4 3 32 10
28 90 70 80 10 0 15 0.82 0.0 0 10.7 25 300 M M 3 13 32 300
29 80 58 69 0 0 4 0.00 0.0 0 10.8 21 320 M M 1 28 330
30 80 53 67 -2 0 2 0.00 0.0 0 7.5 16 130 M M 1 25 120
31 77 56 67 -2 0 2 1.98 0.0 0 8.5 22 310 M M 3 13 29 310
================================================================================
SM 2662 1936 2 295 3.90 0.0 234.4 M 71
================================================================================
AV 85.9 62.5 7.6 FASTST M M 2 MAX(MPH)
MISC ----> # 40 290 # 58 290
================================================================================
NOTES:
# LAST OF SEVERAL OCCURRENCES
COLUMN 17 PEAK WIND IN M.P.H.
PRELIMINARY LOCAL CLIMATOLOGICAL DATA (WS FORM: F-6) , PAGE 2
STATION: LA CROSSE WI
MONTH: AUGUST
YEAR: 2020
LATITUDE: 43 52 N
LONGITUDE: 91 15 W
[TEMPERATURE DATA] [PRECIPITATION DATA] SYMBOLS USED IN COLUMN 16
AVERAGE MONTHLY: 74.2 TOTAL FOR MONTH: 3.90 1 = FOG OR MIST
DPTR FM NORMAL: 2.8 DPTR FM NORMAL: -0.39 2 = FOG REDUCING VISIBILITY
HIGHEST: 97 ON 26 GRTST 24HR 1.98 ON 31-31 TO 1/4 MILE OR LESS
LOWEST: 50 ON 4 3 = THUNDER
SNOW, ICE PELLETS, HAIL 4 = ICE PELLETS
TOTAL MONTH: 0.0 INCH 5 = HAIL
GRTST 24HR 0.0 6 = FREEZING RAIN OR DRIZZLE
GRTST DEPTH: 0 7 = DUSTSTORM OR SANDSTORM:
VSBY 1/2 MILE OR LESS
8 = SMOKE OR HAZE
[NO. OF DAYS WITH] [WEATHER - DAYS WITH] 9 = BLOWING SNOW
X = TORNADO
MAX 32 OR BELOW: 0 0.01 INCH OR MORE: 9
MAX 90 OR ABOVE: 10 0.10 INCH OR MORE: 4
MIN 32 OR BELOW: 0 0.50 INCH OR MORE: 3
MIN 0 OR BELOW: 0 1.00 INCH OR MORE: 1
[HDD (BASE 65) ]
TOTAL THIS MO. 2 CLEAR (SCALE 0-3) 20
DPTR FM NORMAL -13 PTCLDY (SCALE 4-7) 10
TOTAL FM JUL 1 2 CLOUDY (SCALE 8-10) 1
DPTR FM NORMAL -18
[CDD (BASE 65) ]
TOTAL THIS MO. 295
DPTR FM NORMAL 82 [PRESSURE DATA]
TOTAL FM JAN 1 977 HIGHEST SLP 30.15 ON 4
DPTR FM NORMAL 277 LOWEST SLP 29.59 ON 28
[REMARKS]
#FINAL-08-20#