000
CXUS54 KFWD 010730
CF6LUD
PRELIMINARY LOCAL CLIMATOLOGICAL DATA (WS FORM: F-6)
STATION: DECATUR
MONTH: MAY
YEAR: 2022
LATITUDE: 33 15 N
LONGITUDE: 97 30 W
TEMPERATURE IN F: :PCPN: SNOW: WIND :SUNSHINE: SKY :PK WND
================================================================================
1 2 3 4 5 6A 6B 7 8 9 10 11 12 13 14 15 16 17 18
12Z AVG MX 2MIN
DY MAX MIN AVG DEP HDD CDD WTR SNW DPTH SPD SPD DIR MIN PSBL S-S WX SPD DR
================================================================================
1 83 57 70 4 0 5 0.23 M M 7.6 14 120 M M 1 23 140
2 85 61 73 6 0 8 0.72 M M 13.5 26 230 M M 5 33 230
3 65 49 57 -10 8 0 0.00 M M 6.1 10 330 M M 9 16 330
4 83 57 70 3 0 5 0.00 M M 9.8 18 160 M M 5 12 25 160
5 78 59 69 2 0 4 0.00 M M 7.4 13 280 M M 3 25 250
6 84 56 70 2 0 5 0.00 M M 3.5 8 70 M M 0 M M
7 88 63 76 8 0 11 0.00 M M 10.6 16 120 M M 2 25 120
8 94 74 84 16 0 19 0.00 M M 13.8 18 160 M M 1 18 29 180
9 92 74 83 14 0 18 0.00 M M 15.0 22 160 M M 1 8 31 160
10 90 75 83 14 0 18 0.00 M M 13.9 17 160 M M 1 26 180
11 91 72 82 13 0 17 0.00 M M 11.3 17 170 M M 0 22 170
12 92 69 81 12 0 16 0.00 M M 11.8 17 160 M M 0 8 23 170
13 95 70 83 13 0 18 0.00 M M 9.1 14 150 M M 0 20 180
14 93 69 81 11 0 16 0.00 M M 5.4 10 110 M M 0 16 130
15 98 68 83 13 0 18 0.00 M M 9.5 18 70 M M 0 39 80
16 86 62 74 4 0 9 0.00 M M 7.2 10 100 M M 0 8 M M
17 94 71 83 12 0 18 0.00 M M 11.2 18 150 M M 0 26 150
18 96 72 84 13 0 19 0.00 M M 12.3 18 160 M M 0 25 180
19 95 72 84 13 0 19 0.00 M M 15.7 22 170 M M 0 32 170
20 95 73 84 13 0 19 0.00 M M 15.3 22 170 M M 1 8 30 170
21 82 61 72 0 0 7 0.00 M M 10.6 17 170 M M 6 24 170
22 68 56 62 -10 3 0 0.00 M M 9.0 13 10 M M 9 21 10
23 70 57 64 -8 1 0 0.00 M M 7.3 12 110 M M 9 18 17 90
24 67 60 64 -8 1 0 2.84 M M 7.9 15 110 M M 9 1 26 340
25 67 56 62 -11 3 0 0.01 M M 7.2 12 300 M M 7 12 28 270
26 83 55 69 -4 0 4 0.00 M M 5.2 10 300 M M 0 18 290
27 89 61 75 2 0 10 0.00 M M 3.2 8 140 M M 0 16 140
28 92 67 80 7 0 15 0.00 M M 14.5 23 160 M M 0 32 160
29 92 72 82 8 0 17 0.00 M M 15.2 23 160 M M 0 30 150
30 91 74 83 9 0 18 0.00 M M 17.5 25 170 M M 3 33 170
31 92 75 84 10 0 19 0.00 M M 13.4 22 180 M M 3 29 0
================================================================================
SM 2670 2017 16 352 3.80 M 321.0 M 75
================================================================================
AV 86.1 65.1 10.4 FASTST M M 2 MAX(MPH)
MISC ----> 26 230 39 80
================================================================================
NOTES:
# LAST OF SEVERAL OCCURRENCES
COLUMN 17 PEAK WIND IN M.P.H.
PRELIMINARY LOCAL CLIMATOLOGICAL DATA (WS FORM: F-6) , PAGE 2
STATION: DECATUR
MONTH: MAY
YEAR: 2022
LATITUDE: 33 15 N
LONGITUDE: 97 30 W
[TEMPERATURE DATA] [PRECIPITATION DATA] SYMBOLS USED IN COLUMN 16
AVERAGE MONTHLY: 75.6 TOTAL FOR MONTH: 3.80 1 = FOG OR MIST
DPTR FM NORMAL: 5.2 DPTR FM NORMAL: -1.71 2 = FOG REDUCING VISIBILITY
HIGHEST: 98 ON 15 GRTST 24HR 2.84 ON 24-24 TO 1/4 MILE OR LESS
LOWEST: 49 ON 3 3 = THUNDER
SNOW, ICE PELLETS, HAIL 4 = ICE PELLETS
TOTAL MONTH: M 5 = HAIL
GRTST 24HR M ON M 6 = FREEZING RAIN OR DRIZZLE
GRTST DEPTH: M ON M 7 = DUSTSTORM OR SANDSTORM:
VSBY 1/2 MILE OR LESS
8 = SMOKE OR HAZE
[NO. OF DAYS WITH] [WEATHER - DAYS WITH] 9 = BLOWING SNOW
X = TORNADO
MAX 32 OR BELOW: 0 0.01 INCH OR MORE: 4
MAX 90 OR ABOVE: 16 0.10 INCH OR MORE: 3
MIN 32 OR BELOW: 0 0.50 INCH OR MORE: 2
MIN 0 OR BELOW: 0 1.00 INCH OR MORE: 1
[HDD (BASE 65) ]
TOTAL THIS MO. 16 CLEAR (SCALE 0-3) 21
DPTR FM NORMAL -4 PTCLDY (SCALE 4-7) 6
TOTAL FM JUL 1 2022 CLOUDY (SCALE 8-10) 4
DPTR FM NORMAL -917
[CDD (BASE 65) ]
TOTAL THIS MO. 352
DPTR FM NORMAL 167 [PRESSURE DATA]
TOTAL FM JAN 1 518 HIGHEST SLP M ON M
DPTR FM NORMAL 268 LOWEST SLP M ON M
[REMARKS]
#FINAL-05-22#