000
CXUS56 KMTR 011000
CF6LVK
PRELIMINARY LOCAL CLIMATOLOGICAL DATA (WS FORM: F-6)
STATION: LIVERMORE AIRPORT
MONTH: FEBRUARY
YEAR: 2024
LATITUDE: 37 42 N
LONGITUDE: 121 49 W
TEMPERATURE IN F: :PCPN: SNOW: WIND :SUNSHINE: SKY :PK WND
================================================================================
1 2 3 4 5 6A 6B 7 8 9 10 11 12 13 14 15 16 17 18
12Z AVG MX 2MIN
DY MAX MIN AVG DEP HDD CDD WTR SNW DPTH SPD SPD DIR MIN PSBL S-S WX SPD DR
================================================================================
1 60 49 55 6 10 0 0.48 M M 3.8 16 300 M M 8 1 22 290
2 57 43 50 1 15 0 0.20 M M 5.9 20 270 M M 5 1 28 280
3 53 43 48 -1 17 0 0.34 M M 5.6 18 80 M M 7 1 26 80
4 66 47 57 8 8 0 0.40 M M 16.5 36 180 M M 9 1 52 190
5 59 48 54 5 11 0 0.11 M M 4.6 16 230 M M 9 1 24 210
6 57 46 52 3 13 0 T M M 2.7 13 290 M M 9 1 16 290
7 51 40 46 -3 19 0 M M M 7.5 22 270 M M 7 18 28 270
8 56 35 46 -4 19 0 0.00 M M 2.9 12 40 M M 4 17 40
9 58 34 46 -4 19 0 0.00 M M 2.1 12 280 M M 2 16 290
10 60 34 47 -3 18 0 0.00 M M 3.7 16 30 M M 0 27 20
11 62 34 48 -2 17 0 0.00 M M 3.0 10 70 M M 1 14 80
12 61 36 49 -1 16 0 0.00 M M 2.7 12 70 M M 0 16 50
13 61 37 49 -1 16 0 0.00 M M 3.6 12 280 M M 1 1 15 290
14 59 42 51 1 14 0 0.12 M M 5.5 20 230 M M 8 1 25 230
15 63 45 54 4 11 0 T M M 2.0 10 230 M M 5 12 230
16 59 44 52 1 13 0 0.00 M M 3.7 12 60 M M 1 20 50
17 59 48 54 3 11 0 0.22 M M 3.8 14 200 M M 7 1 20 190
18 71 42 57 6 8 0 0.46 M M 7.1 21 170 M M 5 1 29 170
19 63 51 57 6 8 0 0.26 M M 11.5 26 200 M M 6 1 37 190
20 60 45 53 2 12 0 0.18 M M 2.9 18 200 M M 5 1 26 200
21 62 44 53 2 12 0 0.01 M M 3.2 8 270 M M 6 12 M M
22 62 39 51 -1 14 0 0.00 M M 3.1 13 70 M M 1 1 16 70
23 63 39 51 -1 14 0 0.00 M M 5.4 17 70 M M 0 23 90
24 69 41 55 3 10 0 0.00 M M 4.0 14 70 M M 0 19 70
25 69 40 55 3 10 0 0.00 M M 3.7 21 280 M M 0 26 280
26 62 44 53 1 12 0 0.02 M M 5.7 15 260 M M 4 1 19 260
27 63 39 51 -1 14 0 0.00 M M 3.6 14 60 M M 0 17 50
28 69 37 53 1 12 0 0.00 M M 2.8 13 280 M M 0 15 290
29 60 44 52 0 13 0 0.31 M M 10.6 23 200 M M 7 1 37 220
================================================================================
SM 1774 1210 386 0 3.11 M 143.2 M 117
================================================================================
AV 61.2 41.7 4.9 FASTST M M 4 MAX(MPH)
MISC ----> 36 180 52 190
================================================================================
NOTES:
# LAST OF SEVERAL OCCURRENCES
COLUMN 17 PEAK WIND IN M.P.H.
PRELIMINARY LOCAL CLIMATOLOGICAL DATA (WS FORM: F-6) , PAGE 2
STATION: LIVERMORE AIRPORT
MONTH: FEBRUARY
YEAR: 2024
LATITUDE: 37 42 N
LONGITUDE: 121 49 W
[TEMPERATURE DATA] [PRECIPITATION DATA] SYMBOLS USED IN COLUMN 16
AVERAGE MONTHLY: 51.4 TOTAL FOR MONTH: 3.11 1 = FOG OR MIST
DPTR FM NORMAL: 1.0 DPTR FM NORMAL: 0.19 2 = FOG REDUCING VISIBILITY
HIGHEST: 71 ON 18 GRTST 24HR 0.73 ON 3- 4 TO 1/4 MILE OR LESS
LOWEST: 34 ON 11,10 3 = THUNDER
SNOW, ICE PELLETS, HAIL 4 = ICE PELLETS
TOTAL MONTH: M 5 = HAIL
GRTST 24HR M ON M 6 = FREEZING RAIN OR DRIZZLE
GRTST DEPTH: M ON M 7 = DUSTSTORM OR SANDSTORM:
VSBY 1/2 MILE OR LESS
8 = SMOKE OR HAZE
[NO. OF DAYS WITH] [WEATHER - DAYS WITH] 9 = BLOWING SNOW
X = TORNADO
MAX 32 OR BELOW: 0 0.01 INCH OR MORE: 13
MAX 90 OR ABOVE: 0 0.10 INCH OR MORE: 11
MIN 32 OR BELOW: 0 0.50 INCH OR MORE: 0
MIN 0 OR BELOW: 0 1.00 INCH OR MORE: 0
[HDD (BASE 65) ]
TOTAL THIS MO. 386 CLEAR (SCALE 0-3) 12
DPTR FM NORMAL -21 PTCLDY (SCALE 4-7) 14
TOTAL FM JUL 1 1577 CLOUDY (SCALE 8-10) 3
DPTR FM NORMAL -390
[CDD (BASE 65) ]
TOTAL THIS MO. 0
DPTR FM NORMAL 0 [PRESSURE DATA]
TOTAL FM JAN 1 0 HIGHEST SLP M ON M
DPTR FM NORMAL 0 LOWEST SLP 29.31 ON 4
[REMARKS]
#FINAL-02-24#