000
CXUS53 KDMX 021148
CF6LWD
PRELIMINARY LOCAL CLIMATOLOGICAL DATA (WS FORM: F-6)
STATION: LAMONI IA
MONTH: MARCH
YEAR: 2023
LATITUDE: 40 37 N
LONGITUDE: 93 56 W
TEMPERATURE IN F: :PCPN: SNOW: WIND :SUNSHINE: SKY :PK WND
================================================================================
1 2 3 4 5 6A 6B 7 8 9 10 11 12 13 14 15 16 17 18
12Z AVG MX 2MIN
DY MAX MIN AVG DEP HDD CDD WTR SNW DPTH SPD SPD DIR MIN PSBL S-S WX SPD DR
================================================================================
1 55 29 42 8 23 0 0.00 0.0 M 10.2 22 310 M M 0 1 27 310
2 41 27 34 -1 31 0 0.00 0.0 M 8.5 17 360 M M 7 25 350
3 56 32 44 9 21 0 0.00 0.0 M 8.9 17 20 M M 1 1 23 10
4 56 32 44 8 21 0 0.00 0.0 M 7.6 23 300 M M 2 30 300
5 64 33 49 13 16 0 0.00 0.0 M 10.7 24 150 M M 4 36 140
6 51 36 44 8 21 0 0.00 0.0 M 14.5 24 350 M M 7 1 32 30
7 49 31 40 3 25 0 0.00 0.0 M 10.0 20 30 M M 5 29 50
8 44 36 40 3 25 0 0.04 0.0 M 7.2 13 90 M M 10 1 21 80
9 39 33 36 -2 29 0 0.19 M M 7.9 22 330 M M 10 12 29 310
10 39 29 34 -4 31 0 0.00 0.0 M 7.5 17 340 M M 8 23 350
11 35 27 31 -8 34 0 0.49 M M 7.1 16 100 M M 7 1 26 110
12 33 24 29 -10 36 0 0.00 0.0 M 15.7 26 320 M M 9 1 36 320
13 31 23 27 -13 38 0 0.00 0.0 M 12.3 23 310 M M 10 29 330
14 42 23 33 -7 32 0 0.00 0.0 M 6.8 17 150 M M 4 25 160
15 62 31 47 7 18 0 0.00 0.0 M 15.3 30 180 M M 0 45 180
16 49 24 37 -4 28 0 0.43 M M 16.0 33 330 M M 7 18 49 320
17 35 16 26 -15 39 0 0.02 M M 19.4 32 320 M M 3 128 46 310
18 24 10 17 -25 48 0 T M M 17.5 26 320 M M 6 37 300
19 41 10 26 -16 39 0 0.00 0.0 M 12.1 21 210 M M 0 26 200
20 60 28 44 1 21 0 0.00 0.0 M 16.1 29 220 M M 0 37 220
21 45 39 42 -1 23 0 0.00 0.0 M 10.9 20 170 M M 8 1 28 170
22 51 40 46 3 19 0 T 0.0 M 7.0 20 30 M M 10 12 29 40
23 43 31 37 -7 28 0 0.04 0.0 M 12.1 25 20 M M 6 1 33 10
24 52 27 40 -4 25 0 0.00 0.0 M 9.0 16 50 M M 3 1 27 60
25 61 32 47 2 18 0 0.00 0.0 M 7.4 17 250 M M 5 23 240
26 44 27 36 -9 29 0 T 0.0 M 9.3 17 340 M M 8 23 350
27 51 24 38 -7 27 0 0.00 0.0 M 7.4 14 30 M M 1 18 50
28 50 26 38 -8 27 0 0.01 M M 9.1 18 360 M M 3 1 25 350
29 48 31 40 -6 25 0 0.00 0.0 M 9.9 18 20 M M 0 26 30
30 66 32 49 3 16 0 0.00 0.0 M 14.3 28 200 M M 6 42 200
31 76 35 56 9 9 0 0.01 0.0 M 18.5 46 270 M M 6 3 61 290
================================================================================
SM 1493 878 822 0 1.23 0.0 346.2 M 156
================================================================================
AV 48.2 28.3 11.2 FASTST M M 5 MAX(MPH)
MISC ----> 46 270 61 290
================================================================================
NOTES:
# LAST OF SEVERAL OCCURRENCES
COLUMN 17 PEAK WIND IN M.P.H.
PRELIMINARY LOCAL CLIMATOLOGICAL DATA (WS FORM: F-6) , PAGE 2
STATION: LAMONI IA
MONTH: MARCH
YEAR: 2023
LATITUDE: 40 37 N
LONGITUDE: 93 56 W
[TEMPERATURE DATA] [PRECIPITATION DATA] SYMBOLS USED IN COLUMN 16
AVERAGE MONTHLY: 38.2 TOTAL FOR MONTH: 1.23 1 = FOG OR MIST
DPTR FM NORMAL: -2.6 DPTR FM NORMAL: -0.97 2 = FOG REDUCING VISIBILITY
HIGHEST: 76 ON 31 GRTST 24HR 0.49 ON 11-11 TO 1/4 MILE OR LESS
LOWEST: 10 ON 19,18 3 = THUNDER
SNOW, ICE PELLETS, HAIL 4 = ICE PELLETS
TOTAL MONTH: 0.0 INCH 5 = HAIL
GRTST 24HR 0.0 6 = FREEZING RAIN OR DRIZZLE
GRTST DEPTH: M ON M 7 = DUSTSTORM OR SANDSTORM:
VSBY 1/2 MILE OR LESS
8 = SMOKE OR HAZE
[NO. OF DAYS WITH] [WEATHER - DAYS WITH] 9 = BLOWING SNOW
X = TORNADO
MAX 32 OR BELOW: 2 0.01 INCH OR MORE: 8
MAX 90 OR ABOVE: 0 0.10 INCH OR MORE: 3
MIN 32 OR BELOW: 24 0.50 INCH OR MORE: 0
MIN 0 OR BELOW: 0 1.00 INCH OR MORE: 0
[HDD (BASE 65) ]
TOTAL THIS MO. 822 CLEAR (SCALE 0-3) 10
DPTR FM NORMAL 69 PTCLDY (SCALE 4-7) 16
TOTAL FM JUL 1 5166 CLOUDY (SCALE 8-10) 5
DPTR FM NORMAL -164
[CDD (BASE 65) ]
TOTAL THIS MO. 0
DPTR FM NORMAL -2 [PRESSURE DATA]
TOTAL FM JAN 1 0 HIGHEST SLP 30.46 ON 19
DPTR FM NORMAL -2 LOWEST SLP 29.20 ON 31
[REMARKS]
#FINAL-03-23#