000
CXUS56 KOTX 011010
CF6LWS
PRELIMINARY LOCAL CLIMATOLOGICAL DATA (WS FORM: F-6)
STATION: LEWISTON ID AIRPORT
MONTH: NOVEMBER
YEAR: 2022
LATITUDE: 46 22 N
LONGITUDE: 117 1 W
TEMPERATURE IN F: :PCPN: SNOW: WIND :SUNSHINE: SKY :PK WND
================================================================================
1 2 3 4 5 6A 6B 7 8 9 10 11 12 13 14 15 16 17 18
12Z AVG MX 2MIN
DY MAX MIN AVG DEP HDD CDD WTR SNW DPTH SPD SPD DIR MIN PSBL S-S WX SPD DR
================================================================================
1 50 36 43 -3 22 0 0.63 0.0 0 6.5 13 270 M M 10 1 16 260
2 50 36 43 -3 22 0 0.07 0.0 0 4.8 14 200 M M 8 18 200
3 47 35 41 -4 24 0 0.00 0.0 0 3.2 18 170 M M 8 25 170
4 56 41 49 4 16 0 0.58 0.0 0 17.4 28 180 M M 10 34 170
5 57 37 47 2 18 0 0.06 0.0 0 15.8 37 300 M M 6 51 280
6 50 35 43 -1 22 0 T 0.0 0 9.5 17 60 M M 0 24 70
7 50 32 41 -3 24 0 0.20 0.0 0 7.0 22 290 M M 5 1 28 290
8 47 30 39 -5 26 0 0.00 0.0 0 5.3 15 70 M M 0 19 60
9 39 29 34 -9 31 0 0.00 0.0 0 8.3 21 320 M M 0 26 330
10 46 27 37 -6 28 0 0.00 0.0 0 1.5 6 110 M M 4 8 20
11 42 29 36 -7 29 0 0.00 0.0 0 10.4 16 90 M M 0 20 80
12 44 30 37 -5 28 0 0.00 0.0 0 5.7 16 270 M M 4 19 280
13 38 32 35 -7 30 0 0.00 0.0 0 1.5 8 90 M M 10 9 90
14 39 27 33 -9 32 0 0.00 0.0 0 3.4 8 50 M M 7 11 70
15 38 22 30 -12 35 0 0.00 0.0 0 2.2 7 90 M M 0 11 110
16 31 25 28 -13 37 0 0.00 0.0 0 1.6 6 140 M M 9 128 8 130
17 40 23 32 -9 33 0 0.00 0.0 0 2.2 6 190 M M 5 8 9 20
18 36 19 28 -13 37 0 0.00 0.0 0 2.4 7 150 M M 0 11 80
19 37 19 28 -13 37 0 0.00 0.0 0 2.7 13 80 M M 0 18 70
20 37 19 28 -12 37 0 0.00 0.0 0 1.5 6 150 M M 0 7 310
21 39 23 31 -9 34 0 0.00 0.0 0 1.5 8 130 M M 7 18 9 350
22 47 28 38 -2 27 0 0.13 0.0 0 9.5 31 190 M M 7 50 190
23 53 35 44 4 21 0 0.00 0.0 0 5.5 13 70 M M 5 17 80
24 51 35 43 4 22 0 0.00 0.0 0 12.8 23 110 M M 0 27 120
25 55 37 46 7 19 0 0.01 0.0 0 9.0 22 190 M M 3 29 180
26 47 33 40 1 25 0 0.01 0.0 0 3.4 12 80 M M 7 15 80
27 48 27 38 0 27 0 0.06 0.0 0 10.2 32 250 M M 6 44 240
28 33 27 30 -8 35 0 0.22 4.2 0 4.2 18 280 M M 9 12 23 280
29 28 10 19 -19 46 0 0.00 0.0 3 3.6 13 80 M M 5 17 80
30 41 28 35 -3 30 0 0.01 0.0 3 5.6 15 80 M M 10 19 80
================================================================================
SM 1316 866 854 0 1.98 4.2 178.2 M 145
================================================================================
AV 43.9 28.9 5.9 FASTST M M 5 MAX(MPH)
MISC ----> 37 300 51 280
================================================================================
NOTES:
# LAST OF SEVERAL OCCURRENCES
COLUMN 17 PEAK WIND IN M.P.H.
PRELIMINARY LOCAL CLIMATOLOGICAL DATA (WS FORM: F-6) , PAGE 2
STATION: LEWISTON ID AIRPORT
MONTH: NOVEMBER
YEAR: 2022
LATITUDE: 46 22 N
LONGITUDE: 117 1 W
[TEMPERATURE DATA] [PRECIPITATION DATA] SYMBOLS USED IN COLUMN 16
AVERAGE MONTHLY: 36.4 TOTAL FOR MONTH: 1.98 1 = FOG OR MIST
DPTR FM NORMAL: -5.2 DPTR FM NORMAL: 0.75 2 = FOG REDUCING VISIBILITY
HIGHEST: 57 ON 5 GRTST 24HR 0.74 ON 31- 1 TO 1/4 MILE OR LESS
LOWEST: 10 ON 29 3 = THUNDER
SNOW, ICE PELLETS, HAIL 4 = ICE PELLETS
TOTAL MONTH: 4.2 INCHES 5 = HAIL
GRTST 24HR 4.2 ON 28-28 6 = FREEZING RAIN OR DRIZZLE
GRTST DEPTH: 3 ON 30,29 7 = DUSTSTORM OR SANDSTORM:
VSBY 1/2 MILE OR LESS
8 = SMOKE OR HAZE
[NO. OF DAYS WITH] [WEATHER - DAYS WITH] 9 = BLOWING SNOW
X = TORNADO
MAX 32 OR BELOW: 2 0.01 INCH OR MORE: 11
MAX 90 OR ABOVE: 0 0.10 INCH OR MORE: 5
MIN 32 OR BELOW: 20 0.50 INCH OR MORE: 2
MIN 0 OR BELOW: 0 1.00 INCH OR MORE: 0
[HDD (BASE 65) ]
TOTAL THIS MO. 854 CLEAR (SCALE 0-3) 10
DPTR FM NORMAL 152 PTCLDY (SCALE 4-7) 14
TOTAL FM JUL 1 1104 CLOUDY (SCALE 8-10) 6
DPTR FM NORMAL -76
[CDD (BASE 65) ]
TOTAL THIS MO. 0
DPTR FM NORMAL 0 [PRESSURE DATA]
TOTAL FM JAN 1 1150 HIGHEST SLP M ON M
DPTR FM NORMAL 238 LOWEST SLP 29.35 ON 7
[REMARKS]
#FINAL-11-22#