000
CXUS56 KTFX 011110
CF6LWT
PRELIMINARY LOCAL CLIMATOLOGICAL DATA (WS FORM: F-6)
STATION: LEWISTOWN MT
MONTH: MARCH
YEAR: 2020
LATITUDE: 47 2 N
LONGITUDE: 109 28 W
TEMPERATURE IN F: :PCPN: SNOW: WIND :SUNSHINE: SKY :PK WND
================================================================================
1 2 3 4 5 6A 6B 7 8 9 10 11 12 13 14 15 16 17 18
12Z AVG MX 2MIN
DY MAX MIN AVG DEP HDD CDD WTR SNW DPTH SPD SPD DIR MIN PSBL S-S WX SPD DR
================================================================================
1 33 23 28 0 37 0 T T 4 13.3 25 220 M M 4 30 240
2 42 26 34 5 31 0 T T 4 22.9 41 300 M M 3 52 300
3 48 33 41 12 24 0 T 0.0 4 21.4 39 300 M M 5 52 290
4 47 25 36 7 29 0 0.02 0.8 4 21.6 53 270 M M 3 128 64 270
5 46 15 31 1 34 0 0.00 0.0 4 10.4 24 220 M M 0 28 220
6 61 38 50 20 15 0 0.00 0.0 T 13.9 22 220 M M 0 28 220
7 57 25 41 11 24 0 0.01 0.1 0 7.3 17 300 M M 2 1 21 310
8 37 16 27 -3 38 0 0.03 0.4 1 6.5 16 280 M M 8 1 21 280
9 41 25 33 2 32 0 T T 0 5.5 13 200 M M 6 1 16 190
10 47 22 35 4 30 0 0.00 0.0 0 17.6 31 230 M M 0 38 230
11 48 25 37 6 28 0 0.02 T 0 18.4 35 240 M M 8 1 43 280
12 34 17 26 -6 39 0 0.01 T T 7.6 20 310 M M 4 26 320
13 24 18 21 -11 44 0 T 0.3 T 19.7 32 100 M M 9 1 40 90
14 20 0 10 -22 55 0 0.02 1.4 T 13.6 26 110 M M 10 18 35 90
15 7 -5 1 -32 64 0 0.01 0.8 1 5.7 13 270 M M 10 18 13 270
16 25 -1 12 -21 53 0 0.00 0.0 2 5.0 12 260 M M 4 13 270
17 40 10 25 -8 40 0 0.00 0.0 1 8.1 18 300 M M 1 24 300
18 28 18 23 -11 42 0 0.02 0.3 1 8.1 16 90 M M 9 1 22 100
19 25 15 20 -14 45 0 T 0.2 1 9.2 18 90 M M 10 1 24 90
20 40 10 25 -9 40 0 0.00 0.0 1 7.4 16 90 M M 0 21 90
21 48 20 34 0 31 0 0.00 0.0 0 6.2 21 300 M M 3 26 300
22 42 23 33 -2 32 0 0.07 0.5 1 5.3 13 270 M M 5 1 17 270
23 53 22 38 3 27 0 0.01 0.0 0 11.4 25 220 M M 2 31 210
24 43 28 36 1 29 0 0.01 T 0 8.6 22 280 M M 6 26 270
25 43 24 34 -2 31 0 0.02 0.2 0 6.5 15 10 M M 7 1 21 10
26 45 22 34 -2 31 0 0.00 0.0 T 9.4 25 260 M M 2 1 29 250
27 46 21 34 -2 31 0 0.00 0.0 0 5.9 14 220 M M 3 16 220
28 50 27 39 3 26 0 0.00 0.0 0 11.4 21 260 M M 7 31 250
29 57 27 42 5 23 0 0.00 0.0 0 10.8 26 210 M M 1 36 210
30 59 34 47 10 18 0 0.00 0.0 0 10.6 28 220 M M 4 38 220
31 49 18 34 -3 31 0 0.16 3.9 0 10.1 23 300 M M 8 12 30 300
================================================================================
SM 1285 621 1054 0 0.41 8.9 339.4 M 144
================================================================================
AV 41.5 20.0 10.9 FASTST M M 5 MAX(MPH)
MISC ----> 53 270 64 270
================================================================================
NOTES:
# LAST OF SEVERAL OCCURRENCES
COLUMN 17 PEAK WIND IN M.P.H.
PRELIMINARY LOCAL CLIMATOLOGICAL DATA (WS FORM: F-6) , PAGE 2
STATION: LEWISTOWN MT
MONTH: MARCH
YEAR: 2020
LATITUDE: 47 2 N
LONGITUDE: 109 28 W
[TEMPERATURE DATA] [PRECIPITATION DATA] SYMBOLS USED IN COLUMN 16
AVERAGE MONTHLY: 30.7 TOTAL FOR MONTH: 0.41 1 = FOG OR MIST
DPTR FM NORMAL: -2.2 DPTR FM NORMAL: -0.58 2 = FOG REDUCING VISIBILITY
HIGHEST: 61 ON 6 GRTST 24HR 0.16 ON 31-31 TO 1/4 MILE OR LESS
LOWEST: -5 ON 15 3 = THUNDER
SNOW, ICE PELLETS, HAIL 4 = ICE PELLETS
TOTAL MONTH: 8.9 INCHES 5 = HAIL
GRTST 24HR 3.9 ON 31-31 6 = FREEZING RAIN OR DRIZZLE
GRTST DEPTH: 6 ON M 7 = DUSTSTORM OR SANDSTORM:
VSBY 1/2 MILE OR LESS
8 = SMOKE OR HAZE
[NO. OF DAYS WITH] [WEATHER - DAYS WITH] 9 = BLOWING SNOW
X = TORNADO
MAX 32 OR BELOW: 6 0.01 INCH OR MORE: 13
MAX 90 OR ABOVE: 0 0.10 INCH OR MORE: 1
MIN 32 OR BELOW: 28 0.50 INCH OR MORE: 0
MIN 0 OR BELOW: 3 1.00 INCH OR MORE: 0
[HDD (BASE 65) ]
TOTAL THIS MO. 1054 CLEAR (SCALE 0-3) 11
DPTR FM NORMAL 59 PTCLDY (SCALE 4-7) 14
TOTAL FM JUL 1 6975 CLOUDY (SCALE 8-10) 6
DPTR FM NORMAL 176
[CDD (BASE 65) ]
TOTAL THIS MO. 0
DPTR FM NORMAL 0 [PRESSURE DATA]
TOTAL FM JAN 1 0 HIGHEST SLP 30.59 ON 15
DPTR FM NORMAL 0 LOWEST SLP 29.59 ON 3
[REMARKS]
#FINAL-03-20#