284
CXUS55 KEAX 010736
CF6LXT
PRELIMINARY LOCAL CLIMATOLOGICAL DATA (WS FORM: F-6)
STATION: LEE`S SUMMIT MO
MONTH: JULY
YEAR: 2020
LATITUDE: 38 57 N
LONGITUDE: 94 22 W
TEMPERATURE IN F: :PCPN: SNOW: WIND :SUNSHINE: SKY :PK WND
================================================================================
1 2 3 4 5 6A 6B 7 8 9 10 11 12 13 14 15 16 17 18
12Z AVG MX 2MIN
DY MAX MIN AVG DEP HDD CDD WTR SNW DPTH SPD SPD DIR MIN PSBL S-S WX SPD DR
================================================================================
1 85 70 78 1 0 13 1.24 M M 8.0 33 10 M M 4 13 47 10
2 89 72 81 4 0 16 0.00 M M 6.3 14 100 M M 1 19 60
3 91 72 82 5 0 17 0.00 M M 5.6 18 260 M M 1 3 23 270
4 86 75 81 3 0 16 0.04 M M 6.6 14 60 M M 5 38 22 50
5 91 72 82 4 0 17 0.00 M M 5.8 14 70 M M 1 18 19 110
6 92 72 82 4 0 17 0.00 M M 4.9 12 90 M M 0 1 19 80
7 94 75 85 7 0 20 0.00 M M 4.5 9 110 M M 0 12 100
8 94 76 85 7 0 20 0.00 M M 7.7 15 190 M M 1 22 220
9 89 71 80 2 0 15 0.01 M M 9.4 25 330 M M 1 3 39 340
10 93 67 80 2 0 15 0.00 M M 4.6 10 180 M M 0 16 140
11 96 71 84 6 0 19 0.00 M M 6.8 14 230 M M 0 19 230
12 89 65 77 -1 0 12 0.00 M M 7.5 17 10 M M 0 23 350
13 92 69 81 3 0 16 0.00 M M 9.4 15 150 M M 0 21 160
14 93 72 83 4 0 18 T M M 8.8 15 110 M M 2 22 150
15 84 69 77 -2 0 12 1.64 M M 8.7 23 40 M M 5 13 32 50
16 86 68 77 -2 0 12 0.00 M M 4.6 14 90 M M 1 1 19 80
17 95 73 84 5 0 19 0.00 M M 9.9 20 200 M M 1 25 180
18 96 79 88 9 0 23 0.00 M M 16.2 28 210 M M 0 39 170
19 89 73 81 2 0 16 0.03 M M 9.4 20 220 M M 3 3 27 230
20 84 70 77 -2 0 12 0.15 M M 6.8 20 160 M M 5 13 31 340
21 85 71 78 -1 0 13 0.68 M M 4.0 18 260 M M 6 13 24 250
22 91 69 80 1 0 15 0.00 M M 4.0 9 30 M M 1 12 12 60
23 93 73 83 4 0 18 0.00 M M 5.9 12 90 M M 1 17 130
24 93 75 84 5 0 19 0.00 M M 7.5 14 190 M M 2 19 190
25 93 77 85 6 0 20 0.00 M M 9.0 16 180 M M 1 8 21 230
26 94 77 86 7 0 21 0.01 M M 8.9 20 170 M M 3 3 28 160
27 84 74 79 0 0 14 0.93 M M 6.1 16 20 M M 8 13 23 230
28 88 74 81 2 0 16 0.00 M M 6.8 15 150 M M 6 1 22 140
29 84 73 79 0 0 14 1.93 M M 6.9 24 130 M M 9 13 40 140
30 79 70 75 -4 0 10 1.25 M M 8.9 20 20 M M 9 18 26 20
31 80 65 73 -6 0 8 1.09 M M 9.7 23 80 M M 6 1 31 70
================================================================================
SM 2772 2229 0 493 9.00 M 229.2 M 83
================================================================================
AV 89.4 71.9 7.4 FASTST M M 3 MAX(MPH)
MISC ----> 33 10 47 10
================================================================================
NOTES:
# LAST OF SEVERAL OCCURRENCES
COLUMN 17 PEAK WIND IN M.P.H.
PRELIMINARY LOCAL CLIMATOLOGICAL DATA (WS FORM: F-6) , PAGE 2
STATION: LEE`S SUMMIT MO
MONTH: JULY
YEAR: 2020
LATITUDE: 38 57 N
LONGITUDE: 94 22 W
[TEMPERATURE DATA] [PRECIPITATION DATA] SYMBOLS USED IN COLUMN 16
AVERAGE MONTHLY: 80.7 TOTAL FOR MONTH: 9.00 1 = FOG OR MIST
DPTR FM NORMAL: 2.2 DPTR FM NORMAL: 4.57 2 = FOG REDUCING VISIBILITY
HIGHEST: 96 ON 18,11 GRTST 24HR 2.34 ON 30-31 TO 1/4 MILE OR LESS
LOWEST: 65 ON 31,12 3 = THUNDER
SNOW, ICE PELLETS, HAIL 4 = ICE PELLETS
TOTAL MONTH: M 5 = HAIL
GRTST 24HR M ON M 6 = FREEZING RAIN OR DRIZZLE
GRTST DEPTH: M ON M 7 = DUSTSTORM OR SANDSTORM:
VSBY 1/2 MILE OR LESS
8 = SMOKE OR HAZE
[NO. OF DAYS WITH] [WEATHER - DAYS WITH] 9 = BLOWING SNOW
X = TORNADO
MAX 32 OR BELOW: 0 0.01 INCH OR MORE: 12
MAX 90 OR ABOVE: 16 0.10 INCH OR MORE: 8
MIN 32 OR BELOW: 0 0.50 INCH OR MORE: 7
MIN 0 OR BELOW: 0 1.00 INCH OR MORE: 5
[HDD (BASE 65) ]
TOTAL THIS MO. 0 CLEAR (SCALE 0-3) 21
DPTR FM NORMAL 0 PTCLDY (SCALE 4-7) 8
TOTAL FM JUL 1 0 CLOUDY (SCALE 8-10) 2
DPTR FM NORMAL 0
[CDD (BASE 65) ]
TOTAL THIS MO. 493
DPTR FM NORMAL 76 [PRESSURE DATA]
TOTAL FM JAN 1 1001 HIGHEST SLP M ON M
DPTR FM NORMAL 234 LOWEST SLP 29.70 ON 1
[REMARKS]
#FINAL-07-20#