000
CXUS55 KPUB 011310
CF6LXV
PRELIMINARY LOCAL CLIMATOLOGICAL DATA (WS FORM: F-6)
STATION: LEADVILLE CO
MONTH: NOVEMBER
YEAR: 2022
LATITUDE: 39 15 N
LONGITUDE: 106 18 W
TEMPERATURE IN F: :PCPN: SNOW: WIND :SUNSHINE: SKY :PK WND
================================================================================
1 2 3 4 5 6A 6B 7 8 9 10 11 12 13 14 15 16 17 18
12Z AVG MX 2MIN
DY MAX MIN AVG DEP HDD CDD WTR SNW DPTH SPD SPD DIR MIN PSBL S-S WX SPD DR
================================================================================
1 51 16 34 3 31 0 0.00 M M 5.5 16 190 M M 0 26 130
2 48 27 38 8 27 0 0.00 M M 9.6 25 190 M M 0 44 160
3 34 17 26 -4 39 0 0.21 M M 5.2 22 180 M M 9 128 29 190
4 24 14 19 -10 46 0 0.01 M M 8.7 22 310 M M 8 1 33 320
5 32 15 24 -5 41 0 0.06 M M 11.2 24 320 M M 9 18 39 310
6 42 22 32 3 33 0 0.01 M M 7.3 17 170 M M 8 1 22 170
7 50 21 36 8 29 0 0.00 M M 6.8 20 250 M M 5 33 200
8 49 28 39 11 26 0 0.00 M M 10.0 28 190 M M 0 39 180
9 47 17 32 5 33 0 0.03 M M 13.9 38 200 M M 4 1 58 200
10 25 4 15 -12 50 0 T M M 8.3 17 310 M M 4 1 28 350
11 25 2 14 -12 51 0 0.00 M M 8.1 16 280 M M 2 23 290
12 38 -2 18 -8 47 0 0.00 M M 5.3 15 190 M M 0 18 190
13 36 3 20 -6 45 0 0.02 M M 5.9 18 190 M M 2 1 25 180
14 25 3 14 -11 51 0 T M M 5.9 17 300 M M 8 18 25 290
15 19 -6 7 -18 58 0 0.03 M M 6.4 17 360 M M 7 1 24 10
16 23 -7 8 -16 57 0 0.00 M M 6.7 15 20 M M 4 24 30
17 27 6 17 -7 48 0 0.00 M M 8.5 30 300 M M 4 42 290
18 23 -1 11 -13 54 0 T M M 7.0 20 310 M M 7 18 29 300
19 31 -4 14 -9 51 0 0.00 M M 6.8 13 10 M M 0 20 360
20 37 0 19 -4 46 0 0.00 M M 7.6 14 300 M M 0 19 290
21 46 3 25 3 40 0 0.00 M M 4.9 12 350 M M 0 18 350
22 41 6 24 2 41 0 0.00 M M 5.0 14 300 M M 0 17 40
23 32 4 18 -4 47 0 T M M 9.8 21 10 M M 3 33 330
24 30 3 17 -4 48 0 T M M 8.1 18 360 M M 3 1 26 350
25 49 2 26 5 39 0 0.00 M M 3.3 12 340 M M 0 20 340
26 42 16 29 8 36 0 0.07 M M 8.0 18 310 M M 3 1 26 320
27 26 13 20 0 45 0 0.11 M M 7.0 21 300 M M 8 18 31 280
28 32 13 23 3 42 0 0.01 M M 7.2 21 210 M M 7 1 31 200
29 19 -3 8 -12 57 0 0.16 M M 10.5 25 300 M M 7 128 38 310
30 39 -3 18 -2 47 0 0.00 M M 7.2 16 180 M M 0 25 40
================================================================================
SM 1042 229 1305 0 0.72 M 225.7 M 112
================================================================================
AV 34.7 7.6 7.5 FASTST M M 4 MAX(MPH)
MISC ----> 38 200 58 200
================================================================================
NOTES:
# LAST OF SEVERAL OCCURRENCES
COLUMN 17 PEAK WIND IN M.P.H.
PRELIMINARY LOCAL CLIMATOLOGICAL DATA (WS FORM: F-6) , PAGE 2
STATION: LEADVILLE CO
MONTH: NOVEMBER
YEAR: 2022
LATITUDE: 39 15 N
LONGITUDE: 106 18 W
[TEMPERATURE DATA] [PRECIPITATION DATA] SYMBOLS USED IN COLUMN 16
AVERAGE MONTHLY: 21.2 TOTAL FOR MONTH: 0.72 1 = FOG OR MIST
DPTR FM NORMAL: -3.6 DPTR FM NORMAL: -0.14 2 = FOG REDUCING VISIBILITY
HIGHEST: 51 ON 1 GRTST 24HR 0.21 ON 3- 3 TO 1/4 MILE OR LESS
LOWEST: -7 ON 16 3 = THUNDER
SNOW, ICE PELLETS, HAIL 4 = ICE PELLETS
TOTAL MONTH: M 5 = HAIL
GRTST 24HR M ON M 6 = FREEZING RAIN OR DRIZZLE
GRTST DEPTH: M ON M 7 = DUSTSTORM OR SANDSTORM:
VSBY 1/2 MILE OR LESS
8 = SMOKE OR HAZE
[NO. OF DAYS WITH] [WEATHER - DAYS WITH] 9 = BLOWING SNOW
X = TORNADO
MAX 32 OR BELOW: 15 0.01 INCH OR MORE: 11
MAX 90 OR ABOVE: 0 0.10 INCH OR MORE: 3
MIN 32 OR BELOW: 30 0.50 INCH OR MORE: 0
MIN 0 OR BELOW: 8 1.00 INCH OR MORE: 0
[HDD (BASE 65) ]
TOTAL THIS MO. 1305 CLEAR (SCALE 0-3) 14
DPTR FM NORMAL 99 PTCLDY (SCALE 4-7) 13
TOTAL FM JUL 1 3183 CLOUDY (SCALE 8-10) 3
DPTR FM NORMAL -128
[CDD (BASE 65) ]
TOTAL THIS MO. 0
DPTR FM NORMAL 0 [PRESSURE DATA]
TOTAL FM JAN 1 0 HIGHEST SLP 30.63 ON 16
DPTR FM NORMAL 0 LOWEST SLP 29.23 ON 29
[REMARKS]
#FINAL-11-22#