000
CXUS51 KRNK 010939
CF6LYH
PRELIMINARY LOCAL CLIMATOLOGICAL DATA (WS FORM: F-6)
STATION: LYNCHBURG VA
MONTH: OCTOBER
YEAR: 2020
LATITUDE: 37 19 N
LONGITUDE: 79 12 W
TEMPERATURE IN F: :PCPN: SNOW: WIND :SUNSHINE: SKY :PK WND
================================================================================
1 2 3 4 5 6A 6B 7 8 9 10 11 12 13 14 15 16 17 18
12Z AVG MX 2MIN
DY MAX MIN AVG DEP HDD CDD WTR SNW DPTH SPD SPD DIR MIN PSBL S-S WX SPD DR
================================================================================
1 78 51 65 4 0 0 0.27 0.0 0 3.8 9 200 M M 4 1 14 280
2 69 48 59 -2 6 0 0.03 0.0 0 2.6 12 20 M M 5 1 16 320
3 67 43 55 -5 10 0 0.00 0.0 0 1.8 12 50 M M 2 17 50
4 70 43 57 -3 8 0 0.00 0.0 0 1.1 6 140 M M 0 1 8 40
5 70 45 58 -2 7 0 0.00 0.0 0 2.8 10 30 M M 1 1 17 330
6 75 43 59 0 6 0 0.00 0.0 0 3.2 14 180 M M 1 1 16 220
7 82 52 67 8 0 2 0.00 0.0 0 6.3 15 220 M M 0 22 220
8 81 53 67 8 0 2 0.00 0.0 0 3.1 12 290 M M 0 19 300
9 70 45 58 0 7 0 0.00 0.0 0 2.2 10 210 M M 1 18 210
10 66 58 62 4 3 0 0.41 0.0 0 3.0 10 180 M M 9 1 13 190
11 68 63 66 8 0 1 1.59 0.0 0 5.7 13 40 M M 10 1 18 120
12 68 59 64 7 1 0 0.09 0.0 0 8.6 14 50 M M 10 1 18 30
13 77 49 63 6 2 0 0.00 0.0 0 3.6 12 270 M M 4 12 17 260
14 76 42 59 2 6 0 0.00 0.0 0 1.3 12 190 M M 0 13 190
15 77 48 63 7 2 0 0.00 0.0 0 6.4 20 190 M M 4 12 25 200
16 69 46 58 2 7 0 T 0.0 0 4.1 12 40 M M 9 1 17 340
17 65 39 52 -4 13 0 0.00 0.0 0 2.2 13 10 M M 2 12 16 10
18 65 38 52 -4 13 0 0.00 0.0 0 1.1 9 140 M M 0 1 12 140
19 73 44 59 4 6 0 0.00 0.0 0 1.4 9 130 M M 0 1 12 200
20 78 46 62 7 3 0 0.00 0.0 0 2.4 10 200 M M 2 12 14 210
21 84 55 70 15 0 5 0.00 0.0 0 2.7 12 190 M M 1 1 17 190
22 82 55 69 15 0 4 0.00 0.0 0 1.6 10 170 M M 3 12 13 200
23 81 54 68 14 0 3 0.00 0.0 0 3.1 12 170 M M 1 12 15 210
24 82 57 70 16 0 5 0.02 0.0 0 4.2 13 40 M M 5 12 20 50
25 60 48 54 0 11 0 1.11 0.0 0 10.4 20 40 M M 10 1 25 30
26 67 50 59 6 6 0 0.00 0.0 0 1.1 8 200 M M 7 1 10 20
27 69 50 60 7 5 0 0.00 0.0 0 2.4 10 20 M M 9 12 13 40
28 73 59 66 13 0 1 T 0.0 0 4.6 14 220 M M 9 12 18 230
29 79 60 70 18 0 5 2.28 0.0 0 6.9 22 200 M M 8 1 28 210
30 65 44 55 3 10 0 0.63 0.0 0 5.8 21 40 M M 5 1 27 40
31 56 39 48 -4 17 0 0.00 0.0 0 3.6 10 150 M M 6 15 70
================================================================================
SM 2242 1526 149 28 6.43 0.0 113.1 M 128
================================================================================
AV 72.3 49.2 3.6 FASTST M M 4 MAX(MPH)
MISC ----> 22 200 28 210
================================================================================
NOTES:
# LAST OF SEVERAL OCCURRENCES
COLUMN 17 PEAK WIND IN M.P.H.
PRELIMINARY LOCAL CLIMATOLOGICAL DATA (WS FORM: F-6) , PAGE 2
STATION: LYNCHBURG VA
MONTH: OCTOBER
YEAR: 2020
LATITUDE: 37 19 N
LONGITUDE: 79 12 W
[TEMPERATURE DATA] [PRECIPITATION DATA] SYMBOLS USED IN COLUMN 16
AVERAGE MONTHLY: 60.8 TOTAL FOR MONTH: 6.43 1 = FOG OR MIST
DPTR FM NORMAL: 4.6 DPTR FM NORMAL: 3.32 2 = FOG REDUCING VISIBILITY
HIGHEST: 84 ON 21 GRTST 24HR 2.70 ON 29-30 TO 1/4 MILE OR LESS
LOWEST: 38 ON 18 3 = THUNDER
SNOW, ICE PELLETS, HAIL 4 = ICE PELLETS
TOTAL MONTH: 0.0 INCH 5 = HAIL
GRTST 24HR 0.0 6 = FREEZING RAIN OR DRIZZLE
GRTST DEPTH: 0 7 = DUSTSTORM OR SANDSTORM:
VSBY 1/2 MILE OR LESS
8 = SMOKE OR HAZE
[NO. OF DAYS WITH] [WEATHER - DAYS WITH] 9 = BLOWING SNOW
X = TORNADO
MAX 32 OR BELOW: 0 0.01 INCH OR MORE: 9
MAX 90 OR ABOVE: 0 0.10 INCH OR MORE: 6
MIN 32 OR BELOW: 0 0.50 INCH OR MORE: 4
MIN 0 OR BELOW: 0 1.00 INCH OR MORE: 3
[HDD (BASE 65) ]
TOTAL THIS MO. 149 CLEAR (SCALE 0-3) 15
DPTR FM NORMAL -137 PTCLDY (SCALE 4-7) 9
TOTAL FM JUL 1 211 CLOUDY (SCALE 8-10) 7
DPTR FM NORMAL -135
[CDD (BASE 65) ]
TOTAL THIS MO. 28
DPTR FM NORMAL 13 [PRESSURE DATA]
TOTAL FM JAN 1 1495 HIGHEST SLP 30.53 ON 31
DPTR FM NORMAL 464 LOWEST SLP 29.33 ON 29
[REMARKS]
#FINAL-10-20#